{"id":772261,"date":"2025-08-28T15:34:05","date_gmt":"2025-08-28T12:34:05","guid":{"rendered":"https:\/\/roveyayinevi.com.tr\/index.php\/urun\/karanlik-sarmal-3-kitap\/"},"modified":"2026-04-15T03:38:43","modified_gmt":"2026-04-15T00:38:43","slug":"karanlik-sarmal-3-kitap","status":"publish","type":"product","link":"https:\/\/roveyayinevi.com.tr\/index.php\/urun\/karanlik-sarmal-3-kitap\/","title":{"rendered":"Karanl\u0131k Sarmal (3. Kitap)"},"content":{"rendered":"<p>Karanl\u0131\u011f\u0131nda bir \u00e7atlak daha olu\u015ftu. Bir ba\u015fka \u0131\u015f\u0131k huzmesi daha bu \u00e7atlaktan i\u00e7eriye s\u0131z\u0131yordu \u015fimdi. \u015eafa\u011f\u0131n s\u00f6kmesine \u00e7ok az kalm\u0131\u015ft\u0131. G\u00fcn a\u011farmadan hemen evvel ortaya \u00e7\u0131kan ilk \u0131\u015f\u0131klar sar\u0131n\u0131n tonlar\u0131na sahipti ve Ulun, bundan daha g\u00fczel bir ton olamayaca\u011f\u0131n\u0131 d\u00fc\u015f\u00fcn\u00fcyordu. \u015eeytan ona Ulun ad\u0131n\u0131 vermi\u015fti. Kendisi ise Azrail ad\u0131n\u0131 se\u00e7mi\u015fti. \u00c7\u00fcnk\u00fc ya\u015fam de\u011fil, \u00f6l\u00fcmd\u00fc bildi\u011fi. Birilerinin k\u00f6lesi olsa da \u00f6l\u00fcm\u00fcn efendisi olmay\u0131 se\u00e7mi\u015fti. Ad\u0131 Azrail olan bu kara kalpli adam\u0131n y\u00fcre\u011fini kapt\u0131rd\u0131\u011f\u0131 kad\u0131n, sar\u0131 sa\u00e7l\u0131 bir periydi. Karanl\u0131\u011f\u0131n\u0131n \u0131\u015f\u0131\u011f\u0131\u2026 Onun Aurora Borealis\u2019i yol g\u00f6stermeye devam ediyor ve ayd\u0131nlatt\u0131\u011f\u0131 yolda kula\u011f\u0131na f\u0131s\u0131ld\u0131yordu. \u201cTu\u011fra&#8230; Senin ad\u0131n Tu\u011fra. Bu isme tutundu\u011fun s\u00fcrece her \u015feyin \u00fcstesinden geleceksin. Ve ben hep yan\u0131nda olaca\u011f\u0131m.\u201d Annesi ona Tu\u011fra ad\u0131n\u0131 vermi\u015fti. Dinen sa\u011fanak yerini dingin bir havaya b\u0131rakt\u0131. Aln\u0131 gen\u00e7 kad\u0131n\u0131n g\u00f6\u011fs\u00fcne yaslanm\u0131\u015f olan adam bo\u011fuk, tarazl\u0131 bir sesle f\u0131s\u0131ldad\u0131. Bu kez ona verilen ismi t\u00fcm kalbiyle o da se\u00e7erek kabul etti.  \u201cTu\u011fra,\u201d dedi. \u201cBenim ad\u0131m Tu\u011fra.\u201d      Aniden bast\u0131ran bir bahar ya\u011fmurunun ard\u0131ndan ortaya \u00e7\u0131kan taze toprak ve \u00e7imen kokusu havay\u0131 ku\u015fatm\u0131\u015ft\u0131 adeta. Yepyeni, taze bir g\u00fcn\u00fc m\u00fcjdeliyordu. <\/p>\n","protected":false},"excerpt":{"rendered":"<p>Karanl\u0131\u011f\u0131nda bir \u00e7atlak daha olu\u015ftu. Bir ba\u015fka \u0131\u015f\u0131k huzmesi daha bu \u00e7atlaktan i\u00e7eriye s\u0131z\u0131yordu \u015fimdi. \u015eafa\u011f\u0131n s\u00f6kmesine \u00e7ok az kalm\u0131\u015ft\u0131. G\u00fcn a\u011farmadan hemen evvel ortaya \u00e7\u0131kan<span class=\"excerpt-hellip\"> [\u2026]<\/span><\/p>\n","protected":false},"featured_media":0,"template":"","meta":{"_monsterinsights_skip_tracking":false,"_monsterinsights_sitenote_active":false,"_monsterinsights_sitenote_note":"","_monsterinsights_sitenote_category":0},"product_brand":[],"product_cat":[12291,12711],"product_tag":[],"class_list":{"0":"post-772261","1":"product","2":"type-product","3":"status-publish","5":"product_cat-edebiyat","6":"product_cat-roman-oyku","7":"pa_cilt-ciltsiz","8":"pa_tur-kitap","9":"pa_yayinevi-theseus-yayinevi","10":"pa_yazar-aslihan-doga","12":"first","13":"instock","14":"sale","15":"shipping-taxable","16":"purchasable","17":"product-type-simple"},"_links":{"self":[{"href":"https:\/\/roveyayinevi.com.tr\/index.php\/wp-json\/wp\/v2\/product\/772261","targetHints":{"allow":["GET"]}}],"collection":[{"href":"https:\/\/roveyayinevi.com.tr\/index.php\/wp-json\/wp\/v2\/product"}],"about":[{"href":"https:\/\/roveyayinevi.com.tr\/index.php\/wp-json\/wp\/v2\/types\/product"}],"wp:attachment":[{"href":"https:\/\/roveyayinevi.com.tr\/index.php\/wp-json\/wp\/v2\/media?parent=772261"}],"wp:term":[{"taxonomy":"product_brand","embeddable":true,"href":"https:\/\/roveyayinevi.com.tr\/index.php\/wp-json\/wp\/v2\/product_brand?post=772261"},{"taxonomy":"product_cat","embeddable":true,"href":"https:\/\/roveyayinevi.com.tr\/index.php\/wp-json\/wp\/v2\/product_cat?post=772261"},{"taxonomy":"product_tag","embeddable":true,"href":"https:\/\/roveyayinevi.com.tr\/index.php\/wp-json\/wp\/v2\/product_tag?post=772261"}],"curies":[{"name":"wp","href":"https:\/\/api.w.org\/{rel}","templated":true}]}}