{"id":772240,"date":"2025-08-28T15:33:18","date_gmt":"2025-08-28T12:33:18","guid":{"rendered":"https:\/\/roveyayinevi.com.tr\/index.php\/urun\/belki-2\/"},"modified":"2026-04-15T03:38:42","modified_gmt":"2026-04-15T00:38:42","slug":"belki-2","status":"publish","type":"product","link":"https:\/\/roveyayinevi.com.tr\/index.php\/urun\/belki-2\/","title":{"rendered":"Belki"},"content":{"rendered":"<p>Sema Soykan bu kez, direnci hi\u00e7 bitmeyen, vatan sevdal\u0131s\u0131 bir halk\u0131n destan\u0131n\u0131 y\u00fcceltmek i\u00e7in, cesaretle yaz\u0131yor.   Belki, K\u0131br\u0131s\u2019\u0131n 1958\u2019de fikren, 1963\u2019te kalemle, 1974\u2019teyse kanla yaz\u0131lan tarihini ustal\u0131kla resmediyor. Adada T\u00fcrklerin ya\u015fad\u0131\u011f\u0131 s\u0131k\u0131nt\u0131lar\u0131 iz b\u0131rakacak, nefes kesici bir romanla hat\u0131rlat\u0131yor.   Bu romanda, uzun ara\u015ft\u0131rmalarla ula\u015f\u0131lm\u0131\u015f, baz\u0131lar\u0131 unuttu\u011fumuz, baz\u0131lar\u0131ysa bizlerden saklanm\u0131\u015f ger\u00e7ekler var; K\u0131br\u0131s halk\u0131n\u0131n tarifsiz ac\u0131lar\u0131, ikiye b\u00f6l\u00fcnm\u00fc\u015f ge\u00e7mi\u015fleri, umutlar\u0131 ve ayakta kalabilme kudreti var; ac\u0131mas\u0131z sava\u015f\u0131n, kederli zorunlu g\u00f6\u00e7\u00fcn, i\u015fkencelerle dolu siyasi planlar\u0131n, gizli te\u015fkilatlar\u0131n ve halk isyan\u0131n\u0131n gurur ve g\u00f6zya\u015flar\u0131yla okuyaca\u011f\u0131n\u0131z destan\u0131 var. Ve elbette a\u015fklar var\u2026 Kimi imk\u00e2ns\u0131z, kimi zamans\u0131z, kimi plans\u0131z. \u0130ngiliz Sarah\u2019\u0131n, K\u0131br\u0131s T\u00fcrk\u00fc Sevgi\u2019nin ve anavatandan gelen m\u00fccahit Yi\u011fit\u2019in ku\u015faklar boyu, i\u00e7 i\u00e7e ge\u00e7en e\u015fsiz hik\u00e2yesi var.   \u201cSema Soykan\u2019\u0131n \u00f6nceki romanlar\u0131 Ke\u015fke, Ads\u0131z Roman, Kilit Ta\u015f\u0131 ve \u00d6teki \u015eeylerin Tarihi kitab\u0131n\u0131 okuyana kadar bildi\u011fimi sand\u0131\u011f\u0131m baz\u0131 \u015feylerin bilmedi\u011fim taraflar\u0131n\u0131 \u00f6\u011frendi\u011fimde nas\u0131l heyecanland\u0131msa, bir a\u015fk \u00f6yk\u00fcs\u00fcn\u00fcn yan\u0131 s\u0131ra K\u0131br\u0131s\u2019a dair titizlikle incelenmi\u015f tarihi ger\u00e7ekleri \u00f6\u011frendi\u011fim i\u00e7in de ayn\u0131 heyecan\u0131 duydum. \u00c7\u00fcnk\u00fc Soykan \u00f6yk\u00fclerini, okurlar\u0131na bir tarih\u00e7i dikkati ile ara\u015ft\u0131rd\u0131\u011f\u0131 ger\u00e7eklere dayand\u0131rarak sunar. Okurlar\u0131 roman okuman\u0131n tad\u0131n\u0131 ya\u015farken, \u00e7ok de\u011ferli bilgiler kazan\u0131r. Bir okur i\u00e7in de bir ta\u015fla iki ku\u015f vurmak, tam da buna denir bence. Belki\u2019yi sizlerin de ayn\u0131 heyecanla okuyaca\u011f\u0131n\u0131za eminim.\u201d Ay\u015fe Kulin   \u201cAkdeniz\u2019in incisi K\u0131br\u0131s\u2019\u0131n unutulan yak\u0131n tarihi, Sema Soykan\u2019\u0131n kaleminde yeniden hayat buluyor. Sema Soykan, temel haklar\u0131 elinden al\u0131nan, bask\u0131lanan ve ac\u0131mas\u0131zca katledilen K\u0131br\u0131sl\u0131 T\u00fcrklerin ac\u0131lar\u0131, \u00f6zlemleri ve umutlar\u0131yla harmanlanan b\u00fcy\u00fck direni\u015fini destanla\u015ft\u0131rm\u0131\u015f.\u201d Sinan Meydan <\/p>\n","protected":false},"excerpt":{"rendered":"<p>Sema Soykan bu kez, direnci hi\u00e7 bitmeyen, vatan sevdal\u0131s\u0131 bir halk\u0131n destan\u0131n\u0131 y\u00fcceltmek i\u00e7in, cesaretle yaz\u0131yor. Belki, K\u0131br\u0131s\u2019\u0131n 1958\u2019de fikren, 1963\u2019te kalemle, 1974\u2019teyse kanla yaz\u0131lan tarihini<span class=\"excerpt-hellip\"> [\u2026]<\/span><\/p>\n","protected":false},"featured_media":0,"template":"","meta":{"_monsterinsights_skip_tracking":false,"_monsterinsights_sitenote_active":false,"_monsterinsights_sitenote_note":"","_monsterinsights_sitenote_category":0},"product_brand":[],"product_cat":[12291,12745],"product_tag":[],"class_list":{"0":"post-772240","1":"product","2":"type-product","3":"status-publish","5":"product_cat-edebiyat","6":"product_cat-tarihi-roman","7":"pa_cilt-ciltsiz","8":"pa_tur-kitap","9":"pa_yayinevi-dogan-kitap","10":"pa_yazar-sema-soykan","12":"first","13":"instock","14":"sale","15":"shipping-taxable","16":"purchasable","17":"product-type-simple"},"_links":{"self":[{"href":"https:\/\/roveyayinevi.com.tr\/index.php\/wp-json\/wp\/v2\/product\/772240","targetHints":{"allow":["GET"]}}],"collection":[{"href":"https:\/\/roveyayinevi.com.tr\/index.php\/wp-json\/wp\/v2\/product"}],"about":[{"href":"https:\/\/roveyayinevi.com.tr\/index.php\/wp-json\/wp\/v2\/types\/product"}],"wp:attachment":[{"href":"https:\/\/roveyayinevi.com.tr\/index.php\/wp-json\/wp\/v2\/media?parent=772240"}],"wp:term":[{"taxonomy":"product_brand","embeddable":true,"href":"https:\/\/roveyayinevi.com.tr\/index.php\/wp-json\/wp\/v2\/product_brand?post=772240"},{"taxonomy":"product_cat","embeddable":true,"href":"https:\/\/roveyayinevi.com.tr\/index.php\/wp-json\/wp\/v2\/product_cat?post=772240"},{"taxonomy":"product_tag","embeddable":true,"href":"https:\/\/roveyayinevi.com.tr\/index.php\/wp-json\/wp\/v2\/product_tag?post=772240"}],"curies":[{"name":"wp","href":"https:\/\/api.w.org\/{rel}","templated":true}]}}