{"id":772235,"date":"2025-08-28T15:33:09","date_gmt":"2025-08-28T12:33:09","guid":{"rendered":"https:\/\/roveyayinevi.com.tr\/index.php\/urun\/isyan-ve-itaat-arasinda\/"},"modified":"2026-04-15T03:38:42","modified_gmt":"2026-04-15T00:38:42","slug":"isyan-ve-itaat-arasinda","status":"publish","type":"product","link":"https:\/\/roveyayinevi.com.tr\/index.php\/urun\/isyan-ve-itaat-arasinda\/","title":{"rendered":"\u0130syan ve \u0130taat Aras\u0131nda"},"content":{"rendered":"<p>\u0130syan ve \u0130taat Aras\u0131nda, Gezi Direni\u015fi\u2019nin g\u00f6rkemli eylem \u00e7e\u015fitlili\u011fi ve yarat\u0131c\u0131 repertuvar\u0131n\u0131n etkisinin ard\u0131ndan, 2013 sonras\u0131nda T\u00fcrkiye\u2019deki toplumsal hareketlere ili\u015fkin geni\u015f bir alan\u0131 tart\u0131\u015f\u0131yor. Hareketlerin hem tahayy\u00fcl g\u00fcc\u00fcn\u00fc hem d\u00f6n\u00fc\u015ft\u00fcr\u00fcc\u00fc potansiyellerini hem de siyasal etkilerini teorik olarak kavrama \u00e7abas\u0131n\u0131n yan\u0131nda saha ara\u015ft\u0131rmalar\u0131na dayanan makaleler arac\u0131l\u0131\u011f\u0131yla somut olgu ve aray\u0131\u015flara da \u0131\u015f\u0131k tutuyor. Helga Rittersberger-T\u0131l\u0131\u00e7\u2019\u0131n derledi\u011fi eser LGBT\u0130+, \u0130slami kimlik, vicdani ret, dayan\u0131\u015fma mutfaklar\u0131, mahalle m\u00fccadeleleri, sosyal medya, veganl\u0131k ve g\u00f6\u00e7menler ba\u015fl\u0131klar\u0131nda, Gezi Direni\u015fi sonras\u0131nda ivme kaybetmi\u015f g\u00f6r\u00fcnen toplumsal hareketleri; i\u00e7lerine do\u011fduklar\u0131 iktisadi siyasal ko\u015fullar\u0131n ba\u011flam\u0131n\u0131 g\u00f6zeterek inceliyor. T\u00fcrkiye\u2019nin \u00f6zellikle demokratik haklar bak\u0131m\u0131ndan b\u00fcy\u00fck bir gerileme i\u00e7inde oldu\u011fu bir d\u00f6nemde kolektif kimlik olu\u015fumlar\u0131n\u0131, \u00f6znele\u015fme s\u00fcre\u00e7lerini, toplumsal hareket potansiyellerini tart\u0131\u015fan \u0130syan ve \u0130taat Aras\u0131nda, okuyucuya, inceledi\u011fi alanlar\u0131n ve d\u00f6nemlerin \u00f6tesinde bir aray\u0131\u015f\u0131 da sunuyor. <\/p>\n","protected":false},"excerpt":{"rendered":"<p>\u0130syan ve \u0130taat Aras\u0131nda, Gezi Direni\u015fi\u2019nin g\u00f6rkemli eylem \u00e7e\u015fitlili\u011fi ve yarat\u0131c\u0131 repertuvar\u0131n\u0131n etkisinin ard\u0131ndan, 2013 sonras\u0131nda T\u00fcrkiye\u2019deki toplumsal hareketlere ili\u015fkin geni\u015f bir alan\u0131 tart\u0131\u015f\u0131yor. Hareketlerin hem<span class=\"excerpt-hellip\"> [\u2026]<\/span><\/p>\n","protected":false},"featured_media":0,"template":"","meta":{"_monsterinsights_skip_tracking":false,"_monsterinsights_sitenote_active":false,"_monsterinsights_sitenote_note":"","_monsterinsights_sitenote_category":0},"product_brand":[],"product_cat":[12351,12324],"product_tag":[],"class_list":{"0":"post-772235","1":"product","2":"type-product","3":"status-publish","5":"product_cat-siyaset-sosyolojisi","6":"product_cat-sosyoloji","7":"pa_cilt-ciltsiz","8":"pa_tur-kitap","9":"pa_yayinevi-ayrinti-yayinlari","10":"pa_yazar-kolektif","12":"first","13":"instock","14":"sale","15":"shipping-taxable","16":"purchasable","17":"product-type-simple"},"_links":{"self":[{"href":"https:\/\/roveyayinevi.com.tr\/index.php\/wp-json\/wp\/v2\/product\/772235","targetHints":{"allow":["GET"]}}],"collection":[{"href":"https:\/\/roveyayinevi.com.tr\/index.php\/wp-json\/wp\/v2\/product"}],"about":[{"href":"https:\/\/roveyayinevi.com.tr\/index.php\/wp-json\/wp\/v2\/types\/product"}],"wp:attachment":[{"href":"https:\/\/roveyayinevi.com.tr\/index.php\/wp-json\/wp\/v2\/media?parent=772235"}],"wp:term":[{"taxonomy":"product_brand","embeddable":true,"href":"https:\/\/roveyayinevi.com.tr\/index.php\/wp-json\/wp\/v2\/product_brand?post=772235"},{"taxonomy":"product_cat","embeddable":true,"href":"https:\/\/roveyayinevi.com.tr\/index.php\/wp-json\/wp\/v2\/product_cat?post=772235"},{"taxonomy":"product_tag","embeddable":true,"href":"https:\/\/roveyayinevi.com.tr\/index.php\/wp-json\/wp\/v2\/product_tag?post=772235"}],"curies":[{"name":"wp","href":"https:\/\/api.w.org\/{rel}","templated":true}]}}