{"id":772207,"date":"2025-08-28T15:32:04","date_gmt":"2025-08-28T12:32:04","guid":{"rendered":"https:\/\/roveyayinevi.com.tr\/index.php\/urun\/imtihanimla-aydinlanan-ruhum\/"},"modified":"2026-04-15T03:38:26","modified_gmt":"2026-04-15T00:38:26","slug":"imtihanimla-aydinlanan-ruhum","status":"publish","type":"product","link":"https:\/\/roveyayinevi.com.tr\/index.php\/urun\/imtihanimla-aydinlanan-ruhum\/","title":{"rendered":"\u0130mtihan\u0131mla Ayd\u0131nlanan Ruhum"},"content":{"rendered":"<p>Merhaba yolcu&#8230; Bu hayattan ge\u00e7erken nas\u0131l ge\u00e7mek istedi\u011fini iyi \u00f6\u011frenmeye \u00e7al\u0131\u015f. Her yeni bir an, yeni bir tecr\u00fcbe yolculu\u011fu demekse, o tecr\u00fcbelere kucak a\u00e7may\u0131 bilmemiz gerekmez mi sizce de? Bu hayattan ge\u00e7erken ya\u015fanm\u0131\u015fl\u0131klara ah edip su\u00e7lu aramak m\u0131 do\u011fru, yoksa zorluklar\u0131n her daim olaca\u011f\u0131n\u0131 bilerek, bunlarla nas\u0131l y\u00fcr\u00fcn\u00fcr\u00fc \u00f6\u011frenmek mi? Tevekk\u00fcl; b\u00fct\u00fcn d\u00fcnya bir araya gelip engellemeye \u00e7al\u0131\u015fsa bile Allah\u2019\u0131n senin i\u00e7in takdir etti\u011fi \u015feyin sana ula\u015faca\u011f\u0131na, b\u00fct\u00fcn d\u00fcnya bir araya gelip sana yard\u0131ma \u00e7al\u0131\u015fsa da Allah\u2019\u0131n senin i\u00e7in takdir etmedi\u011fi bir \u015feyin sana ula\u015fmayaca\u011f\u0131na \u0130NANMANDIR. (\u0130mam Gazali) <\/p>\n","protected":false},"excerpt":{"rendered":"<p>Merhaba yolcu&#8230; Bu hayattan ge\u00e7erken nas\u0131l ge\u00e7mek istedi\u011fini iyi \u00f6\u011frenmeye \u00e7al\u0131\u015f. Her yeni bir an, yeni bir tecr\u00fcbe yolculu\u011fu demekse, o tecr\u00fcbelere kucak a\u00e7may\u0131 bilmemiz gerekmez<span class=\"excerpt-hellip\"> [\u2026]<\/span><\/p>\n","protected":false},"featured_media":0,"template":"","meta":{"_monsterinsights_skip_tracking":false,"_monsterinsights_sitenote_active":false,"_monsterinsights_sitenote_note":"","_monsterinsights_sitenote_category":0},"product_brand":[],"product_cat":[14009,12291],"product_tag":[],"class_list":{"0":"post-772207","1":"product","2":"type-product","3":"status-publish","5":"product_cat-biyografi-otobiyografi-edebiyat","6":"product_cat-edebiyat","7":"pa_cilt-ciltsiz","8":"pa_tur-kitap","9":"pa_yayinevi-zet-yayinlari","10":"pa_yazar-hatice-seyma-ilcin","12":"first","13":"instock","14":"sale","15":"shipping-taxable","16":"purchasable","17":"product-type-simple"},"_links":{"self":[{"href":"https:\/\/roveyayinevi.com.tr\/index.php\/wp-json\/wp\/v2\/product\/772207","targetHints":{"allow":["GET"]}}],"collection":[{"href":"https:\/\/roveyayinevi.com.tr\/index.php\/wp-json\/wp\/v2\/product"}],"about":[{"href":"https:\/\/roveyayinevi.com.tr\/index.php\/wp-json\/wp\/v2\/types\/product"}],"wp:attachment":[{"href":"https:\/\/roveyayinevi.com.tr\/index.php\/wp-json\/wp\/v2\/media?parent=772207"}],"wp:term":[{"taxonomy":"product_brand","embeddable":true,"href":"https:\/\/roveyayinevi.com.tr\/index.php\/wp-json\/wp\/v2\/product_brand?post=772207"},{"taxonomy":"product_cat","embeddable":true,"href":"https:\/\/roveyayinevi.com.tr\/index.php\/wp-json\/wp\/v2\/product_cat?post=772207"},{"taxonomy":"product_tag","embeddable":true,"href":"https:\/\/roveyayinevi.com.tr\/index.php\/wp-json\/wp\/v2\/product_tag?post=772207"}],"curies":[{"name":"wp","href":"https:\/\/api.w.org\/{rel}","templated":true}]}}