{"id":772205,"date":"2025-08-28T15:32:01","date_gmt":"2025-08-28T12:32:01","guid":{"rendered":"https:\/\/roveyayinevi.com.tr\/index.php\/urun\/iktisat-ve-toplum-dergisi-175-sayi-19-martin-bedeli\/"},"modified":"2026-04-15T03:38:26","modified_gmt":"2026-04-15T00:38:26","slug":"iktisat-ve-toplum-dergisi-175-sayi-19-martin-bedeli","status":"publish","type":"product","link":"https:\/\/roveyayinevi.com.tr\/index.php\/urun\/iktisat-ve-toplum-dergisi-175-sayi-19-martin-bedeli\/","title":{"rendered":"\u0130ktisat ve Toplum Dergisi 175. Say\u0131 &#8211;  19 Mart\u2019\u0131n Bedeli"},"content":{"rendered":"<p>Bu say\u0131da: 19 Mart 2025 Operasyonu Sonras\u0131 T\u00fcrkiye Nur Keyder Yeni Siyasal Kat\u0131lma Dalgas\u0131 Ersin Kalayc\u0131og\u0306lu Refah ve B\u00f6l\u00fc\u015fme: \u0130deal adalet mi, yoksa pratik adalet mi? Is\u0327\u0131n \u00c7elebi, I\u0307smail Tufan \u0130klim Krizi \u0130le M\u00fccadele ve Demokrasi R. Funda Barbaros Orta Gelir Tuza\u011f\u0131n\u0131n Panzehiri Olarak Demokrasi Alp Bug\u0306dayc\u0131 Arjantin\u2019de Anarko-liberteryen Dezenflasyon Politikas\u0131, Paleo-liberteryenizm ve T\u00fcrkiye ile Kar\u015f\u0131la\u015ft\u0131rma Alpaslan Ak\u00e7orao\u011flu K\u00fcresel Ekonomi Politik ya da K\u00fcresel Politikan\u0131n Ekonomisi Ergun T\u00fcrkcan Yarat\u0131c\u0131 Emekle Sosyalizme Giderken Haluk Erg\u00fcven Fran\u00e7ois Arago (1786\u20131853): Bilimin ve Siyasetin Kesi\u015fimindeki \u00d6nc\u00fc Arda Tunca Yeni\u015fehir\u2019de Bir \u00d6\u011fle Vakti: Kimlik, S\u0131n\u0131f ve \u0130ktisad\u0131n Katmanl\u0131 Anlat\u0131s\u0131 G\u00fcl\u00e7in Elif Y\u00fccel<\/p>\n","protected":false},"excerpt":{"rendered":"<p>Bu say\u0131da: 19 Mart 2025 Operasyonu Sonras\u0131 T\u00fcrkiye Nur Keyder Yeni Siyasal Kat\u0131lma Dalgas\u0131 Ersin Kalayc\u0131og\u0306lu Refah ve B\u00f6l\u00fc\u015fme: \u0130deal adalet mi, yoksa pratik adalet mi?<span class=\"excerpt-hellip\"> [\u2026]<\/span><\/p>\n","protected":false},"featured_media":0,"template":"","meta":{"_monsterinsights_skip_tracking":false,"_monsterinsights_sitenote_active":false,"_monsterinsights_sitenote_note":"","_monsterinsights_sitenote_category":0},"product_brand":[],"product_cat":[13527],"product_tag":[],"class_list":{"0":"post-772205","1":"product","2":"type-product","3":"status-publish","5":"product_cat-sureli-yayinlar","6":"pa_cilt-ciltsiz","7":"pa_tur-kitap","8":"pa_yayinevi-efil-yayinevi-dergi","9":"pa_yazar-kolektif","11":"first","12":"instock","13":"sale","14":"shipping-taxable","15":"purchasable","16":"product-type-simple"},"_links":{"self":[{"href":"https:\/\/roveyayinevi.com.tr\/index.php\/wp-json\/wp\/v2\/product\/772205","targetHints":{"allow":["GET"]}}],"collection":[{"href":"https:\/\/roveyayinevi.com.tr\/index.php\/wp-json\/wp\/v2\/product"}],"about":[{"href":"https:\/\/roveyayinevi.com.tr\/index.php\/wp-json\/wp\/v2\/types\/product"}],"wp:attachment":[{"href":"https:\/\/roveyayinevi.com.tr\/index.php\/wp-json\/wp\/v2\/media?parent=772205"}],"wp:term":[{"taxonomy":"product_brand","embeddable":true,"href":"https:\/\/roveyayinevi.com.tr\/index.php\/wp-json\/wp\/v2\/product_brand?post=772205"},{"taxonomy":"product_cat","embeddable":true,"href":"https:\/\/roveyayinevi.com.tr\/index.php\/wp-json\/wp\/v2\/product_cat?post=772205"},{"taxonomy":"product_tag","embeddable":true,"href":"https:\/\/roveyayinevi.com.tr\/index.php\/wp-json\/wp\/v2\/product_tag?post=772205"}],"curies":[{"name":"wp","href":"https:\/\/api.w.org\/{rel}","templated":true}]}}

İktisat ve Toplum Dergisi 175. Sayı &#8211;  19 Mart’ın Bedeli

<p>Bu sayıda: 19 Mart 2025 Operasyonu Sonrası Türkiye Nur Keyder Yeni Siyasal Katılma Dalgası Ersin Kalaycıoğlu Refah ve Bölüşme: İdeal adalet mi, yoksa pratik adalet mi? Işın Çelebi, İsmail Tufan İklim Krizi İle Mücadele ve Demokrasi R. Funda Barbaros Orta Gelir Tuzağının Panzehiri Olarak Demokrasi Alp Buğdaycı Arjantin’de Anarko-liberteryen Dezenflasyon Politikası, Paleo-liberteryenizm ve Türkiye ile Karşılaştırma Alpaslan Akçoraoğlu Küresel Ekonomi Politik ya da Küresel Politikanın Ekonomisi Ergun Türkcan Yaratıcı Emekle Sosyalizme Giderken Haluk Ergüven François Arago (1786–1853): Bilimin ve Siyasetin Kesişimindeki Öncü Arda Tunca Yenişehir’de Bir Öğle Vakti: Kimlik, Sınıf ve İktisadın Katmanlı Anlatısı Gülçin Elif Yücel</p>

<p>Bu sayıda: 19 Mart 2025 Operasyonu Sonrası Türkiye Nur Keyder Yeni Siyasal Katılma Dalgası Ersin Kalaycıoğlu Refah ve Bölüşme: İdeal adalet mi, yoksa pratik adalet mi?<span class="excerpt-hellip"> […]</span></p>
