{"id":772192,"date":"2025-08-28T15:31:34","date_gmt":"2025-08-28T12:31:34","guid":{"rendered":"https:\/\/roveyayinevi.com.tr\/index.php\/urun\/mutlu-yillar-wanda-june\/"},"modified":"2026-04-15T03:38:26","modified_gmt":"2026-04-15T00:38:26","slug":"mutlu-yillar-wanda-june","status":"publish","type":"product","link":"https:\/\/roveyayinevi.com.tr\/index.php\/urun\/mutlu-yillar-wanda-june\/","title":{"rendered":"Mutlu Y\u0131llar Wanda June"},"content":{"rendered":"<p>KAP\u0130TAL\u0130ZM, M\u0130LL\u0130YET\u00c7\u0130L\u0130K, ERKEKL\u0130K VE AMER\u0130KAN K\u00dcLT\u00dcR\u00dc \u00dcZER\u0130NE. \u201cG\u00f6rd\u00fcn m\u00fc, silah\u0131 elinde tutan, herkese ne yapaca\u011f\u0131n\u0131 s\u00f6yler. Amerikan tarz\u0131 budur.\u201d Avlanmay\u0131 \u00e7ok seven, sava\u015fta y\u00fczlerce Nazi haklayan ve nihayetinde sekiz y\u0131ld\u0131r uzaklarda oldu\u011fu i\u00e7in \u00f6ld\u00fc\u011f\u00fc zannedilen Harold Ryan, bir g\u00fcn Amerika\u2019ya, evine d\u00f6ner. Yan\u0131nda, Nagasaki\u2019ye atom bombas\u0131 atma g\u00f6revini yerine getirmi\u015f mutsuz arkada\u015f\u0131 Looseleaf de vard\u0131r. Ama Harold\u2019\u0131n yoklu\u011funda i\u015fler de\u011fi\u015fmi\u015f, o bildik \u201ckahramanl\u0131k\u201d anlay\u0131\u015f\u0131n\u0131n yerinde yeller esmeye ba\u015flam\u0131\u015ft\u0131r. Vonnegut, ilk kez 1971 y\u0131l\u0131nda New York\u2019ta sahnelenen oyunu Mutlu Y\u0131llar Wanda June\u2019da Amerikan erkekli\u011fini buru\u015fturup kenara at\u0131yor. \u201cKurt Vonnegut, bence, y\u00fczy\u0131l\u0131m\u0131z\u0131n en m\u00fcth\u0130\u015f, en zapt ed\u0130lmez Amerikal\u0131 yazar\u0131d\u0131r.\u201dGeorge Saunders<\/p>\n","protected":false},"excerpt":{"rendered":"<p>KAP\u0130TAL\u0130ZM, M\u0130LL\u0130YET\u00c7\u0130L\u0130K, ERKEKL\u0130K VE AMER\u0130KAN K\u00dcLT\u00dcR\u00dc \u00dcZER\u0130NE. \u201cG\u00f6rd\u00fcn m\u00fc, silah\u0131 elinde tutan, herkese ne yapaca\u011f\u0131n\u0131 s\u00f6yler. Amerikan tarz\u0131 budur.\u201d Avlanmay\u0131 \u00e7ok seven, sava\u015fta y\u00fczlerce Nazi haklayan<span class=\"excerpt-hellip\"> [\u2026]<\/span><\/p>\n","protected":false},"featured_media":0,"template":"","meta":{"_monsterinsights_skip_tracking":false,"_monsterinsights_sitenote_active":false,"_monsterinsights_sitenote_note":"","_monsterinsights_sitenote_category":0},"product_brand":[],"product_cat":[12291,15566],"product_tag":[],"class_list":{"0":"post-772192","1":"product","2":"type-product","3":"status-publish","5":"product_cat-edebiyat","6":"product_cat-oyun","7":"pa_cilt-ciltsiz","8":"pa_tur-kitap","9":"pa_yayinevi-can-yayinlari","10":"pa_yazar-kurt-vonnegut","12":"first","13":"instock","14":"sale","15":"shipping-taxable","16":"purchasable","17":"product-type-simple"},"_links":{"self":[{"href":"https:\/\/roveyayinevi.com.tr\/index.php\/wp-json\/wp\/v2\/product\/772192","targetHints":{"allow":["GET"]}}],"collection":[{"href":"https:\/\/roveyayinevi.com.tr\/index.php\/wp-json\/wp\/v2\/product"}],"about":[{"href":"https:\/\/roveyayinevi.com.tr\/index.php\/wp-json\/wp\/v2\/types\/product"}],"wp:attachment":[{"href":"https:\/\/roveyayinevi.com.tr\/index.php\/wp-json\/wp\/v2\/media?parent=772192"}],"wp:term":[{"taxonomy":"product_brand","embeddable":true,"href":"https:\/\/roveyayinevi.com.tr\/index.php\/wp-json\/wp\/v2\/product_brand?post=772192"},{"taxonomy":"product_cat","embeddable":true,"href":"https:\/\/roveyayinevi.com.tr\/index.php\/wp-json\/wp\/v2\/product_cat?post=772192"},{"taxonomy":"product_tag","embeddable":true,"href":"https:\/\/roveyayinevi.com.tr\/index.php\/wp-json\/wp\/v2\/product_tag?post=772192"}],"curies":[{"name":"wp","href":"https:\/\/api.w.org\/{rel}","templated":true}]}}