{"id":772137,"date":"2025-08-28T15:29:40","date_gmt":"2025-08-28T12:29:40","guid":{"rendered":"https:\/\/roveyayinevi.com.tr\/index.php\/urun\/nickelodeon-blues-clues-you-my-first-library-board-book-block-12-book-set\/"},"modified":"2026-04-15T03:38:24","modified_gmt":"2026-04-15T00:38:24","slug":"nickelodeon-blues-clues-you-my-first-library-board-book-block-12-book-set","status":"publish","type":"product","link":"https:\/\/roveyayinevi.com.tr\/index.php\/urun\/nickelodeon-blues-clues-you-my-first-library-board-book-block-12-book-set\/","title":{"rendered":"Nickelodeon Blue&#8217;s Clues &amp; You!: My First Library Board Book Block 12-Book Set"},"content":{"rendered":"<p>\u0130ngilizce A\u00e7\u0131klama: Share hours of early learning fun with your little one! This take-along 12-book library features early learning concepts and stories with Blue, Josh, and friends. Packaged in a carrying case with a plastic handle for easy transport and storage, the 12 sturdy board books have &#8220;just-my-size pages&#8221; that are perfect for little hands. Concepts include shapes, colors, counting, animals, opposites, rhymes, and more.This Book Block Library is special because:Sharing books with your little one strengthens your bondSmall board books are durable and the perfect size for small childrenCarry case has a built-in handle for easy travelFeatures the amazing Blue and her friends Josh, Mr. Salt, Mrs. Pepper, Mailbox, Magena, Tickety Tock, and more!T\u00fcrk\u00e7e A\u00e7\u0131klama: &#8220;Nickelodeon Blue&#8217;s Clues &amp; You! Book Block Library&#8221;, 12 kitapl\u0131k \u0130ngilizce \u00e7ocuk kitab\u0131 seti, miniklere; \u015fekiller, renkler, say\u0131lar ve hayvanlar gibi temel kavramlar\u0131 e\u011flenceli bir \u015fekilde tan\u0131t\u0131yor. Mavi, Josh ve arkada\u015flar\u0131yla birlikte \u00f6\u011frenme keyfi sunan bu dayan\u0131kl\u0131 kitaplar, k\u00fc\u00e7\u00fck ellerin kavramas\u0131 i\u00e7in uygun boyutlarda. Ayr\u0131ca, ta\u015f\u0131ma \u00e7antas\u0131 sayesinde her yere kolayca g\u00f6t\u00fcr\u00fclebilir.<\/p>\n","protected":false},"excerpt":{"rendered":"<p>\u0130ngilizce A\u00e7\u0131klama: Share hours of early learning fun with your little one! This take-along 12-book library features early learning concepts and stories with Blue, Josh, and<span class=\"excerpt-hellip\"> [\u2026]<\/span><\/p>\n","protected":false},"featured_media":0,"template":"","meta":{"_monsterinsights_skip_tracking":false,"_monsterinsights_sitenote_active":false,"_monsterinsights_sitenote_note":"","_monsterinsights_sitenote_category":0},"product_brand":[],"product_cat":[12274,12518],"product_tag":[],"class_list":{"0":"post-772137","1":"product","2":"type-product","3":"status-publish","5":"product_cat-cocuk-ve-genclik-kitaplari","6":"product_cat-okul-oncesi-kitaplar","7":"pa_cilt-ciltli","8":"pa_tur-kitap","9":"pa_yayinevi-pi-kids","10":"pa_yazar-kolektif","12":"first","13":"instock","14":"sale","15":"shipping-taxable","16":"purchasable","17":"product-type-simple"},"_links":{"self":[{"href":"https:\/\/roveyayinevi.com.tr\/index.php\/wp-json\/wp\/v2\/product\/772137","targetHints":{"allow":["GET"]}}],"collection":[{"href":"https:\/\/roveyayinevi.com.tr\/index.php\/wp-json\/wp\/v2\/product"}],"about":[{"href":"https:\/\/roveyayinevi.com.tr\/index.php\/wp-json\/wp\/v2\/types\/product"}],"wp:attachment":[{"href":"https:\/\/roveyayinevi.com.tr\/index.php\/wp-json\/wp\/v2\/media?parent=772137"}],"wp:term":[{"taxonomy":"product_brand","embeddable":true,"href":"https:\/\/roveyayinevi.com.tr\/index.php\/wp-json\/wp\/v2\/product_brand?post=772137"},{"taxonomy":"product_cat","embeddable":true,"href":"https:\/\/roveyayinevi.com.tr\/index.php\/wp-json\/wp\/v2\/product_cat?post=772137"},{"taxonomy":"product_tag","embeddable":true,"href":"https:\/\/roveyayinevi.com.tr\/index.php\/wp-json\/wp\/v2\/product_tag?post=772137"}],"curies":[{"name":"wp","href":"https:\/\/api.w.org\/{rel}","templated":true}]}}