{"id":772114,"date":"2025-08-28T15:28:57","date_gmt":"2025-08-28T12:28:57","guid":{"rendered":"https:\/\/roveyayinevi.com.tr\/index.php\/urun\/the-most-beatiful-pieces-of-classical-music\/"},"modified":"2026-04-15T03:38:24","modified_gmt":"2026-04-15T00:38:24","slug":"the-most-beatiful-pieces-of-classical-music","status":"publish","type":"product","link":"https:\/\/roveyayinevi.com.tr\/index.php\/urun\/the-most-beatiful-pieces-of-classical-music\/","title":{"rendered":"The Most Beatiful Pieces of Classical Music"},"content":{"rendered":"<p>T\u00fcrk\u00e7e A\u00e7\u0131klama: Ba\u015far\u0131l\u0131 ka\u011f\u0131t kesme m\u00fczik kitab\u0131 serimize yeni eklenen bu kitap, a\u00e7\u0131l\u0131p kapat\u0131labilen entegre ses sekmeleri ve y\u00fcksek kaliteli m\u00fczik kay\u0131tlar\u0131 i\u00e7erir. Her bestecinin hayat\u0131 hakk\u0131nda ayr\u0131nt\u0131lar veren eri\u015filebilir metin ve her m\u00fczik par\u00e7as\u0131na e\u015flik eden \u00f6ne \u00e7\u0131kan m\u00fczik par\u00e7as\u0131. \u015eu eserlerden al\u0131nt\u0131lar i\u00e7erir: D\u00f6rt Mevsim, T\u00fcrk Mar\u015f\u0131, Be\u015finci Senfoni, Mavi Tuna, Macar Danslar\u0131 ve Clair de Lune.\u0130ngilizce A\u00e7\u0131klama: A new addition to our successful papercut music book series, this book features integrated sound tabs and high-quality musical recordings that can be turned on and off. Accessible text that gives details about the life of each composer and the featured piece of music accompanies each musical extract. Features extracts from: The Four Seasons, Turkish March, Fifth Symphony, The Blue Danube, Hungarian Dances and Clair de Lune.<\/p>\n","protected":false},"excerpt":{"rendered":"<p>T\u00fcrk\u00e7e A\u00e7\u0131klama: Ba\u015far\u0131l\u0131 ka\u011f\u0131t kesme m\u00fczik kitab\u0131 serimize yeni eklenen bu kitap, a\u00e7\u0131l\u0131p kapat\u0131labilen entegre ses sekmeleri ve y\u00fcksek kaliteli m\u00fczik kay\u0131tlar\u0131 i\u00e7erir. Her bestecinin hayat\u0131<span class=\"excerpt-hellip\"> [\u2026]<\/span><\/p>\n","protected":false},"featured_media":0,"template":"","meta":{"_monsterinsights_skip_tracking":false,"_monsterinsights_sitenote_active":false,"_monsterinsights_sitenote_note":"","_monsterinsights_sitenote_category":0},"product_brand":[],"product_cat":[12274,12649],"product_tag":[],"class_list":{"0":"post-772114","1":"product","2":"type-product","3":"status-publish","5":"product_cat-cocuk-ve-genclik-kitaplari","6":"product_cat-hobi-muzik","7":"pa_cilt-ciltli","8":"pa_tur-kitap","9":"pa_yayinevi-auzou-publishing","10":"pa_yazar-kolektif","12":"first","13":"instock","14":"sale","15":"shipping-taxable","16":"purchasable","17":"product-type-simple"},"_links":{"self":[{"href":"https:\/\/roveyayinevi.com.tr\/index.php\/wp-json\/wp\/v2\/product\/772114","targetHints":{"allow":["GET"]}}],"collection":[{"href":"https:\/\/roveyayinevi.com.tr\/index.php\/wp-json\/wp\/v2\/product"}],"about":[{"href":"https:\/\/roveyayinevi.com.tr\/index.php\/wp-json\/wp\/v2\/types\/product"}],"wp:attachment":[{"href":"https:\/\/roveyayinevi.com.tr\/index.php\/wp-json\/wp\/v2\/media?parent=772114"}],"wp:term":[{"taxonomy":"product_brand","embeddable":true,"href":"https:\/\/roveyayinevi.com.tr\/index.php\/wp-json\/wp\/v2\/product_brand?post=772114"},{"taxonomy":"product_cat","embeddable":true,"href":"https:\/\/roveyayinevi.com.tr\/index.php\/wp-json\/wp\/v2\/product_cat?post=772114"},{"taxonomy":"product_tag","embeddable":true,"href":"https:\/\/roveyayinevi.com.tr\/index.php\/wp-json\/wp\/v2\/product_tag?post=772114"}],"curies":[{"name":"wp","href":"https:\/\/api.w.org\/{rel}","templated":true}]}}