{"id":772113,"date":"2025-08-28T15:28:55","date_gmt":"2025-08-28T12:28:55","guid":{"rendered":"https:\/\/roveyayinevi.com.tr\/index.php\/urun\/paper-theatre-the-carnival-of-the-animals\/"},"modified":"2026-04-15T03:38:24","modified_gmt":"2026-04-15T00:38:24","slug":"paper-theatre-the-carnival-of-the-animals","status":"publish","type":"product","link":"https:\/\/roveyayinevi.com.tr\/index.php\/urun\/paper-theatre-the-carnival-of-the-animals\/","title":{"rendered":"Paper Theatre: The Carnival of the Animals"},"content":{"rendered":"<p>Zarif, kal\u0131pla kesilmi\u015f sayfalara ve alt\u0131 adet y\u00fcksek kaliteli m\u00fczik par\u00e7as\u0131na sahip muhte\u015fem bir hediye kitab\u0131.Hayvanlar bir karnavala davet edildi &#8211; ama ne giyecekler? Frans\u0131z besteci Camille Saint-Sa\u00ebns&#8217;in mizahi m\u00fczik s\u00fciti Hayvanlar\u0131n Karnaval\u0131&#8217;ndan alt\u0131 m\u00fczik par\u00e7as\u0131n\u0131 ke\u015ffedin. \u00c7ocuklar, hepsine ne\u015feli \u015fiirler ve zarif ka\u011f\u0131t kesme sahneler e\u015flik eden m\u00fczik par\u00e7alar\u0131ndan keyif alacaklar. \u015eiirler e\u011flenceli ve canland\u0131r\u0131c\u0131, her t\u00fcrl\u00fc hayvan\u0131 i\u00e7eriyor ve \u00e7ocuklar\u0131n kendi performanslar\u0131n\u0131 sergilemeleri i\u00e7in m\u00fckemmel bir ilham kayna\u011f\u0131.M\u00fczi\u011fi, okumay\u0131 ve k\u00fclt\u00fcr\u00fc kutlayan bir kitap olarak, \u00e7ocuklar\u0131n de\u011fer vermesi i\u00e7in ideal bir hediye. A gorgeous gift book with delicate, die-cut pages and six high-quality musical excerpts.The animals have been invited to a carnival \u2013 but what are they going to wear? Discover six pieces of music from the humorous musical suite The Carnival of the Animals, by French composer Camille Saint-Sa\u00ebns. Children will delight in the musical pieces \u2013 all of which are accompanied by light-hearted poems and exquisite papercut scenes. The poems are fun and uplifting, featuring all kinds of animals, and the perfect inspiration for children to put on their own performances.As a book that celebrates music, reading, and culture, this is an ideal gift for children to treasure. <\/p>\n","protected":false},"excerpt":{"rendered":"<p>Zarif, kal\u0131pla kesilmi\u015f sayfalara ve alt\u0131 adet y\u00fcksek kaliteli m\u00fczik par\u00e7as\u0131na sahip muhte\u015fem bir hediye kitab\u0131.Hayvanlar bir karnavala davet edildi &#8211; ama ne giyecekler? Frans\u0131z besteci<span class=\"excerpt-hellip\"> [\u2026]<\/span><\/p>\n","protected":false},"featured_media":0,"template":"","meta":{"_monsterinsights_skip_tracking":false,"_monsterinsights_sitenote_active":false,"_monsterinsights_sitenote_note":"","_monsterinsights_sitenote_category":0},"product_brand":[],"product_cat":[12274,15842],"product_tag":[],"class_list":{"0":"post-772113","1":"product","2":"type-product","3":"status-publish","5":"product_cat-cocuk-ve-genclik-kitaplari","6":"product_cat-egitici-kitaplar","7":"pa_cilt-ciltli","8":"pa_tur-kitap","9":"pa_yayinevi-auzou-publishing","10":"pa_yazar-kolektif","12":"first","13":"instock","14":"sale","15":"shipping-taxable","16":"purchasable","17":"product-type-simple"},"_links":{"self":[{"href":"https:\/\/roveyayinevi.com.tr\/index.php\/wp-json\/wp\/v2\/product\/772113","targetHints":{"allow":["GET"]}}],"collection":[{"href":"https:\/\/roveyayinevi.com.tr\/index.php\/wp-json\/wp\/v2\/product"}],"about":[{"href":"https:\/\/roveyayinevi.com.tr\/index.php\/wp-json\/wp\/v2\/types\/product"}],"wp:attachment":[{"href":"https:\/\/roveyayinevi.com.tr\/index.php\/wp-json\/wp\/v2\/media?parent=772113"}],"wp:term":[{"taxonomy":"product_brand","embeddable":true,"href":"https:\/\/roveyayinevi.com.tr\/index.php\/wp-json\/wp\/v2\/product_brand?post=772113"},{"taxonomy":"product_cat","embeddable":true,"href":"https:\/\/roveyayinevi.com.tr\/index.php\/wp-json\/wp\/v2\/product_cat?post=772113"},{"taxonomy":"product_tag","embeddable":true,"href":"https:\/\/roveyayinevi.com.tr\/index.php\/wp-json\/wp\/v2\/product_tag?post=772113"}],"curies":[{"name":"wp","href":"https:\/\/api.w.org\/{rel}","templated":true}]}}