{"id":772112,"date":"2025-08-28T15:28:52","date_gmt":"2025-08-28T12:28:52","guid":{"rendered":"https:\/\/roveyayinevi.com.tr\/index.php\/urun\/anne-ben-kelebek-oldum\/"},"modified":"2026-04-15T03:38:24","modified_gmt":"2026-04-15T00:38:24","slug":"anne-ben-kelebek-oldum","status":"publish","type":"product","link":"https:\/\/roveyayinevi.com.tr\/index.php\/urun\/anne-ben-kelebek-oldum\/","title":{"rendered":"Anne Ben Kelebek Oldum!"},"content":{"rendered":"<p>Kozas\u0131ndan \u00e7\u0131kmaya \u00e7al\u0131\u015fan t\u00fcm \u00e7ocuklar i\u00e7in&#8230;Esra Aylin Akal\u0131n&#8217;\u0131n kaleme ald\u0131\u011f\u0131 Anne, Ben Kelebek Oldum!, i\u00e7ine kapan\u0131k bir \u00e7ocu\u011fun kozas\u0131ndan \u00e7\u0131k\u0131p kelebe\u011fe d\u00f6n\u00fc\u015fme hik\u00e2yesini e\u011flenceli bir yaz kamp\u0131 maceras\u0131 e\u015fli\u011finde anlat\u0131yor.Mutlak \u00f6zg\u00fcrl\u00fc\u011f\u00fc sanal d\u00fcnyada arayan g\u00fcn\u00fcm\u00fcz \u00e7ocuklar\u0131na ger\u00e7ek d\u00fcnyan\u0131n hi\u00e7 de sand\u0131klar\u0131 kadar s\u0131n\u0131rlay\u0131c\u0131 olmad\u0131\u011f\u0131n\u0131 g\u00f6steren roman, \u00f6z g\u00fcven kazanman\u0131n kendini ke\u015ffetmekten ge\u00e7ti\u011fini hat\u0131rlat\u0131yor.G\u00f6nl\u00fcnce e\u011flenip istedi\u011fi her \u015feyi yapabilece\u011fi bir tatil d\u00fc\u015fleyen \u0130pek, ailesinin zoruyla Yedi Y\u0131ld\u0131z Kamp\u0131na yaz\u0131l\u0131r. B\u00f6rt\u00fc b\u00f6ce\u011fin cirit att\u0131\u011f\u0131 bir ortamda, hi\u00e7 tan\u0131mad\u0131\u011f\u0131 \u00e7ocuklarla on g\u00fcn ge\u00e7irmek zorundad\u0131r. \u00dcstelik telefonu ve tableti olmadan! \u0130pek&#8217;i zorlu bir m\u00fccadele bekliyordur. Hele ki kamp\u0131n gediklisi \u015eemra ve arkada\u015flar\u0131 t\u00fcrl\u00fc zorbal\u0131klarla, kamp\u0131n m\u00fcd\u00fcr\u00fc ise ak\u0131l almaz cezalarla \u0130pek&#8217;in huzurunu ka\u00e7\u0131rmaya bir hayli kararl\u0131yken. Neyse ki ahtapot kollar\u0131yla onu sar\u0131p sarmalayan Cansu, k\u0131vrak fikirleriyle yol g\u00f6steren Latif ve gizli dostu sevimli sincap \u00c7\u0131t\u0131r vard\u0131r.Do\u011fayla b\u00fct\u00fcnle\u015fmenin de\u011fi\u015ftirici ve d\u00f6n\u00fc\u015ft\u00fcr\u00fcc\u00fc g\u00fcc\u00fcne tan\u0131kl\u0131k ettiren bu s\u00fcr\u00fckleyici roman, ekran ba\u015f\u0131ndan ayr\u0131lamayan \u00e7ocuklar\u0131 cesaretlerini toplamaya ve kozalar\u0131ndan \u00e7\u0131kmaya \u00e7a\u011f\u0131r\u0131yor. Bu kitab\u0131 okuyanlar\u0131 neler bekliyor?* Dayan\u0131\u015fman\u0131n, ekip ruhunun ve tak\u0131m \u00e7al\u0131\u015fmas\u0131n\u0131n problem \u00e7\u00f6zmedeki \u00f6nemini fark ettiriyor.  * Dijital d\u00fcnyan\u0131n ebeveyn-\u00e7ocuk ili\u015fkisi \u00fczerindeki yans\u0131malar\u0131 hakk\u0131nda d\u00fc\u015f\u00fcnd\u00fcr\u00fcyor.<\/p>\n","protected":false},"excerpt":{"rendered":"<p>Kozas\u0131ndan \u00e7\u0131kmaya \u00e7al\u0131\u015fan t\u00fcm \u00e7ocuklar i\u00e7in&#8230;Esra Aylin Akal\u0131n&#8217;\u0131n kaleme ald\u0131\u011f\u0131 Anne, Ben Kelebek Oldum!, i\u00e7ine kapan\u0131k bir \u00e7ocu\u011fun kozas\u0131ndan \u00e7\u0131k\u0131p kelebe\u011fe d\u00f6n\u00fc\u015fme hik\u00e2yesini e\u011flenceli bir yaz<span class=\"excerpt-hellip\"> [\u2026]<\/span><\/p>\n","protected":false},"featured_media":0,"template":"","meta":{"_monsterinsights_skip_tracking":false,"_monsterinsights_sitenote_active":false,"_monsterinsights_sitenote_note":"","_monsterinsights_sitenote_category":0},"product_brand":[],"product_cat":[12274,12284],"product_tag":[],"class_list":{"0":"post-772112","1":"product","2":"type-product","3":"status-publish","5":"product_cat-cocuk-ve-genclik-kitaplari","6":"product_cat-hikayeler","7":"pa_cilt-ciltsiz","8":"pa_tur-kitap","9":"pa_yayinevi-tudem-yayinlari","10":"pa_yazar-esra-aylin-akalin","12":"first","13":"instock","14":"sale","15":"shipping-taxable","16":"purchasable","17":"product-type-simple"},"_links":{"self":[{"href":"https:\/\/roveyayinevi.com.tr\/index.php\/wp-json\/wp\/v2\/product\/772112","targetHints":{"allow":["GET"]}}],"collection":[{"href":"https:\/\/roveyayinevi.com.tr\/index.php\/wp-json\/wp\/v2\/product"}],"about":[{"href":"https:\/\/roveyayinevi.com.tr\/index.php\/wp-json\/wp\/v2\/types\/product"}],"wp:attachment":[{"href":"https:\/\/roveyayinevi.com.tr\/index.php\/wp-json\/wp\/v2\/media?parent=772112"}],"wp:term":[{"taxonomy":"product_brand","embeddable":true,"href":"https:\/\/roveyayinevi.com.tr\/index.php\/wp-json\/wp\/v2\/product_brand?post=772112"},{"taxonomy":"product_cat","embeddable":true,"href":"https:\/\/roveyayinevi.com.tr\/index.php\/wp-json\/wp\/v2\/product_cat?post=772112"},{"taxonomy":"product_tag","embeddable":true,"href":"https:\/\/roveyayinevi.com.tr\/index.php\/wp-json\/wp\/v2\/product_tag?post=772112"}],"curies":[{"name":"wp","href":"https:\/\/api.w.org\/{rel}","templated":true}]}}