{"id":772090,"date":"2025-08-28T15:28:13","date_gmt":"2025-08-28T12:28:13","guid":{"rendered":"https:\/\/roveyayinevi.com.tr\/index.php\/urun\/the-most-beautiful-ballets\/"},"modified":"2026-04-15T03:38:23","modified_gmt":"2026-04-15T00:38:23","slug":"the-most-beautiful-ballets","status":"publish","type":"product","link":"https:\/\/roveyayinevi.com.tr\/index.php\/urun\/the-most-beautiful-ballets\/","title":{"rendered":"The Most Beautiful Ballets"},"content":{"rendered":"<p>T\u00fcrk\u00e7e A\u00e7\u0131klama: &#8220;Bale i\u00e7in yaz\u0131lm\u0131\u015f en g\u00fczel 6 m\u00fczik par\u00e7as\u0131n\u0131 temsil eden karma\u015f\u0131k ka\u011f\u0131t kesimlerinin yer ald\u0131\u011f\u0131 g\u00fczel bir kitap. Her m\u00fczik par\u00e7as\u0131n\u0131n ard\u0131ndaki hikaye, bestecilerin hayatlar\u0131 hakk\u0131nda heyecan verici ayr\u0131nt\u0131lar i\u00e7eriyor ve hassas 3D sahnelerle canland\u0131r\u0131l\u0131yor. \u015eunlar\u0131 i\u00e7eriyor: Ku\u011fu G\u00f6l\u00fc Coppelia Romeo ve Juliet Uyuyan G\u00fczel Don Ki\u015fot F\u0131nd\u0131kk\u0131ran Zaten m\u00fczi\u011fi seven veya g\u00fczel m\u00fczi\u011fi ve ona e\u015flik eden tarihi ve k\u00fclt\u00fcr\u00fc ke\u015ffetme konusunda biraz daha te\u015fvikten faydalanacak \u00e7ocuklar i\u00e7in m\u00fckemmel bir hediye. Her yerde incelikle entegre edilmi\u015f, y\u00fcksek kaliteli ses kayd\u0131yla.&#8221; \u0130ngilizce A\u00e7\u0131klama: &#8220;A beautiful book featuring intricate papercuts representing 6 of the most beautiful pieces of music written for ballet. The story behind each piece of music includes exciting details about the composers lives and is brought to life by the delicate 3D scenes. Featuring: Swan Lake Coppelia Romeo and Juliet Sleeping Beauty Don Quixote The Nutcracker A perfect gift for children who already love music or who will benefit from some extra encouragement discovering beautiful music and the history and culture that accompanies it. With subtly integrated, high-quality sound recording throughout.&#8221;<\/p>\n","protected":false},"excerpt":{"rendered":"<p>T\u00fcrk\u00e7e A\u00e7\u0131klama: &#8220;Bale i\u00e7in yaz\u0131lm\u0131\u015f en g\u00fczel 6 m\u00fczik par\u00e7as\u0131n\u0131 temsil eden karma\u015f\u0131k ka\u011f\u0131t kesimlerinin yer ald\u0131\u011f\u0131 g\u00fczel bir kitap. Her m\u00fczik par\u00e7as\u0131n\u0131n ard\u0131ndaki hikaye, bestecilerin<span class=\"excerpt-hellip\"> [\u2026]<\/span><\/p>\n","protected":false},"featured_media":0,"template":"","meta":{"_monsterinsights_skip_tracking":false,"_monsterinsights_sitenote_active":false,"_monsterinsights_sitenote_note":"","_monsterinsights_sitenote_category":0},"product_brand":[],"product_cat":[12472],"product_tag":[],"class_list":{"0":"post-772090","1":"product","2":"type-product","3":"status-publish","5":"product_cat-yabanci-dilde-kitaplar","6":"pa_cilt-ciltli","7":"pa_tur-kitap","8":"pa_yayinevi-auzou-publishing","9":"pa_yazar-elodie-fondacci","11":"first","12":"instock","13":"sale","14":"shipping-taxable","15":"purchasable","16":"product-type-simple"},"_links":{"self":[{"href":"https:\/\/roveyayinevi.com.tr\/index.php\/wp-json\/wp\/v2\/product\/772090","targetHints":{"allow":["GET"]}}],"collection":[{"href":"https:\/\/roveyayinevi.com.tr\/index.php\/wp-json\/wp\/v2\/product"}],"about":[{"href":"https:\/\/roveyayinevi.com.tr\/index.php\/wp-json\/wp\/v2\/types\/product"}],"wp:attachment":[{"href":"https:\/\/roveyayinevi.com.tr\/index.php\/wp-json\/wp\/v2\/media?parent=772090"}],"wp:term":[{"taxonomy":"product_brand","embeddable":true,"href":"https:\/\/roveyayinevi.com.tr\/index.php\/wp-json\/wp\/v2\/product_brand?post=772090"},{"taxonomy":"product_cat","embeddable":true,"href":"https:\/\/roveyayinevi.com.tr\/index.php\/wp-json\/wp\/v2\/product_cat?post=772090"},{"taxonomy":"product_tag","embeddable":true,"href":"https:\/\/roveyayinevi.com.tr\/index.php\/wp-json\/wp\/v2\/product_tag?post=772090"}],"curies":[{"name":"wp","href":"https:\/\/api.w.org\/{rel}","templated":true}]}}