{"id":772082,"date":"2025-08-28T15:27:59","date_gmt":"2025-08-28T12:27:59","guid":{"rendered":"https:\/\/roveyayinevi.com.tr\/index.php\/urun\/muzik-defteri-sayi-3\/"},"modified":"2026-04-15T03:38:23","modified_gmt":"2026-04-15T00:38:23","slug":"muzik-defteri-sayi-3","status":"publish","type":"product","link":"https:\/\/roveyayinevi.com.tr\/index.php\/urun\/muzik-defteri-sayi-3\/","title":{"rendered":"M\u00fczik Defteri (Say\u0131 3)"},"content":{"rendered":"<p>U\u011fur Ekren Edit\u00f6r\u00fcn Sunu\u015fu   Hale Tetik Wagner ve Schopenhauer\u2019de A\u015fk ve Kad\u0131nlar   \u00d6yk\u00fc Yan\u0131k Richard Wagner\u2019in M\u00fczi\u011findeki Leitmotiv Kavram\u0131 \u00dczerine   U\u011fur Ekren Edebiyatta Richard Wagner: \u00c8mile Zola, Marcel Proust ve Thomas Mann   Nesrin Akan Nietzsche\u2019de Wagner Etkisine Bir Bak\u0131\u015f Nam\u0131k Sinan Turan Wagner\u2019de A\u015fk\u0131n \u0130mk\u00e2ns\u0131z H\u00e2li \u201cTristan ve Isolde\u201d   Hale Tetik- Cemre Kamac\u0131o\u011flu Wagner\u2019in Hayat\u0131 ve Eserleri \u00dczerine   Sedat Sonat Wagner Etkisi: Genel Bir Tablo Tasla\u011f\u0131   \u00d6yk\u00fc K\u0131l\u0131\u00e7 Wagner Kaynak\u00e7as\u0131<\/p>\n","protected":false},"excerpt":{"rendered":"<p>U\u011fur Ekren Edit\u00f6r\u00fcn Sunu\u015fu Hale Tetik Wagner ve Schopenhauer\u2019de A\u015fk ve Kad\u0131nlar \u00d6yk\u00fc Yan\u0131k Richard Wagner\u2019in M\u00fczi\u011findeki Leitmotiv Kavram\u0131 \u00dczerine U\u011fur Ekren Edebiyatta Richard Wagner: \u00c8mile<span class=\"excerpt-hellip\"> [\u2026]<\/span><\/p>\n","protected":false},"featured_media":0,"template":"","meta":{"_monsterinsights_skip_tracking":false,"_monsterinsights_sitenote_active":false,"_monsterinsights_sitenote_note":"","_monsterinsights_sitenote_category":0},"product_brand":[],"product_cat":[14591,14556],"product_tag":[],"class_list":{"0":"post-772082","1":"product","2":"type-product","3":"status-publish","5":"product_cat-genel-kavramlar-kuram-ve-tarihce","6":"product_cat-muzik","7":"pa_cilt-ciltsiz","8":"pa_tur-kitap","9":"pa_yayinevi-vakifbank-kultur-yayinlari","10":"pa_yazar-kolektif","12":"first","13":"instock","14":"sale","15":"shipping-taxable","16":"purchasable","17":"product-type-simple"},"_links":{"self":[{"href":"https:\/\/roveyayinevi.com.tr\/index.php\/wp-json\/wp\/v2\/product\/772082","targetHints":{"allow":["GET"]}}],"collection":[{"href":"https:\/\/roveyayinevi.com.tr\/index.php\/wp-json\/wp\/v2\/product"}],"about":[{"href":"https:\/\/roveyayinevi.com.tr\/index.php\/wp-json\/wp\/v2\/types\/product"}],"wp:attachment":[{"href":"https:\/\/roveyayinevi.com.tr\/index.php\/wp-json\/wp\/v2\/media?parent=772082"}],"wp:term":[{"taxonomy":"product_brand","embeddable":true,"href":"https:\/\/roveyayinevi.com.tr\/index.php\/wp-json\/wp\/v2\/product_brand?post=772082"},{"taxonomy":"product_cat","embeddable":true,"href":"https:\/\/roveyayinevi.com.tr\/index.php\/wp-json\/wp\/v2\/product_cat?post=772082"},{"taxonomy":"product_tag","embeddable":true,"href":"https:\/\/roveyayinevi.com.tr\/index.php\/wp-json\/wp\/v2\/product_tag?post=772082"}],"curies":[{"name":"wp","href":"https:\/\/api.w.org\/{rel}","templated":true}]}}