{"id":772060,"date":"2025-08-28T15:27:18","date_gmt":"2025-08-28T12:27:18","guid":{"rendered":"https:\/\/roveyayinevi.com.tr\/index.php\/urun\/my-first-music-book-my-first-ballet\/"},"modified":"2026-04-15T03:38:22","modified_gmt":"2026-04-15T00:38:22","slug":"my-first-music-book-my-first-ballet","status":"publish","type":"product","link":"https:\/\/roveyayinevi.com.tr\/index.php\/urun\/my-first-music-book-my-first-ballet\/","title":{"rendered":"My First Music Book: My First Ballet"},"content":{"rendered":"<p>T\u00fcrk\u00e7e A\u00e7\u0131klama: \u00c7ocu\u011funuzu bale d\u00fcnyas\u0131n\u0131n b\u00fcy\u00fcl\u00fc atmosferiyle tan\u0131\u015ft\u0131rmaya ne dersiniz? My First Ballets &#8211; Music Book, k\u00fc\u00e7\u00fck \u00e7ocuklar i\u00e7in klasik bale eserlerini ke\u015ffetmelerini sa\u011flayan e\u011flenceli ve e\u011fitici bir \u0130ngilizce \u00e7ocuk kitab\u0131. Her sayfada, \u00fcnl\u00fc bale performanslar\u0131 hakk\u0131nda basit bilgiler ve eserlerin en bilinen melodilerini dinlemek i\u00e7in etkile\u015fimli ses butonlar\u0131 bulunuyor. Renkli \u00e7izimler ve dayan\u0131kl\u0131 karton sayfalar, kitab\u0131 k\u00fc\u00e7\u00fck \u00e7ocuklar i\u00e7in hem kullan\u0131\u015fl\u0131 hem de ilgi \u00e7ekici hale getiriyor. \u00d6ne \u00c7\u0131kan \u00d6zellikler: \u00dcnl\u00fc bale eserleri hakk\u0131nda basit ve e\u011fitici bilgiler. Her bale i\u00e7in sesli butonlar ve klasik m\u00fczik melodileri. K\u00fc\u00e7\u00fck \u00e7ocuklar i\u00e7in dayan\u0131kl\u0131 karton sayfalar. Renkli ve b\u00fcy\u00fcleyici \u00e7izimler. \u00c7ocuklar\u0131n m\u00fczik kula\u011f\u0131n\u0131 ve sanat ilgisini geli\u015ftiren i\u00e7erik. My First Ballets &#8211; Music Book, \u00e7ocu\u011funuzun sanat ve m\u00fczikle erken ya\u015fta tan\u0131\u015fmas\u0131n\u0131 sa\u011flayacak harika bir hediye se\u00e7ene\u011fi. Bale d\u00fcnyas\u0131n\u0131n sihrini ke\u015ffetmek i\u00e7in \u015fimdi harekete ge\u00e7in!\u0130ngilizce A\u00e7\u0131klama: How about getting to know the atmosphere of the games in the world of ballet? My First Ballets &#8211; Music Book is a fun and educational English children&#8217;s book that allows young children to discover classical ballet pieces. Each page contains simple information about famous ballet performances and interactive sound buttons to listen to the most famous melodies of the products. Colorful drawings and durable cardboard pages make the book both useful and interesting for young children. Featured features: Simple and educational information about famous ballet pieces. Sound buttons and classical music melodies for her ballet. Durable cardboard pages for young children. Colorful and fascinating drawing. Content that develops children&#8217;s musical ear and artistic interest. My First Ballets &#8211; Music Book is a great gift opportunity that will allow them to meet art and music early. Take action now to separate the Magic in the world of ballet!<\/p>\n","protected":false},"excerpt":{"rendered":"<p>T\u00fcrk\u00e7e A\u00e7\u0131klama: \u00c7ocu\u011funuzu bale d\u00fcnyas\u0131n\u0131n b\u00fcy\u00fcl\u00fc atmosferiyle tan\u0131\u015ft\u0131rmaya ne dersiniz? My First Ballets &#8211; Music Book, k\u00fc\u00e7\u00fck \u00e7ocuklar i\u00e7in klasik bale eserlerini ke\u015ffetmelerini sa\u011flayan e\u011flenceli ve<span class=\"excerpt-hellip\"> [\u2026]<\/span><\/p>\n","protected":false},"featured_media":0,"template":"","meta":{"_monsterinsights_skip_tracking":false,"_monsterinsights_sitenote_active":false,"_monsterinsights_sitenote_note":"","_monsterinsights_sitenote_category":0},"product_brand":[],"product_cat":[12274,12649],"product_tag":[],"class_list":{"0":"post-772060","1":"product","2":"type-product","3":"status-publish","5":"product_cat-cocuk-ve-genclik-kitaplari","6":"product_cat-hobi-muzik","7":"pa_cilt-ciltli","8":"pa_tur-kitap","9":"pa_yayinevi-auzou-publishing","10":"pa_yazar-christelle-galloux","12":"first","13":"instock","14":"sale","15":"shipping-taxable","16":"purchasable","17":"product-type-simple"},"_links":{"self":[{"href":"https:\/\/roveyayinevi.com.tr\/index.php\/wp-json\/wp\/v2\/product\/772060","targetHints":{"allow":["GET"]}}],"collection":[{"href":"https:\/\/roveyayinevi.com.tr\/index.php\/wp-json\/wp\/v2\/product"}],"about":[{"href":"https:\/\/roveyayinevi.com.tr\/index.php\/wp-json\/wp\/v2\/types\/product"}],"wp:attachment":[{"href":"https:\/\/roveyayinevi.com.tr\/index.php\/wp-json\/wp\/v2\/media?parent=772060"}],"wp:term":[{"taxonomy":"product_brand","embeddable":true,"href":"https:\/\/roveyayinevi.com.tr\/index.php\/wp-json\/wp\/v2\/product_brand?post=772060"},{"taxonomy":"product_cat","embeddable":true,"href":"https:\/\/roveyayinevi.com.tr\/index.php\/wp-json\/wp\/v2\/product_cat?post=772060"},{"taxonomy":"product_tag","embeddable":true,"href":"https:\/\/roveyayinevi.com.tr\/index.php\/wp-json\/wp\/v2\/product_tag?post=772060"}],"curies":[{"name":"wp","href":"https:\/\/api.w.org\/{rel}","templated":true}]}}