{"id":772049,"date":"2025-08-28T15:26:58","date_gmt":"2025-08-28T12:26:58","guid":{"rendered":"https:\/\/roveyayinevi.com.tr\/index.php\/urun\/noisy-hide-and-seek-whose-tails-is-that-2\/"},"modified":"2026-04-15T03:38:22","modified_gmt":"2026-04-15T00:38:22","slug":"noisy-hide-and-seek-whose-tails-is-that-2","status":"publish","type":"product","link":"https:\/\/roveyayinevi.com.tr\/index.php\/urun\/noisy-hide-and-seek-whose-tails-is-that-2\/","title":{"rendered":"Noisy Hide and Seek: Whose Tails is That?"},"content":{"rendered":"<p>Ne sakl\u0131yor? Hangi hayvan\u0131n sakland\u0131\u011f\u0131n\u0131 tahmin edin, sonra hayvanla tan\u0131\u015fmak i\u00e7in boynuzlar\u0131n\u0131 \u00e7ekin ve hangi sesi \u00e7\u0131kard\u0131klar\u0131n\u0131 duyun! Bebekler ve y\u00fcr\u00fcmeye ba\u015flayan \u00e7ocuklar, \u00e7ok k\u00fc\u00e7\u00fckler i\u00e7in olan bu b\u00fcy\u00fcleyici sesli kitap serisini ke\u015ffederken farkl\u0131 sesleri ve hayvanlar\u0131 ke\u015ffetmekten keyif alacaklar. Basit, tekrarlayan metin, bebeklerin kitaplarla tan\u0131\u015fmas\u0131na yard\u0131mc\u0131 olurken, ses sekmeleri e\u011flenceli bir etkile\u015fim sa\u011flar ve duyusal geli\u015fime yard\u0131mc\u0131 olur. Oyun yoluyla okumaya tatl\u0131 bir giri\u015f. What\u2019s that hiding? Guess which animal is hiding, then pulls the horns to meet the animal and hear what sound they make! Babies and toddlers will delight in discovering different sounds and animals as they explore this charming sound book series for the very young. Simple, repetitive text will help familiarise babies with books whilst the sound tabs provide playful interaction and aid sensory development. A sweet introduction to reading through play.<\/p>\n","protected":false},"excerpt":{"rendered":"<p>Ne sakl\u0131yor? Hangi hayvan\u0131n sakland\u0131\u011f\u0131n\u0131 tahmin edin, sonra hayvanla tan\u0131\u015fmak i\u00e7in boynuzlar\u0131n\u0131 \u00e7ekin ve hangi sesi \u00e7\u0131kard\u0131klar\u0131n\u0131 duyun! Bebekler ve y\u00fcr\u00fcmeye ba\u015flayan \u00e7ocuklar, \u00e7ok k\u00fc\u00e7\u00fckler i\u00e7in<span class=\"excerpt-hellip\"> [\u2026]<\/span><\/p>\n","protected":false},"featured_media":0,"template":"","meta":{"_monsterinsights_skip_tracking":false,"_monsterinsights_sitenote_active":false,"_monsterinsights_sitenote_note":"","_monsterinsights_sitenote_category":0},"product_brand":[],"product_cat":[12274,15842],"product_tag":[],"class_list":{"0":"post-772049","1":"product","2":"type-product","3":"status-publish","5":"product_cat-cocuk-ve-genclik-kitaplari","6":"product_cat-egitici-kitaplar","7":"pa_cilt-ciltli","8":"pa_tur-kitap","9":"pa_yayinevi-auzou-publishing","10":"pa_yazar-carlo-beranek","12":"first","13":"instock","14":"sale","15":"shipping-taxable","16":"purchasable","17":"product-type-simple"},"_links":{"self":[{"href":"https:\/\/roveyayinevi.com.tr\/index.php\/wp-json\/wp\/v2\/product\/772049","targetHints":{"allow":["GET"]}}],"collection":[{"href":"https:\/\/roveyayinevi.com.tr\/index.php\/wp-json\/wp\/v2\/product"}],"about":[{"href":"https:\/\/roveyayinevi.com.tr\/index.php\/wp-json\/wp\/v2\/types\/product"}],"wp:attachment":[{"href":"https:\/\/roveyayinevi.com.tr\/index.php\/wp-json\/wp\/v2\/media?parent=772049"}],"wp:term":[{"taxonomy":"product_brand","embeddable":true,"href":"https:\/\/roveyayinevi.com.tr\/index.php\/wp-json\/wp\/v2\/product_brand?post=772049"},{"taxonomy":"product_cat","embeddable":true,"href":"https:\/\/roveyayinevi.com.tr\/index.php\/wp-json\/wp\/v2\/product_cat?post=772049"},{"taxonomy":"product_tag","embeddable":true,"href":"https:\/\/roveyayinevi.com.tr\/index.php\/wp-json\/wp\/v2\/product_tag?post=772049"}],"curies":[{"name":"wp","href":"https:\/\/api.w.org\/{rel}","templated":true}]}}