{"id":772025,"date":"2025-08-28T15:25:59","date_gmt":"2025-08-28T12:25:59","guid":{"rendered":"https:\/\/roveyayinevi.com.tr\/index.php\/urun\/ejderha-yumurtasi\/"},"modified":"2026-04-15T03:38:21","modified_gmt":"2026-04-15T00:38:21","slug":"ejderha-yumurtasi","status":"publish","type":"product","link":"https:\/\/roveyayinevi.com.tr\/index.php\/urun\/ejderha-yumurtasi\/","title":{"rendered":"Ejderha Yumurtas\u0131"},"content":{"rendered":"<p>Baz\u0131 s\u0131rlar, yaln\u0131zca g\u00f6ky\u00fcz\u00fcnden gelen bir \u00e7atlakla ba\u015flar&#8230; On iki ya\u015f\u0131ndaki Arda, k\u00f6y\u00fcn d\u0131\u015f\u0131nda yapt\u0131\u011f\u0131 s\u0131radan bir y\u00fcr\u00fcy\u00fc\u015f s\u0131ras\u0131nda topra\u011f\u0131n alt\u0131ndan gelen gizemli bir sesi takip eder ve hayat\u0131 tamamen de\u011fi\u015fir. Buldu\u011fu parlayan yumurta, yaln\u0131zca bir ta\u015f de\u011fildir; bir ejderhan\u0131n kalbini ta\u015f\u0131maktad\u0131r. Zeynep\u2019le birlikte bu s\u0131rr\u0131 korumaya \u00e7al\u0131\u015fan Arda, \u00e7ok ge\u00e7meden pe\u015flerinde karanl\u0131k niyetli insanlar\u0131n oldu\u011funu fark eder. Ama bu, sadece bir ka\u00e7\u0131\u015f de\u011fil; kadim bir ba\u011f\u0131n yeniden do\u011fu\u015fudur. Lira ad\u0131n\u0131 verdikleri ejderha, onlara yaln\u0131zca dostlu\u011fu de\u011fil; cesareti, fedak\u00e2rl\u0131\u011f\u0131 ve \u00f6zg\u00fcrl\u00fc\u011f\u00fc de \u00f6\u011fretir. Ejderha Yumurtas\u0131, dostluk, s\u0131rlar ve b\u00fcy\u00fcme \u00fczerine kurulu fantastik bir yolculuk. Hayal g\u00fcc\u00fcne kanat a\u00e7an, y\u00fcre\u011fe dokunan unutulmaz bir hik\u00e2ye\u2026 <\/p>\n","protected":false},"excerpt":{"rendered":"<p>Baz\u0131 s\u0131rlar, yaln\u0131zca g\u00f6ky\u00fcz\u00fcnden gelen bir \u00e7atlakla ba\u015flar&#8230; On iki ya\u015f\u0131ndaki Arda, k\u00f6y\u00fcn d\u0131\u015f\u0131nda yapt\u0131\u011f\u0131 s\u0131radan bir y\u00fcr\u00fcy\u00fc\u015f s\u0131ras\u0131nda topra\u011f\u0131n alt\u0131ndan gelen gizemli bir sesi takip<span class=\"excerpt-hellip\"> [\u2026]<\/span><\/p>\n","protected":false},"featured_media":0,"template":"","meta":{"_monsterinsights_skip_tracking":false,"_monsterinsights_sitenote_active":false,"_monsterinsights_sitenote_note":"","_monsterinsights_sitenote_category":0},"product_brand":[],"product_cat":[12274,12284],"product_tag":[],"class_list":{"0":"post-772025","1":"product","2":"type-product","3":"status-publish","5":"product_cat-cocuk-ve-genclik-kitaplari","6":"product_cat-hikayeler","7":"pa_cilt-ciltsiz","8":"pa_tur-kitap","9":"pa_yayinevi-ugi-cocuk","10":"pa_yazar-cem-sahin","12":"first","13":"instock","14":"sale","15":"shipping-taxable","16":"purchasable","17":"product-type-simple"},"_links":{"self":[{"href":"https:\/\/roveyayinevi.com.tr\/index.php\/wp-json\/wp\/v2\/product\/772025","targetHints":{"allow":["GET"]}}],"collection":[{"href":"https:\/\/roveyayinevi.com.tr\/index.php\/wp-json\/wp\/v2\/product"}],"about":[{"href":"https:\/\/roveyayinevi.com.tr\/index.php\/wp-json\/wp\/v2\/types\/product"}],"wp:attachment":[{"href":"https:\/\/roveyayinevi.com.tr\/index.php\/wp-json\/wp\/v2\/media?parent=772025"}],"wp:term":[{"taxonomy":"product_brand","embeddable":true,"href":"https:\/\/roveyayinevi.com.tr\/index.php\/wp-json\/wp\/v2\/product_brand?post=772025"},{"taxonomy":"product_cat","embeddable":true,"href":"https:\/\/roveyayinevi.com.tr\/index.php\/wp-json\/wp\/v2\/product_cat?post=772025"},{"taxonomy":"product_tag","embeddable":true,"href":"https:\/\/roveyayinevi.com.tr\/index.php\/wp-json\/wp\/v2\/product_tag?post=772025"}],"curies":[{"name":"wp","href":"https:\/\/api.w.org\/{rel}","templated":true}]}}