{"id":772010,"date":"2025-08-28T15:25:32","date_gmt":"2025-08-28T12:25:32","guid":{"rendered":"https:\/\/roveyayinevi.com.tr\/index.php\/urun\/gerceklikle-muzakere\/"},"modified":"2026-04-15T03:38:21","modified_gmt":"2026-04-15T00:38:21","slug":"gerceklikle-muzakere","status":"publish","type":"product","link":"https:\/\/roveyayinevi.com.tr\/index.php\/urun\/gerceklikle-muzakere\/","title":{"rendered":"Ger\u00e7eklikle M\u00fczakere"},"content":{"rendered":"<p>Keskin g\u00f6zlemleri ve mizah dolu anlat\u0131m\u0131yla Erlend Loe bu kez elli ya\u015f\u0131nda merak sald\u0131\u011f\u0131 tektekerlekli bisiklet \u00fczerinde bir yolculu\u011fa \u00e7a\u011f\u0131r\u0131yor okuru.   Tektekerle tan\u0131\u015fmas\u0131, ormanda s\u00fcrd\u00fc\u011f\u00fc ilk d\u00f6nemi, ilk kez trafi\u011fe \u00e7\u0131k\u0131\u015f\u0131 ve bir y\u0131l\u0131 tekteker \u00fczerinde ge\u00e7irme tecr\u00fcbesi, t\u00fcm bunlar aras\u0131nda da ger\u00e7eklikle m\u00fczakeresi. \u0130nsan\u0131n kendi s\u0131n\u0131rlar\u0131n\u0131 anlay\u0131p severek yenilikleri ke\u015ffetme \u00e7abas\u0131na d\u00f6n\u00fck, t\u0131pk\u0131 bisiklete bindi\u011finizde y\u00fcz\u00fcn\u00fcze esen hafif r\u00fczg\u00e2r gibi mutluluk veren bir kitap Ger\u00e7eklikle M\u00fczakere &#8211; Tekteker \u00dczerinde Bir Y\u0131l.   \u0130lkin d\u00f6rt tekerlek \u00fczerindeydim. Sonra \u00fc\u00e7. Daha sonra uzun s\u00fcre iki. \u015eimdi de tek. Azalarak ilerleme s\u00f6z konusu. Bu gidi\u015fle, birka\u00e7 y\u0131la tekerleksiz kalaca\u011f\u0131m. Ve ya\u015fam\u0131m boyunca \u00fczerinde bisiklet kullanmay\u0131 sevdi\u011fim topra\u011fa d\u00f6n\u00fc\u015fece\u011fim.   &#8230; tektekere bindi\u011fimde hi\u00e7 cesaret edebilece\u011fimi d\u00fc\u015f\u00fcnmedi\u011fim \u015feylere cesaret etti\u011fimi g\u00f6r\u00fcnce keyfim yerine geliyor. \u00c7ekingen davrand\u0131\u011f\u0131mda, k\u00fc\u00e7\u00fck t\u00fcmsekleri, ta\u015flar\u0131 ya da k\u00f6kleri \u00e7ok nadiren a\u015fabiliyorum. Aksi \u015fekilde, \u00fczerine gidersem i\u015fler \u015fa\u015f\u0131rt\u0131c\u0131 bir \u015fekilde iyi gidiyor. <\/p>\n","protected":false},"excerpt":{"rendered":"<p>Keskin g\u00f6zlemleri ve mizah dolu anlat\u0131m\u0131yla Erlend Loe bu kez elli ya\u015f\u0131nda merak sald\u0131\u011f\u0131 tektekerlekli bisiklet \u00fczerinde bir yolculu\u011fa \u00e7a\u011f\u0131r\u0131yor okuru. Tektekerle tan\u0131\u015fmas\u0131, ormanda s\u00fcrd\u00fc\u011f\u00fc ilk<span class=\"excerpt-hellip\"> [\u2026]<\/span><\/p>\n","protected":false},"featured_media":0,"template":"","meta":{"_monsterinsights_skip_tracking":false,"_monsterinsights_sitenote_active":false,"_monsterinsights_sitenote_note":"","_monsterinsights_sitenote_category":0},"product_brand":[],"product_cat":[12777,12291],"product_tag":[],"class_list":{"0":"post-772010","1":"product","2":"type-product","3":"status-publish","5":"product_cat-deneme","6":"product_cat-edebiyat","7":"pa_cilt-ciltsiz","8":"pa_tur-kitap","9":"pa_yayinevi-yapi-kredi-yayinlari","10":"pa_yazar-erlend-loe","12":"first","13":"instock","14":"sale","15":"shipping-taxable","16":"purchasable","17":"product-type-simple"},"_links":{"self":[{"href":"https:\/\/roveyayinevi.com.tr\/index.php\/wp-json\/wp\/v2\/product\/772010","targetHints":{"allow":["GET"]}}],"collection":[{"href":"https:\/\/roveyayinevi.com.tr\/index.php\/wp-json\/wp\/v2\/product"}],"about":[{"href":"https:\/\/roveyayinevi.com.tr\/index.php\/wp-json\/wp\/v2\/types\/product"}],"wp:attachment":[{"href":"https:\/\/roveyayinevi.com.tr\/index.php\/wp-json\/wp\/v2\/media?parent=772010"}],"wp:term":[{"taxonomy":"product_brand","embeddable":true,"href":"https:\/\/roveyayinevi.com.tr\/index.php\/wp-json\/wp\/v2\/product_brand?post=772010"},{"taxonomy":"product_cat","embeddable":true,"href":"https:\/\/roveyayinevi.com.tr\/index.php\/wp-json\/wp\/v2\/product_cat?post=772010"},{"taxonomy":"product_tag","embeddable":true,"href":"https:\/\/roveyayinevi.com.tr\/index.php\/wp-json\/wp\/v2\/product_tag?post=772010"}],"curies":[{"name":"wp","href":"https:\/\/api.w.org\/{rel}","templated":true}]}}