{"id":771990,"date":"2025-08-28T15:24:49","date_gmt":"2025-08-28T12:24:49","guid":{"rendered":"https:\/\/roveyayinevi.com.tr\/index.php\/urun\/fire-force-alev-gucu-7-cilt\/"},"modified":"2026-04-15T03:38:20","modified_gmt":"2026-04-15T00:38:20","slug":"fire-force-alev-gucu-7-cilt","status":"publish","type":"product","link":"https:\/\/roveyayinevi.com.tr\/index.php\/urun\/fire-force-alev-gucu-7-cilt\/","title":{"rendered":"Fire Force Alev G\u00fcc\u00fc 7. Cilt"},"content":{"rendered":"<p>Alevli bir maceraya haz\u0131r m\u0131s\u0131n\u0131z?     8. Tak\u0131m kadrosunu doldurma zaman\u0131 geldi. Kaptan Obi, art\u0131k \u00e7ok \u015f\u00fcpheci bir bilim insan\u0131 Viktor Lich\u2019e sahip olduklar\u0131 i\u00e7in \u015einra, Arthur ve Ayris\u2019i bir m\u00fchendis bulmaya g\u00f6nderir. Vulkan ola\u011fan\u00fcst\u00fc yetenekli bir mekaniker olmas\u0131na ra\u011fmen Hajima End\u00fcstri ve Alev G\u00fcc\u00fc\u2019ne kar\u015f\u0131 besledi\u011fi derin nefreti, \u015einra ve tak\u0131m\u0131n\u0131n \u00f6n\u00fcnde zorlu bir engeldir. Bakal\u0131m Vulkan\u2019\u0131 tak\u0131mlar\u0131na kat\u0131lmaya ikna etme maceras\u0131nda hayatta kalabilecekler mi? <\/p>\n","protected":false},"excerpt":{"rendered":"<p>Alevli bir maceraya haz\u0131r m\u0131s\u0131n\u0131z? 8. Tak\u0131m kadrosunu doldurma zaman\u0131 geldi. Kaptan Obi, art\u0131k \u00e7ok \u015f\u00fcpheci bir bilim insan\u0131 Viktor Lich\u2019e sahip olduklar\u0131 i\u00e7in \u015einra, Arthur<span class=\"excerpt-hellip\"> [\u2026]<\/span><\/p>\n","protected":false},"featured_media":0,"template":"","meta":{"_monsterinsights_skip_tracking":false,"_monsterinsights_sitenote_active":false,"_monsterinsights_sitenote_note":"","_monsterinsights_sitenote_category":0},"product_brand":[],"product_cat":[12416,12291],"product_tag":[],"class_list":{"0":"post-771990","1":"product","2":"type-product","3":"status-publish","5":"product_cat-cizgi-roman","6":"product_cat-edebiyat","7":"pa_cilt-ciltsiz","8":"pa_tur-kitap","9":"pa_yayinevi-akil-celen-kitaplar","10":"pa_yazar-atsushi-ohkubo","12":"first","13":"instock","14":"sale","15":"shipping-taxable","16":"purchasable","17":"product-type-simple"},"_links":{"self":[{"href":"https:\/\/roveyayinevi.com.tr\/index.php\/wp-json\/wp\/v2\/product\/771990","targetHints":{"allow":["GET"]}}],"collection":[{"href":"https:\/\/roveyayinevi.com.tr\/index.php\/wp-json\/wp\/v2\/product"}],"about":[{"href":"https:\/\/roveyayinevi.com.tr\/index.php\/wp-json\/wp\/v2\/types\/product"}],"wp:attachment":[{"href":"https:\/\/roveyayinevi.com.tr\/index.php\/wp-json\/wp\/v2\/media?parent=771990"}],"wp:term":[{"taxonomy":"product_brand","embeddable":true,"href":"https:\/\/roveyayinevi.com.tr\/index.php\/wp-json\/wp\/v2\/product_brand?post=771990"},{"taxonomy":"product_cat","embeddable":true,"href":"https:\/\/roveyayinevi.com.tr\/index.php\/wp-json\/wp\/v2\/product_cat?post=771990"},{"taxonomy":"product_tag","embeddable":true,"href":"https:\/\/roveyayinevi.com.tr\/index.php\/wp-json\/wp\/v2\/product_tag?post=771990"}],"curies":[{"name":"wp","href":"https:\/\/api.w.org\/{rel}","templated":true}]}}