{"id":771935,"date":"2025-08-28T15:22:55","date_gmt":"2025-08-28T12:22:55","guid":{"rendered":"https:\/\/roveyayinevi.com.tr\/index.php\/urun\/iz-birakanlar-gonul-mimarlari-seti-5-kitap-takim\/"},"modified":"2026-04-15T03:38:19","modified_gmt":"2026-04-15T00:38:19","slug":"iz-birakanlar-gonul-mimarlari-seti-5-kitap-takim","status":"publish","type":"product","link":"https:\/\/roveyayinevi.com.tr\/index.php\/urun\/iz-birakanlar-gonul-mimarlari-seti-5-kitap-takim\/","title":{"rendered":"\u0130z B\u0131rakanlar &#8211; G\u00f6n\u00fcl Mimarlar\u0131 Seti &#8211; 5 Kitap Tak\u0131m"},"content":{"rendered":"<p>Tarihte \u0130z B\u0131rakan G\u00f6n\u00fcl Mimarlar\u0131yla tan\u0131\u015fmaya haz\u0131r m\u0131s\u0131n?1- Mehmet Akif Ersoy2- Hac\u0131 Bekta\u015f Veli3- Yunus Emre4- Mevlana Celaleddin Rumi5- Ak\u015femseddin<\/p>\n","protected":false},"excerpt":{"rendered":"<p>Tarihte \u0130z B\u0131rakan G\u00f6n\u00fcl Mimarlar\u0131yla tan\u0131\u015fmaya haz\u0131r m\u0131s\u0131n?1- Mehmet Akif Ersoy2- Hac\u0131 Bekta\u015f Veli3- Yunus Emre4- Mevlana Celaleddin Rumi5- Ak\u015femseddin<\/p>\n","protected":false},"featured_media":0,"template":"","meta":{"_monsterinsights_skip_tracking":false,"_monsterinsights_sitenote_active":false,"_monsterinsights_sitenote_note":"","_monsterinsights_sitenote_category":0},"product_brand":[],"product_cat":[12274,15842],"product_tag":[],"class_list":{"0":"post-771935","1":"product","2":"type-product","3":"status-publish","5":"product_cat-cocuk-ve-genclik-kitaplari","6":"product_cat-egitici-kitaplar","7":"pa_cilt-ciltsiz","8":"pa_tur-kitap","9":"pa_yayinevi-yediveren-cocuk","10":"pa_yazar-eda-bayrak","12":"first","13":"instock","14":"sale","15":"shipping-taxable","16":"purchasable","17":"product-type-simple"},"_links":{"self":[{"href":"https:\/\/roveyayinevi.com.tr\/index.php\/wp-json\/wp\/v2\/product\/771935","targetHints":{"allow":["GET"]}}],"collection":[{"href":"https:\/\/roveyayinevi.com.tr\/index.php\/wp-json\/wp\/v2\/product"}],"about":[{"href":"https:\/\/roveyayinevi.com.tr\/index.php\/wp-json\/wp\/v2\/types\/product"}],"wp:attachment":[{"href":"https:\/\/roveyayinevi.com.tr\/index.php\/wp-json\/wp\/v2\/media?parent=771935"}],"wp:term":[{"taxonomy":"product_brand","embeddable":true,"href":"https:\/\/roveyayinevi.com.tr\/index.php\/wp-json\/wp\/v2\/product_brand?post=771935"},{"taxonomy":"product_cat","embeddable":true,"href":"https:\/\/roveyayinevi.com.tr\/index.php\/wp-json\/wp\/v2\/product_cat?post=771935"},{"taxonomy":"product_tag","embeddable":true,"href":"https:\/\/roveyayinevi.com.tr\/index.php\/wp-json\/wp\/v2\/product_tag?post=771935"}],"curies":[{"name":"wp","href":"https:\/\/api.w.org\/{rel}","templated":true}]}}