{"id":771927,"date":"2025-08-28T15:22:37","date_gmt":"2025-08-28T12:22:37","guid":{"rendered":"https:\/\/roveyayinevi.com.tr\/index.php\/urun\/firavunun-dususu-zaman-yolcusu-kopek\/"},"modified":"2026-04-15T03:38:18","modified_gmt":"2026-04-15T00:38:18","slug":"firavunun-dususu-zaman-yolcusu-kopek","status":"publish","type":"product","link":"https:\/\/roveyayinevi.com.tr\/index.php\/urun\/firavunun-dususu-zaman-yolcusu-kopek\/","title":{"rendered":"Firavunun D\u00fc\u015f\u00fc\u015f\u00fc &#8211; Zaman Yolcusu K\u00f6pek"},"content":{"rendered":"<p>Faraday, s\u0131radan bir k\u00f6pekti&#8230; ta ki basit bir bilim deneyi s\u0131ras\u0131nda ortadan kaybolana kadar. Geri d\u00f6n\u00fc\u015f\u00fc ise kimsenin tahmin edemeyece\u011fi kadar \u015fa\u015f\u0131rt\u0131c\u0131 oldu. T\u00fcylerinden k\u0131v\u0131lc\u0131mlar sa\u00e7an ve yer\u00e7ekimine meydan okuyarak havada s\u00fcz\u00fclebilen Faraday, kendini Harry ve merakl\u0131 arkada\u015flar\u0131 Sofia, Jack, Alex ve Vivi\u2019nin yan\u0131nda buldu. Ancak bu yeni dostlar\u0131 s\u0131radan bir k\u00f6pek de\u011fil. Gizemli bir enerji patlamas\u0131, hepsini ihti\u015faml\u0131 piramitlerin in\u015fa edildi\u011fi kadim bir \u00e7\u00f6l vadisine s\u00fcr\u00fckl\u00fcyor! M\u0131s\u0131r\u2019\u0131n krallar\u0131, m\u0131zrakl\u0131 muhaf\u0131zlar\u0131 ve g\u00f6rkemli \u015f\u00f6lenleri aras\u0131nda, \u00e7ocuklar zamanda ince bir ip \u00fczerinde y\u00fcr\u00fcrken yollar\u0131n\u0131 bulmaya \u00e7al\u0131\u015f\u0131yorlar. Faraday\u2019\u0131n rehberli\u011finde, hem tarihin hem de kendi i\u00e7lerindeki s\u0131rlar\u0131 ke\u015ffederler. Ama zaman\u0131n hassas dokusu tamamen \u00e7\u00f6z\u00fclmeden \u00f6nce evlerine d\u00f6nebilecekler mi?<\/p>\n","protected":false},"excerpt":{"rendered":"<p>Faraday, s\u0131radan bir k\u00f6pekti&#8230; ta ki basit bir bilim deneyi s\u0131ras\u0131nda ortadan kaybolana kadar. Geri d\u00f6n\u00fc\u015f\u00fc ise kimsenin tahmin edemeyece\u011fi kadar \u015fa\u015f\u0131rt\u0131c\u0131 oldu. T\u00fcylerinden k\u0131v\u0131lc\u0131mlar sa\u00e7an<span class=\"excerpt-hellip\"> [\u2026]<\/span><\/p>\n","protected":false},"featured_media":0,"template":"","meta":{"_monsterinsights_skip_tracking":false,"_monsterinsights_sitenote_active":false,"_monsterinsights_sitenote_note":"","_monsterinsights_sitenote_category":0},"product_brand":[],"product_cat":[12291,12711],"product_tag":[],"class_list":{"0":"post-771927","1":"product","2":"type-product","3":"status-publish","5":"product_cat-edebiyat","6":"product_cat-roman-oyku","7":"pa_cilt-ciltsiz","8":"pa_tur-kitap","9":"pa_yayinevi-yediveren-cocuk","10":"pa_yazar-jeffrey-archer","12":"first","13":"instock","14":"sale","15":"shipping-taxable","16":"purchasable","17":"product-type-simple"},"_links":{"self":[{"href":"https:\/\/roveyayinevi.com.tr\/index.php\/wp-json\/wp\/v2\/product\/771927","targetHints":{"allow":["GET"]}}],"collection":[{"href":"https:\/\/roveyayinevi.com.tr\/index.php\/wp-json\/wp\/v2\/product"}],"about":[{"href":"https:\/\/roveyayinevi.com.tr\/index.php\/wp-json\/wp\/v2\/types\/product"}],"wp:attachment":[{"href":"https:\/\/roveyayinevi.com.tr\/index.php\/wp-json\/wp\/v2\/media?parent=771927"}],"wp:term":[{"taxonomy":"product_brand","embeddable":true,"href":"https:\/\/roveyayinevi.com.tr\/index.php\/wp-json\/wp\/v2\/product_brand?post=771927"},{"taxonomy":"product_cat","embeddable":true,"href":"https:\/\/roveyayinevi.com.tr\/index.php\/wp-json\/wp\/v2\/product_cat?post=771927"},{"taxonomy":"product_tag","embeddable":true,"href":"https:\/\/roveyayinevi.com.tr\/index.php\/wp-json\/wp\/v2\/product_tag?post=771927"}],"curies":[{"name":"wp","href":"https:\/\/api.w.org\/{rel}","templated":true}]}}