{"id":771921,"date":"2025-08-28T15:22:25","date_gmt":"2025-08-28T12:22:25","guid":{"rendered":"https:\/\/roveyayinevi.com.tr\/index.php\/urun\/deniz-baska-ulkeye-tasiniyor\/"},"modified":"2026-04-03T03:30:00","modified_gmt":"2026-04-03T00:30:00","slug":"deniz-baska-ulkeye-tasiniyor","status":"publish","type":"product","link":"https:\/\/roveyayinevi.com.tr\/index.php\/urun\/deniz-baska-ulkeye-tasiniyor\/","title":{"rendered":"Deniz Ba\u015fka \u00dclkeye Ta\u015f\u0131n\u0131yor"},"content":{"rendered":"<p>Yeni bir \u00fclke, yeni bir hayat&#8230;Eski arkada\u015flar\u0131n\u0131, tan\u0131d\u0131k sokaklar\u0131 ve sevdi\u011fi her \u015feyi geride b\u0131rakmak san\u0131ld\u0131\u011f\u0131ndan daha da zor olabilir.Sevgi, destek ve cesaretle, her yerin ev olabilece\u011fini hat\u0131rlatan bu kitap, hem \u00e7ocuklara hem de ailelere ilham kayna\u011f\u0131 olacak.<\/p>\n","protected":false},"excerpt":{"rendered":"<p>Yeni bir \u00fclke, yeni bir hayat&#8230;Eski arkada\u015flar\u0131n\u0131, tan\u0131d\u0131k sokaklar\u0131 ve sevdi\u011fi her \u015feyi geride b\u0131rakmak san\u0131ld\u0131\u011f\u0131ndan daha da zor olabilir.Sevgi, destek ve cesaretle, her yerin ev<span class=\"excerpt-hellip\"> [\u2026]<\/span><\/p>\n","protected":false},"featured_media":0,"template":"","meta":{"_monsterinsights_skip_tracking":false,"_monsterinsights_sitenote_active":false,"_monsterinsights_sitenote_note":"","_monsterinsights_sitenote_category":0},"product_brand":[],"product_cat":[12274,12284],"product_tag":[],"class_list":{"0":"post-771921","1":"product","2":"type-product","3":"status-publish","5":"product_cat-cocuk-ve-genclik-kitaplari","6":"product_cat-hikayeler","7":"pa_cilt-ciltsiz","8":"pa_tur-kitap","9":"pa_yayinevi-yediveren-cocuk","10":"pa_yazar-gizem-eren","12":"first","13":"instock","14":"sale","15":"shipping-taxable","16":"purchasable","17":"product-type-simple"},"_links":{"self":[{"href":"https:\/\/roveyayinevi.com.tr\/index.php\/wp-json\/wp\/v2\/product\/771921","targetHints":{"allow":["GET"]}}],"collection":[{"href":"https:\/\/roveyayinevi.com.tr\/index.php\/wp-json\/wp\/v2\/product"}],"about":[{"href":"https:\/\/roveyayinevi.com.tr\/index.php\/wp-json\/wp\/v2\/types\/product"}],"wp:attachment":[{"href":"https:\/\/roveyayinevi.com.tr\/index.php\/wp-json\/wp\/v2\/media?parent=771921"}],"wp:term":[{"taxonomy":"product_brand","embeddable":true,"href":"https:\/\/roveyayinevi.com.tr\/index.php\/wp-json\/wp\/v2\/product_brand?post=771921"},{"taxonomy":"product_cat","embeddable":true,"href":"https:\/\/roveyayinevi.com.tr\/index.php\/wp-json\/wp\/v2\/product_cat?post=771921"},{"taxonomy":"product_tag","embeddable":true,"href":"https:\/\/roveyayinevi.com.tr\/index.php\/wp-json\/wp\/v2\/product_tag?post=771921"}],"curies":[{"name":"wp","href":"https:\/\/api.w.org\/{rel}","templated":true}]}}