{"id":771918,"date":"2025-08-28T15:22:19","date_gmt":"2025-08-28T12:22:19","guid":{"rendered":"https:\/\/roveyayinevi.com.tr\/index.php\/urun\/tabletsiz-yasayamam-sevimli-canavar-gunlugu\/"},"modified":"2026-04-15T03:38:18","modified_gmt":"2026-04-15T00:38:18","slug":"tabletsiz-yasayamam-sevimli-canavar-gunlugu","status":"publish","type":"product","link":"https:\/\/roveyayinevi.com.tr\/index.php\/urun\/tabletsiz-yasayamam-sevimli-canavar-gunlugu\/","title":{"rendered":"Tabletsiz Ya\u015fayamam! &#8211; Sevimli Canavar G\u00fcnl\u00fc\u011f\u00fc"},"content":{"rendered":"<p>Kar\u015f\u0131n\u0131zda kendini tabletinin ekran\u0131na yap\u0131\u015fm\u0131\u015f bulan yetenekli ve dokuna\u00e7l\u0131 bir kovabasketi oyuncusu olan Tablet Timmy. Okulda uyar\u0131 etiketleri al\u0131p duruyor.  Ko\u00e7u ondan memnun de\u011fil. Ama o, oynad\u0131\u011f\u0131 oyunda tak\u0131l\u0131 kalm\u0131\u015f durumda. Ta ki Marvin ona her \u015feyi de\u011fi\u015ftirecek bir s\u0131r verene kadar.  Timmy\u2019nin ekran ba\u015f\u0131nda harcad\u0131\u011f\u0131 zaman\u0131 kontrol alt\u0131na alma maceras\u0131 sizi bekliyor. Timmy\u2019nin Sevimli Canavar G\u00fcnl\u00fc\u011f\u00fc, \u00e7ocuklara, teknolojiye harcad\u0131klar\u0131 zaman\u0131 kendi kendilerine nas\u0131l denetleyeceklerini ve bu sayede nas\u0131l daha mutlu ve ba\u015far\u0131l\u0131 olacaklar\u0131n\u0131 \u00f6\u011fretiyor.  Timmy\u2019nin Sevimli Canavar G\u00fcnl\u00fc\u011f\u00fc Dr. Melmed&#8217;in y\u00f6ntemlerini uygularken anne-babalar ve \u00f6\u011fretmenlere yard\u0131mc\u0131 bir \u00e7al\u0131\u015fma olarak kar\u015f\u0131n\u0131za \u00e7\u0131k\u0131yor.  Ayr\u0131ca \u00e7ocuklar\u0131n keyifle \u00e7o\u011falt\u0131p boyayabilece\u011fi ve evin her taraf\u0131na yap\u0131\u015ft\u0131rabilecekleri ST4 hat\u0131rlat\u0131c\u0131 etiketleri de bu kitapta.<\/p>\n","protected":false},"excerpt":{"rendered":"<p>Kar\u015f\u0131n\u0131zda kendini tabletinin ekran\u0131na yap\u0131\u015fm\u0131\u015f bulan yetenekli ve dokuna\u00e7l\u0131 bir kovabasketi oyuncusu olan Tablet Timmy. Okulda uyar\u0131 etiketleri al\u0131p duruyor. Ko\u00e7u ondan memnun de\u011fil. Ama o,<span class=\"excerpt-hellip\"> [\u2026]<\/span><\/p>\n","protected":false},"featured_media":0,"template":"","meta":{"_monsterinsights_skip_tracking":false,"_monsterinsights_sitenote_active":false,"_monsterinsights_sitenote_note":"","_monsterinsights_sitenote_category":0},"product_brand":[],"product_cat":[12689,12274],"product_tag":[],"class_list":{"0":"post-771918","1":"product","2":"type-product","3":"status-publish","5":"product_cat-cizgi-roman-cocuk-ve-genclik-kitaplari","6":"product_cat-cocuk-ve-genclik-kitaplari","7":"pa_cilt-ciltsiz","8":"pa_tur-kitap","9":"pa_yayinevi-yediveren-cocuk","10":"pa_yazar-raun-melmed","12":"first","13":"instock","14":"sale","15":"shipping-taxable","16":"purchasable","17":"product-type-simple"},"_links":{"self":[{"href":"https:\/\/roveyayinevi.com.tr\/index.php\/wp-json\/wp\/v2\/product\/771918","targetHints":{"allow":["GET"]}}],"collection":[{"href":"https:\/\/roveyayinevi.com.tr\/index.php\/wp-json\/wp\/v2\/product"}],"about":[{"href":"https:\/\/roveyayinevi.com.tr\/index.php\/wp-json\/wp\/v2\/types\/product"}],"wp:attachment":[{"href":"https:\/\/roveyayinevi.com.tr\/index.php\/wp-json\/wp\/v2\/media?parent=771918"}],"wp:term":[{"taxonomy":"product_brand","embeddable":true,"href":"https:\/\/roveyayinevi.com.tr\/index.php\/wp-json\/wp\/v2\/product_brand?post=771918"},{"taxonomy":"product_cat","embeddable":true,"href":"https:\/\/roveyayinevi.com.tr\/index.php\/wp-json\/wp\/v2\/product_cat?post=771918"},{"taxonomy":"product_tag","embeddable":true,"href":"https:\/\/roveyayinevi.com.tr\/index.php\/wp-json\/wp\/v2\/product_tag?post=771918"}],"curies":[{"name":"wp","href":"https:\/\/api.w.org\/{rel}","templated":true}]}}