{"id":771903,"date":"2025-08-28T15:21:49","date_gmt":"2025-08-28T12:21:49","guid":{"rendered":"https:\/\/roveyayinevi.com.tr\/index.php\/urun\/sevginin-dili-2\/"},"modified":"2026-04-15T03:38:18","modified_gmt":"2026-04-15T00:38:18","slug":"sevginin-dili-2","status":"publish","type":"product","link":"https:\/\/roveyayinevi.com.tr\/index.php\/urun\/sevginin-dili-2\/","title":{"rendered":"Sevginin Dili"},"content":{"rendered":"<p>Sevgi edilgen de\u011fil etken bir olayd\u0131r. Bir \u015feye kap\u0131lmak de\u011fil o \u015feyin i\u00e7inde olmak demektir. Sevgininetken \u00f6zelli\u011fi almak de\u011fil vermektir. \u00c7\u00fcnk\u00fc g\u00fc\u00e7le dolu olman\u0131n en iyi anlat\u0131m\u0131d\u0131r vermek. Ve sevgideposu dolu olan bir ki\u015fi g\u00fc\u00e7l\u00fcd\u00fcr ve verebilir. \u0130nsanlar se\u00e7im yapan varl\u0131klard\u0131r. Hem sevece\u011fimizki\u015fileri belirleme a\u00e7\u0131s\u0131ndan, hem de sevdi\u011fimiz ki\u015filere g\u00f6sterece\u011fimiz davran\u0131\u015flar bak\u0131m\u0131ndan sevgibir se\u00e7imdir ve bunlar\u0131n hepsi bilin\u00e7li bir \u015fekilde disiplinli bir \u00e7abay\u0131 gerektirir. O zaman sevmeyi se\u00e7enbir ki\u015fi bu karar\u0131n\u0131 ifade edecek uygun yollar\u0131 bulacakt\u0131r.Her insan\u0131n &#8220;sevilmeye de\u011fer biriyim&#8221; gereksinimi ve bununla ilgili beklentileri vard\u0131r. \u0130nsan bugereksinimi \u00f6ncelikle do\u011fup b\u00fcy\u00fcd\u00fc\u011f\u00fc ailenin i\u00e7inde kar\u015f\u0131lamay\u0131 umut eder. Zira ya\u015f\u0131 ya da konumune olursa olsun, insan kendisini i\u00e7ten ve samimi duygularla seven birinci ki\u015finin anne babas\u0131 oldu\u011funainan\u0131r. \u00c7\u00fcnk\u00fc anne baba kar\u015f\u0131l\u0131ks\u0131z sever, \u00e7ocuk ise ben de\u011ferliyim duygusunu aile i\u00e7inde ya\u015far vesevildi\u011fini hisseder. Evliliklerde ise e\u015flerin birbirlerinin sevgi dilini anlamalar\u0131 ve m\u00fc\u015fterek bir zemindebulu\u015fmalar\u0131, de\u011ferliyim ve seviliyorum duygusunu etkin k\u0131lar. Bunun i\u00e7in ortak \u00f6zellikleri ortakbeklentileri hobileri yetenekleri ke\u015ffederek payla\u015f\u0131m i\u00e7inde olmak \u00f6nemlidir. Zira burada yap\u0131lan\u015feyden ziyade birlikte ge\u00e7irilen vakit ve payla\u015f\u0131lan sevgi merkeze al\u0131n\u0131r.<\/p>\n","protected":false},"excerpt":{"rendered":"<p>Sevgi edilgen de\u011fil etken bir olayd\u0131r. Bir \u015feye kap\u0131lmak de\u011fil o \u015feyin i\u00e7inde olmak demektir. Sevgininetken \u00f6zelli\u011fi almak de\u011fil vermektir. \u00c7\u00fcnk\u00fc g\u00fc\u00e7le dolu olman\u0131n en iyi<span class=\"excerpt-hellip\"> [\u2026]<\/span><\/p>\n","protected":false},"featured_media":0,"template":"","meta":{"_monsterinsights_skip_tracking":false,"_monsterinsights_sitenote_active":false,"_monsterinsights_sitenote_note":"","_monsterinsights_sitenote_category":0},"product_brand":[],"product_cat":[12364,12376],"product_tag":[],"class_list":{"0":"post-771903","1":"product","2":"type-product","3":"status-publish","5":"product_cat-genel-konular","6":"product_cat-kisisel-gelisim","7":"pa_cilt-ciltsiz","8":"pa_tur-kitap","9":"pa_yayinevi-eftalya-kitap","10":"pa_yazar-meltem-soyuguzel","12":"first","13":"instock","14":"sale","15":"shipping-taxable","16":"purchasable","17":"product-type-simple"},"_links":{"self":[{"href":"https:\/\/roveyayinevi.com.tr\/index.php\/wp-json\/wp\/v2\/product\/771903","targetHints":{"allow":["GET"]}}],"collection":[{"href":"https:\/\/roveyayinevi.com.tr\/index.php\/wp-json\/wp\/v2\/product"}],"about":[{"href":"https:\/\/roveyayinevi.com.tr\/index.php\/wp-json\/wp\/v2\/types\/product"}],"wp:attachment":[{"href":"https:\/\/roveyayinevi.com.tr\/index.php\/wp-json\/wp\/v2\/media?parent=771903"}],"wp:term":[{"taxonomy":"product_brand","embeddable":true,"href":"https:\/\/roveyayinevi.com.tr\/index.php\/wp-json\/wp\/v2\/product_brand?post=771903"},{"taxonomy":"product_cat","embeddable":true,"href":"https:\/\/roveyayinevi.com.tr\/index.php\/wp-json\/wp\/v2\/product_cat?post=771903"},{"taxonomy":"product_tag","embeddable":true,"href":"https:\/\/roveyayinevi.com.tr\/index.php\/wp-json\/wp\/v2\/product_tag?post=771903"}],"curies":[{"name":"wp","href":"https:\/\/api.w.org\/{rel}","templated":true}]}}