{"id":771889,"date":"2025-08-28T15:21:22","date_gmt":"2025-08-28T12:21:22","guid":{"rendered":"https:\/\/roveyayinevi.com.tr\/index.php\/urun\/osmanli-tarimcisinin-el-kitabi\/"},"modified":"2025-08-31T21:36:23","modified_gmt":"2025-08-31T18:36:23","slug":"osmanli-tarimcisinin-el-kitabi","status":"publish","type":"product","link":"https:\/\/roveyayinevi.com.tr\/index.php\/urun\/osmanli-tarimcisinin-el-kitabi\/","title":{"rendered":"Osmanl\u0131 Tar\u0131mc\u0131s\u0131n\u0131n El Kitab\u0131"},"content":{"rendered":"<p>Bu kitap bundan 500 y\u0131l kadar \u00f6nce Osmanl\u0131ca olarak \u00e7ift\u00e7ilere yol g\u00f6stermek, faydal\u0131 olmak amac\u0131yla yaz\u0131lan ufak bir tar\u0131m kitab\u0131 esas al\u0131narak haz\u0131rlanm\u0131\u015ft\u0131rKitapta; hangi topraklara hangi a\u011fa\u00e7 dikilir, a\u011fa\u00e7 dikmenin usulleri ve \u00f6zellikle ay takvimine g\u00f6re dikim, budaman\u0131n \u00e7e\u015fitleri, do\u011fru a\u015f\u0131lama, tar\u0131m zararl\u0131lar\u0131 ile nas\u0131l m\u00fccadele edilece\u011fi, bitkilere zarar veren iklim ve di\u011fer hastal\u0131klar i\u00e7in neler yap\u0131laca\u011f\u0131 konular\u0131nda bilgi verilmektedir.Bu kitapta yazar\u0131n \u00e7ok \u00f6nem verdi\u011fi \u00fcz\u00fcmc\u00fcl\u00fck, ba\u011fc\u0131l\u0131k konusunda bilinmesi gerekenler, bostan yapmak yani kavun, karpuz yeti\u015ftirmenin yollar\u0131 anlat\u0131lmaktad\u0131r.\u00d6nemli a\u011fa\u00e7lardan; incir, zeytin elma armut, ayva, nar, turun\u00e7 limon, kay\u0131s\u0131 \u015feftali, kiraz vi\u015fne, badem, f\u0131nd\u0131k, kestane, ceviz ve dut a\u011fa\u00e7lar\u0131n\u0131n nas\u0131l yeti\u015ftirilmesi gerekti\u011fine ve faydalar\u0131na \u00f6nemle yer verilmi\u015ftir.So\u011fan, sar\u0131msak, nane, turp, rezene gibi \u00f6nemli bitkiler; g\u00fcl, karanfil, zambak gibi \u00e7i\u00e7ekler hakk\u0131nda da bilgi verilen kitab\u0131n son b\u00f6l\u00fcm\u00fcnde de meyvelerin toplanmas\u0131 ve korunmas\u0131 konular\u0131 da ele al\u0131nm\u0131\u015ft\u0131r.<\/p>\n","protected":false},"excerpt":{"rendered":"<p>Bu kitap bundan 500 y\u0131l kadar \u00f6nce Osmanl\u0131ca olarak \u00e7ift\u00e7ilere yol g\u00f6stermek, faydal\u0131 olmak amac\u0131yla yaz\u0131lan ufak bir tar\u0131m kitab\u0131 esas al\u0131narak haz\u0131rlanm\u0131\u015ft\u0131rKitapta; hangi topraklara hangi<span class=\"excerpt-hellip\"> [\u2026]<\/span><\/p>\n","protected":false},"featured_media":0,"template":"","meta":{"_monsterinsights_skip_tracking":false,"_monsterinsights_sitenote_active":false,"_monsterinsights_sitenote_note":"","_monsterinsights_sitenote_category":0},"product_brand":[],"product_cat":[20333,13043],"product_tag":[],"class_list":{"0":"post-771889","1":"product","2":"type-product","3":"status-publish","5":"product_cat-diger-ekonomi","6":"product_cat-ekonomi","7":"pa_cilt-ciltsiz","8":"pa_tur-kitap","9":"pa_yayinevi-yediveren-yayinlari","10":"pa_yazar-ayten-altintas","12":"first","13":"instock","14":"sale","15":"shipping-taxable","16":"purchasable","17":"product-type-simple"},"_links":{"self":[{"href":"https:\/\/roveyayinevi.com.tr\/index.php\/wp-json\/wp\/v2\/product\/771889","targetHints":{"allow":["GET"]}}],"collection":[{"href":"https:\/\/roveyayinevi.com.tr\/index.php\/wp-json\/wp\/v2\/product"}],"about":[{"href":"https:\/\/roveyayinevi.com.tr\/index.php\/wp-json\/wp\/v2\/types\/product"}],"wp:attachment":[{"href":"https:\/\/roveyayinevi.com.tr\/index.php\/wp-json\/wp\/v2\/media?parent=771889"}],"wp:term":[{"taxonomy":"product_brand","embeddable":true,"href":"https:\/\/roveyayinevi.com.tr\/index.php\/wp-json\/wp\/v2\/product_brand?post=771889"},{"taxonomy":"product_cat","embeddable":true,"href":"https:\/\/roveyayinevi.com.tr\/index.php\/wp-json\/wp\/v2\/product_cat?post=771889"},{"taxonomy":"product_tag","embeddable":true,"href":"https:\/\/roveyayinevi.com.tr\/index.php\/wp-json\/wp\/v2\/product_tag?post=771889"}],"curies":[{"name":"wp","href":"https:\/\/api.w.org\/{rel}","templated":true}]}}