{"id":771884,"date":"2025-08-28T15:21:11","date_gmt":"2025-08-28T12:21:11","guid":{"rendered":"https:\/\/roveyayinevi.com.tr\/index.php\/urun\/acayip-gunluk\/"},"modified":"2026-04-15T03:38:17","modified_gmt":"2026-04-15T00:38:17","slug":"acayip-gunluk","status":"publish","type":"product","link":"https:\/\/roveyayinevi.com.tr\/index.php\/urun\/acayip-gunluk\/","title":{"rendered":"Acayip G\u00fcnl\u00fck"},"content":{"rendered":"<p>Hayatta biraz \u015fans\u0131n\u0131z varsa ve \u00e7ok fazla kafaya takmazsan\u0131z, iyi \u015feyler olur. \u0130yi bir arkada\u015f bulmak gibi! Marco, daha okulun ilk g\u00fcn\u00fcnde her \u015feyin zor olaca\u011f\u0131n\u0131 anlar: yanl\u0131\u015f ayakkab\u0131 giymenin sonu\u00e7lar\u0131, inek olarak \u00fcn kazanman\u0131n ne demek oldu\u011fu, zorbalar\u0131n pen\u00e7esine d\u00fc\u015fmenin zorluklar\u0131 ve cep telefonunun olmamas\u0131&#8230; \u015eans\u0131na Khaby ile ayn\u0131 yerde ya\u015f\u0131yor. Khaby, basit \u015feylerden ba\u015flayarak Marco\u2019nun kar\u015f\u0131la\u015ft\u0131\u011f\u0131 binlerce sorunla kolayca y\u00fczle\u015fmesine yard\u0131m ediyor. \u201cD\u00fcnyaca \u00fcnl\u00fc sosyal medya fenomeni Khaby Lame ile her \u015feyi kolayla\u015ft\u0131rman\u0131n daima bir yolu vard\u0131r!<\/p>\n","protected":false},"excerpt":{"rendered":"<p>Hayatta biraz \u015fans\u0131n\u0131z varsa ve \u00e7ok fazla kafaya takmazsan\u0131z, iyi \u015feyler olur. \u0130yi bir arkada\u015f bulmak gibi! Marco, daha okulun ilk g\u00fcn\u00fcnde her \u015feyin zor olaca\u011f\u0131n\u0131<span class=\"excerpt-hellip\"> [\u2026]<\/span><\/p>\n","protected":false},"featured_media":0,"template":"","meta":{"_monsterinsights_skip_tracking":false,"_monsterinsights_sitenote_active":false,"_monsterinsights_sitenote_note":"","_monsterinsights_sitenote_category":0},"product_brand":[],"product_cat":[12274,12631],"product_tag":[],"class_list":{"0":"post-771884","1":"product","2":"type-product","3":"status-publish","5":"product_cat-cocuk-ve-genclik-kitaplari","6":"product_cat-diger-cocuk-ve-genclik-kitaplari","7":"pa_cilt-ciltsiz","8":"pa_tur-kitap","9":"pa_yayinevi-yediveren-cocuk","10":"pa_yazar-khaby-lame","12":"first","13":"instock","14":"sale","15":"shipping-taxable","16":"purchasable","17":"product-type-simple"},"_links":{"self":[{"href":"https:\/\/roveyayinevi.com.tr\/index.php\/wp-json\/wp\/v2\/product\/771884","targetHints":{"allow":["GET"]}}],"collection":[{"href":"https:\/\/roveyayinevi.com.tr\/index.php\/wp-json\/wp\/v2\/product"}],"about":[{"href":"https:\/\/roveyayinevi.com.tr\/index.php\/wp-json\/wp\/v2\/types\/product"}],"wp:attachment":[{"href":"https:\/\/roveyayinevi.com.tr\/index.php\/wp-json\/wp\/v2\/media?parent=771884"}],"wp:term":[{"taxonomy":"product_brand","embeddable":true,"href":"https:\/\/roveyayinevi.com.tr\/index.php\/wp-json\/wp\/v2\/product_brand?post=771884"},{"taxonomy":"product_cat","embeddable":true,"href":"https:\/\/roveyayinevi.com.tr\/index.php\/wp-json\/wp\/v2\/product_cat?post=771884"},{"taxonomy":"product_tag","embeddable":true,"href":"https:\/\/roveyayinevi.com.tr\/index.php\/wp-json\/wp\/v2\/product_tag?post=771884"}],"curies":[{"name":"wp","href":"https:\/\/api.w.org\/{rel}","templated":true}]}}