{"id":771876,"date":"2025-08-28T15:20:54","date_gmt":"2025-08-28T12:20:54","guid":{"rendered":"https:\/\/roveyayinevi.com.tr\/index.php\/urun\/karanlik-zeka\/"},"modified":"2026-04-15T03:38:17","modified_gmt":"2026-04-15T00:38:17","slug":"karanlik-zeka","status":"publish","type":"product","link":"https:\/\/roveyayinevi.com.tr\/index.php\/urun\/karanlik-zeka\/","title":{"rendered":"Karanl\u0131k Zeka"},"content":{"rendered":"<p>D\u0130KKAT! BU SER\u0130, \u0130NG\u0130L\u0130ZCE D\u0130L \u00d6\u011eREN\u0130M\u0130NE KATKI SA\u011eLAMAKTADIR. Melek, Eren ve Tar\u0131k uluslararas\u0131 bir turnuvaya kat\u0131lmak i\u00e7in robot geli\u015ftirmi\u015flerdir. D\u00fcnyan\u0131n her yerinden gelen son teknolojiyle donat\u0131lm\u0131\u015f robotlar\u0131n m\u00fccadelesi gizemli bir sabotajc\u0131n\u0131n ortaya \u00e7\u0131kmas\u0131yla sekteye u\u011frar. \u00dc\u00e7 kafadar bir taraftan rakipleriyle k\u0131ran k\u0131rana yar\u0131\u015f\u0131rken di\u011fer yandan karanl\u0131k bir zek\u00e2ya sahip sabotajc\u0131n\u0131n pe\u015fine d\u00fc\u015fecektir. Soluksuz okuyaca\u011f\u0131n bir macera seni bekliyor. Haz\u0131rsan e\u011fer \u201clet\u2019s begin!\u201d Yazar Hakk\u0131nda: Karanl\u0131k Zeka, GAME serisi ile macera ya\u015farken \u0130ngilizcelerini de geli\u015ftirmeyi ama\u00e7layan Murat Din\u00e7er\u2019in yay\u0131nlanm\u0131\u015f \u00fc\u00e7\u00fcnc\u00fc kitab\u0131d\u0131r.<\/p>\n","protected":false},"excerpt":{"rendered":"<p>D\u0130KKAT! BU SER\u0130, \u0130NG\u0130L\u0130ZCE D\u0130L \u00d6\u011eREN\u0130M\u0130NE KATKI SA\u011eLAMAKTADIR. Melek, Eren ve Tar\u0131k uluslararas\u0131 bir turnuvaya kat\u0131lmak i\u00e7in robot geli\u015ftirmi\u015flerdir. D\u00fcnyan\u0131n her yerinden gelen son teknolojiyle donat\u0131lm\u0131\u015f<span class=\"excerpt-hellip\"> [\u2026]<\/span><\/p>\n","protected":false},"featured_media":0,"template":"","meta":{"_monsterinsights_skip_tracking":false,"_monsterinsights_sitenote_active":false,"_monsterinsights_sitenote_note":"","_monsterinsights_sitenote_category":0},"product_brand":[],"product_cat":[12291,12711],"product_tag":[],"class_list":{"0":"post-771876","1":"product","2":"type-product","3":"status-publish","5":"product_cat-edebiyat","6":"product_cat-roman-oyku","7":"pa_cilt-ciltsiz","8":"pa_tur-kitap","9":"pa_yayinevi-acayip-kitaplar","10":"pa_yazar-murat-dincer","12":"first","13":"instock","14":"sale","15":"shipping-taxable","16":"purchasable","17":"product-type-simple"},"_links":{"self":[{"href":"https:\/\/roveyayinevi.com.tr\/index.php\/wp-json\/wp\/v2\/product\/771876","targetHints":{"allow":["GET"]}}],"collection":[{"href":"https:\/\/roveyayinevi.com.tr\/index.php\/wp-json\/wp\/v2\/product"}],"about":[{"href":"https:\/\/roveyayinevi.com.tr\/index.php\/wp-json\/wp\/v2\/types\/product"}],"wp:attachment":[{"href":"https:\/\/roveyayinevi.com.tr\/index.php\/wp-json\/wp\/v2\/media?parent=771876"}],"wp:term":[{"taxonomy":"product_brand","embeddable":true,"href":"https:\/\/roveyayinevi.com.tr\/index.php\/wp-json\/wp\/v2\/product_brand?post=771876"},{"taxonomy":"product_cat","embeddable":true,"href":"https:\/\/roveyayinevi.com.tr\/index.php\/wp-json\/wp\/v2\/product_cat?post=771876"},{"taxonomy":"product_tag","embeddable":true,"href":"https:\/\/roveyayinevi.com.tr\/index.php\/wp-json\/wp\/v2\/product_tag?post=771876"}],"curies":[{"name":"wp","href":"https:\/\/api.w.org\/{rel}","templated":true}]}}