{"id":771871,"date":"2025-08-28T15:20:43","date_gmt":"2025-08-28T12:20:43","guid":{"rendered":"https:\/\/roveyayinevi.com.tr\/index.php\/urun\/ajan-iki-kere-cosar-ajan-harrier\/"},"modified":"2026-04-15T03:38:17","modified_gmt":"2026-04-15T00:38:17","slug":"ajan-iki-kere-cosar-ajan-harrier","status":"publish","type":"product","link":"https:\/\/roveyayinevi.com.tr\/index.php\/urun\/ajan-iki-kere-cosar-ajan-harrier\/","title":{"rendered":"Ajan \u0130ki Kere Co\u015far &#8211; Ajan Harrier"},"content":{"rendered":"<p>\u00c7OK G\u0130ZL\u0130 \u00c7ift Tarafl\u0131 bir Ajanla kar\u015f\u0131 kar\u015f\u0131yay\u0131z! Ajan Harrier, senin g\u00f6revin de \u00e7ok gizli dosyalar\u0131 \u00e7alan haini bulmak ve bu kitab\u0131n i\u00e7indeki herkesi ve her \u015feyi TAMAMEN VE KALICI OLARAK S\u0130L\u0130NMEKTEN kurtarmak! Art\u0131k nas\u0131l yapars\u0131n bilemiyorum. Kendi kuyru\u011funu kovalayacak zaman yok, Harrier. K\u00f6stebe\u011fin izini bul ve bunu yaparken de silinmemeye dikkat et. H\u00e2l\u00e2 ne duruyorsun? Giri\u015f maceraya ve ikili oynayan sahtek\u00e2r\u0131 yakala&#8230;  \u00c7ABUUUUK! \u00d6zel Ajan Ben Sanders&#8217;tan yine g\u00fcl\u00fcn\u00e7 bir casusluk maceras\u0131. Duble s\u00fcrprizler, duble kahkahalar. G\u00fclmekten g\u00f6zlerinizden ya\u015flar gelecek.<\/p>\n","protected":false},"excerpt":{"rendered":"<p>\u00c7OK G\u0130ZL\u0130 \u00c7ift Tarafl\u0131 bir Ajanla kar\u015f\u0131 kar\u015f\u0131yay\u0131z! Ajan Harrier, senin g\u00f6revin de \u00e7ok gizli dosyalar\u0131 \u00e7alan haini bulmak ve bu kitab\u0131n i\u00e7indeki herkesi ve her<span class=\"excerpt-hellip\"> [\u2026]<\/span><\/p>\n","protected":false},"featured_media":0,"template":"","meta":{"_monsterinsights_skip_tracking":false,"_monsterinsights_sitenote_active":false,"_monsterinsights_sitenote_note":"","_monsterinsights_sitenote_category":0},"product_brand":[],"product_cat":[12274,12284],"product_tag":[],"class_list":{"0":"post-771871","1":"product","2":"type-product","3":"status-publish","5":"product_cat-cocuk-ve-genclik-kitaplari","6":"product_cat-hikayeler","7":"pa_cilt-ciltsiz","8":"pa_tur-kitap","9":"pa_yayinevi-acayip-kitaplar","10":"pa_yazar-ben-sanders","12":"first","13":"instock","14":"sale","15":"shipping-taxable","16":"purchasable","17":"product-type-simple"},"_links":{"self":[{"href":"https:\/\/roveyayinevi.com.tr\/index.php\/wp-json\/wp\/v2\/product\/771871","targetHints":{"allow":["GET"]}}],"collection":[{"href":"https:\/\/roveyayinevi.com.tr\/index.php\/wp-json\/wp\/v2\/product"}],"about":[{"href":"https:\/\/roveyayinevi.com.tr\/index.php\/wp-json\/wp\/v2\/types\/product"}],"wp:attachment":[{"href":"https:\/\/roveyayinevi.com.tr\/index.php\/wp-json\/wp\/v2\/media?parent=771871"}],"wp:term":[{"taxonomy":"product_brand","embeddable":true,"href":"https:\/\/roveyayinevi.com.tr\/index.php\/wp-json\/wp\/v2\/product_brand?post=771871"},{"taxonomy":"product_cat","embeddable":true,"href":"https:\/\/roveyayinevi.com.tr\/index.php\/wp-json\/wp\/v2\/product_cat?post=771871"},{"taxonomy":"product_tag","embeddable":true,"href":"https:\/\/roveyayinevi.com.tr\/index.php\/wp-json\/wp\/v2\/product_tag?post=771871"}],"curies":[{"name":"wp","href":"https:\/\/api.w.org\/{rel}","templated":true}]}}