{"id":771859,"date":"2025-08-28T15:20:20","date_gmt":"2025-08-28T12:20:20","guid":{"rendered":"https:\/\/roveyayinevi.com.tr\/index.php\/urun\/leyla-3\/"},"modified":"2026-04-15T03:38:17","modified_gmt":"2026-04-15T00:38:17","slug":"leyla-3","status":"publish","type":"product","link":"https:\/\/roveyayinevi.com.tr\/index.php\/urun\/leyla-3\/","title":{"rendered":"Leyla"},"content":{"rendered":"<p>Bir K\u0131z\u0131n Sessiz \u00c7\u0131\u011fl\u0131\u011f\u0131&#8230; Bir Halk\u0131n G\u00f6zya\u015flar\u0131\u2026 Sava\u015f patlak verdi\u011finde Leyla hen\u00fcz 15 ya\u015f\u0131ndayd\u0131. Saraybosna yak\u0131nlar\u0131nda ya\u015fayan bu gen\u00e7 k\u0131z, askerler taraf\u0131ndan esir al\u0131n\u0131p varl\u0131\u011f\u0131ndan bile haberdar olmad\u0131\u011f\u0131 bir toplama kamp\u0131na g\u00f6nderildi. \u0130\u015fkenceler, tecav\u00fczler ve katliamlarla ge\u00e7en iki y\u0131l&#8230; Ama bu yaln\u0131zca bir sava\u015f hik\u00e2yesi de\u011fil. Bu, hayatta kalman\u0131n, direnmenin ve insanl\u0131\u011f\u0131n en karanl\u0131k anlar\u0131nda bile umudu kaybetmemenin hik\u00e2yesi. Ger\u00e7ek bir ya\u015fam \u00f6yk\u00fcs\u00fcne dayanan Leyla, sessizli\u011fe g\u00f6m\u00fclm\u00fc\u015f binlerce kad\u0131n\u0131n sesi oluyor. Bu kitap, yaln\u0131zca bir k\u0131z\u0131n ba\u015f\u0131na gelenleri de\u011fil, t\u00fcm d\u00fcnyan\u0131n s\u0131rt\u0131n\u0131 d\u00f6nd\u00fc\u011f\u00fc bir vah\u015feti anlat\u0131yor. Unutulmamas\u0131 gereken bir ge\u00e7mi\u015fin, sessiz kal\u0131nmamas\u0131 gereken bir trajedinin ve bir adalet aray\u0131\u015f\u0131n\u0131n hik\u00e2yesi&#8230; <\/p>\n","protected":false},"excerpt":{"rendered":"<p>Bir K\u0131z\u0131n Sessiz \u00c7\u0131\u011fl\u0131\u011f\u0131&#8230; Bir Halk\u0131n G\u00f6zya\u015flar\u0131\u2026 Sava\u015f patlak verdi\u011finde Leyla hen\u00fcz 15 ya\u015f\u0131ndayd\u0131. Saraybosna yak\u0131nlar\u0131nda ya\u015fayan bu gen\u00e7 k\u0131z, askerler taraf\u0131ndan esir al\u0131n\u0131p varl\u0131\u011f\u0131ndan bile<span class=\"excerpt-hellip\"> [\u2026]<\/span><\/p>\n","protected":false},"featured_media":0,"template":"","meta":{"_monsterinsights_skip_tracking":false,"_monsterinsights_sitenote_active":false,"_monsterinsights_sitenote_note":"","_monsterinsights_sitenote_category":0},"product_brand":[],"product_cat":[12291,12711],"product_tag":[],"class_list":{"0":"post-771859","1":"product","2":"type-product","3":"status-publish","5":"product_cat-edebiyat","6":"product_cat-roman-oyku","7":"pa_cilt-ciltsiz","8":"pa_tur-kitap","9":"pa_yayinevi-mona-kitap","10":"pa_yazar-alexandra-cavelius","12":"first","13":"instock","14":"sale","15":"shipping-taxable","16":"purchasable","17":"product-type-simple"},"_links":{"self":[{"href":"https:\/\/roveyayinevi.com.tr\/index.php\/wp-json\/wp\/v2\/product\/771859","targetHints":{"allow":["GET"]}}],"collection":[{"href":"https:\/\/roveyayinevi.com.tr\/index.php\/wp-json\/wp\/v2\/product"}],"about":[{"href":"https:\/\/roveyayinevi.com.tr\/index.php\/wp-json\/wp\/v2\/types\/product"}],"wp:attachment":[{"href":"https:\/\/roveyayinevi.com.tr\/index.php\/wp-json\/wp\/v2\/media?parent=771859"}],"wp:term":[{"taxonomy":"product_brand","embeddable":true,"href":"https:\/\/roveyayinevi.com.tr\/index.php\/wp-json\/wp\/v2\/product_brand?post=771859"},{"taxonomy":"product_cat","embeddable":true,"href":"https:\/\/roveyayinevi.com.tr\/index.php\/wp-json\/wp\/v2\/product_cat?post=771859"},{"taxonomy":"product_tag","embeddable":true,"href":"https:\/\/roveyayinevi.com.tr\/index.php\/wp-json\/wp\/v2\/product_tag?post=771859"}],"curies":[{"name":"wp","href":"https:\/\/api.w.org\/{rel}","templated":true}]}}