{"id":771858,"date":"2025-08-28T15:20:18","date_gmt":"2025-08-28T12:20:18","guid":{"rendered":"https:\/\/roveyayinevi.com.tr\/index.php\/urun\/mevlanadan-dusunduren-hikayeler\/"},"modified":"2026-04-15T03:38:17","modified_gmt":"2026-04-15T00:38:17","slug":"mevlanadan-dusunduren-hikayeler","status":"publish","type":"product","link":"https:\/\/roveyayinevi.com.tr\/index.php\/urun\/mevlanadan-dusunduren-hikayeler\/","title":{"rendered":"Mevlana&#8217;dan D\u00fc\u015f\u00fcnd\u00fcren Hikayeler"},"content":{"rendered":"<p>Allah&#8217;\u0131 sevdik\u00e7e daha \u00e7ok tan\u0131yan tan\u0131d\u0131k\u00e7a daha \u00e7ok seven Hz. Mevlana (1207-1273), g\u00f6n\u00fcl dili sayesinde d\u00fcnyada y\u00fczy\u0131llard\u0131r insanlar\u0131 etkilemekte olan bir \u0130slam mutasavv\u0131f\u0131d\u0131r. Kaleme ald\u0131\u011f\u0131, tasavvuf edebiyat\u0131n\u0131n \u015faheseri olarak kabul edilen Mesnevi-i \u015eerifi ise bu do\u011frultuda yaz\u0131lm\u0131\u015f; akl\u0131 \u00e7\u0131kmaza d\u00fc\u015fm\u00fc\u015flere yol g\u00f6steren, g\u00f6nl\u00fc k\u0131r\u0131lm\u0131\u015flara \u015fifa olan, ruhu aray\u0131\u015f i\u00e7indekileri huzura kavu\u015fturan bir k\u0131lavuz kitapt\u0131r.T\u00fcrk\u00e7ede &#8220;Mesnevi Hik\u00e2yeleri&#8221;, &#8220;Mesneviden se\u00e7me Hik\u00e2yeler&#8221;,adlar\u0131 alt\u0131nda epey \u00e7al\u0131\u015fma yay\u0131mland\u0131. Ancak maalesef bunlar\u0131n \u00e7o\u011funda salt hik\u00e2yelerle kar\u015f\u0131la\u015f\u0131lmaktad\u0131r. \u00c7\u00fcnk\u00fc Hz. Mevlana&#8217;n\u0131n o hikayelerinin \u00f6ncesinde, hikayeler aras\u0131nda veya sonras\u0131nda yapt\u0131\u011f\u0131 tasavvufi a\u00e7\u0131klamalar \u00e7\u0131kar\u0131lm\u0131\u015ft\u0131r. Oysa Hz. Mevlana&#8217;n\u0131n amac\u0131 hik\u00e2ye nakletmek de\u011fildir.Mesnevideki hikayeler; ya bir Kur&#8217;an ayetinin ya Peygamberimize ait bir hadis-i \u015ferifin ya bir sufi s\u00f6z\u00fcn\u00fcn, ya tasavvufi hal ve makamlar\u0131n ya da felsefi d\u00fc\u015f\u00fcncelerin a\u00e7\u0131klamas\u0131 i\u00e7in vard\u0131r.Tasavvuf ara\u015ft\u0131rmac\u0131s\u0131 \u015eaban Karak\u00f6se bu ciddi eksikli\u011fi g\u00f6z \u00f6n\u00fcnde bulundurarak, Mesnevi&#8217;den se\u00e7ti\u011fi 141 hik\u00e2yeyi, zengin notlar e\u015fli\u011finde a\u00e7\u0131klamaya \u00e7al\u0131\u015farak &#8220;Mevlana&#8217;dan D\u00fc\u015f\u00fcnd\u00fcren Hik\u00e2yeleri&#8221; haz\u0131rlad\u0131.<\/p>\n","protected":false},"excerpt":{"rendered":"<p>Allah&#8217;\u0131 sevdik\u00e7e daha \u00e7ok tan\u0131yan tan\u0131d\u0131k\u00e7a daha \u00e7ok seven Hz. Mevlana (1207-1273), g\u00f6n\u00fcl dili sayesinde d\u00fcnyada y\u00fczy\u0131llard\u0131r insanlar\u0131 etkilemekte olan bir \u0130slam mutasavv\u0131f\u0131d\u0131r. Kaleme ald\u0131\u011f\u0131, tasavvuf<span class=\"excerpt-hellip\"> [\u2026]<\/span><\/p>\n","protected":false},"featured_media":0,"template":"","meta":{"_monsterinsights_skip_tracking":false,"_monsterinsights_sitenote_active":false,"_monsterinsights_sitenote_note":"","_monsterinsights_sitenote_category":0},"product_brand":[],"product_cat":[12718,12719,12720],"product_tag":[],"class_list":{"0":"post-771858","1":"product","2":"type-product","3":"status-publish","5":"product_cat-din","6":"product_cat-islam","7":"product_cat-tasavvuf-mezhepler-tarikatlar","8":"pa_cilt-ciltsiz","9":"pa_tur-kitap","10":"pa_yayinevi-yediveren-yayinlari","11":"pa_yazar-saban-karakose","13":"first","14":"instock","15":"sale","16":"shipping-taxable","17":"purchasable","18":"product-type-simple"},"_links":{"self":[{"href":"https:\/\/roveyayinevi.com.tr\/index.php\/wp-json\/wp\/v2\/product\/771858","targetHints":{"allow":["GET"]}}],"collection":[{"href":"https:\/\/roveyayinevi.com.tr\/index.php\/wp-json\/wp\/v2\/product"}],"about":[{"href":"https:\/\/roveyayinevi.com.tr\/index.php\/wp-json\/wp\/v2\/types\/product"}],"wp:attachment":[{"href":"https:\/\/roveyayinevi.com.tr\/index.php\/wp-json\/wp\/v2\/media?parent=771858"}],"wp:term":[{"taxonomy":"product_brand","embeddable":true,"href":"https:\/\/roveyayinevi.com.tr\/index.php\/wp-json\/wp\/v2\/product_brand?post=771858"},{"taxonomy":"product_cat","embeddable":true,"href":"https:\/\/roveyayinevi.com.tr\/index.php\/wp-json\/wp\/v2\/product_cat?post=771858"},{"taxonomy":"product_tag","embeddable":true,"href":"https:\/\/roveyayinevi.com.tr\/index.php\/wp-json\/wp\/v2\/product_tag?post=771858"}],"curies":[{"name":"wp","href":"https:\/\/api.w.org\/{rel}","templated":true}]}}