{"id":771846,"date":"2025-08-28T15:19:59","date_gmt":"2025-08-28T12:19:59","guid":{"rendered":"https:\/\/roveyayinevi.com.tr\/index.php\/urun\/cocuk-egitiminde-pozitif-sinir-koyma-teknikleri\/"},"modified":"2026-04-15T03:38:16","modified_gmt":"2026-04-15T00:38:16","slug":"cocuk-egitiminde-pozitif-sinir-koyma-teknikleri","status":"publish","type":"product","link":"https:\/\/roveyayinevi.com.tr\/index.php\/urun\/cocuk-egitiminde-pozitif-sinir-koyma-teknikleri\/","title":{"rendered":"\u00c7ocuk E\u011fitiminde Pozitif S\u0131n\u0131r Koyma Teknikleri"},"content":{"rendered":"<p>\u00c7ocuklar\u0131m\u0131z sa\u011fl\u0131kl\u0131 bir ya\u015fam i\u00e7in ders \u00e7al\u0131\u015f\u0131p kitap okuduklar\u0131 kadar oyun oynamal\u0131, bilgisayar kullanmal\u0131, televizyon seyretmeli ve gezip g\u00f6rmelidirler.Ebeveynlere d\u00fc\u015fen vazife t\u00fcm bu faaliyetlerin s\u0131n\u0131rlar\u0131n\u0131 do\u011fru belirlemektir.Do\u011fdu\u011fu andan itibaren her g\u00fcn yeni \u015feyler \u00f6\u011frenmek ve ke\u015ffetmek i\u00e7in s\u0131n\u0131rlar\u0131 sonuna kadar zorlayan bir canl\u0131ya s\u0131n\u0131r koymak hi\u00e7 de kolay de\u011fildir.Bebeklikten ergenli\u011fe kadar t\u00fcm s\u00fcre\u00e7lerde \u00e7ocuklar\u0131m\u0131za do\u011fru ve pozitif s\u0131n\u0131r koyma konusunda \u00f6rnek olaylarla pratik uygulamalar sunan bu kitab\u0131; &#8216;mutlu ve ba\u015far\u0131l\u0131 \u00e7ocuklar&#8217; yeti\u015ftirmek ad\u0131na ba\u015fucunuzdan ay\u0131rmayacaks\u0131n\u0131z.<\/p>\n","protected":false},"excerpt":{"rendered":"<p>\u00c7ocuklar\u0131m\u0131z sa\u011fl\u0131kl\u0131 bir ya\u015fam i\u00e7in ders \u00e7al\u0131\u015f\u0131p kitap okuduklar\u0131 kadar oyun oynamal\u0131, bilgisayar kullanmal\u0131, televizyon seyretmeli ve gezip g\u00f6rmelidirler.Ebeveynlere d\u00fc\u015fen vazife t\u00fcm bu faaliyetlerin s\u0131n\u0131rlar\u0131n\u0131 do\u011fru<span class=\"excerpt-hellip\"> [\u2026]<\/span><\/p>\n","protected":false},"featured_media":0,"template":"","meta":{"_monsterinsights_skip_tracking":false,"_monsterinsights_sitenote_active":false,"_monsterinsights_sitenote_note":"","_monsterinsights_sitenote_category":0},"product_brand":[],"product_cat":[12831,12324],"product_tag":[],"class_list":{"0":"post-771846","1":"product","2":"type-product","3":"status-publish","5":"product_cat-aile-ve-cocuk","6":"product_cat-sosyoloji","7":"pa_cilt-ciltsiz","8":"pa_tur-kitap","9":"pa_yayinevi-yediveren-yayinlari","10":"pa_yazar-oya-akbas","12":"first","13":"instock","14":"sale","15":"shipping-taxable","16":"purchasable","17":"product-type-simple"},"_links":{"self":[{"href":"https:\/\/roveyayinevi.com.tr\/index.php\/wp-json\/wp\/v2\/product\/771846","targetHints":{"allow":["GET"]}}],"collection":[{"href":"https:\/\/roveyayinevi.com.tr\/index.php\/wp-json\/wp\/v2\/product"}],"about":[{"href":"https:\/\/roveyayinevi.com.tr\/index.php\/wp-json\/wp\/v2\/types\/product"}],"wp:attachment":[{"href":"https:\/\/roveyayinevi.com.tr\/index.php\/wp-json\/wp\/v2\/media?parent=771846"}],"wp:term":[{"taxonomy":"product_brand","embeddable":true,"href":"https:\/\/roveyayinevi.com.tr\/index.php\/wp-json\/wp\/v2\/product_brand?post=771846"},{"taxonomy":"product_cat","embeddable":true,"href":"https:\/\/roveyayinevi.com.tr\/index.php\/wp-json\/wp\/v2\/product_cat?post=771846"},{"taxonomy":"product_tag","embeddable":true,"href":"https:\/\/roveyayinevi.com.tr\/index.php\/wp-json\/wp\/v2\/product_tag?post=771846"}],"curies":[{"name":"wp","href":"https:\/\/api.w.org\/{rel}","templated":true}]}}