{"id":771834,"date":"2025-08-28T15:19:39","date_gmt":"2025-08-28T12:19:39","guid":{"rendered":"https:\/\/roveyayinevi.com.tr\/index.php\/urun\/bebeginize-ingilizce-ogretin\/"},"modified":"2026-02-03T03:38:49","modified_gmt":"2026-02-03T00:38:49","slug":"bebeginize-ingilizce-ogretin","status":"publish","type":"product","link":"https:\/\/roveyayinevi.com.tr\/index.php\/urun\/bebeginize-ingilizce-ogretin\/","title":{"rendered":"Bebe\u011finize \u0130ngilizce \u00d6\u011fretin"},"content":{"rendered":"<p>Zaman ge\u00e7tik\u00e7e d\u00fcnyan\u0131n k\u00fc\u00e7\u00fck bir k\u00f6y oldu\u011funun fark\u0131na varmaya ba\u015flad\u0131k. \u0130leti\u015fim ve ula\u015f\u0131m ara\u00e7lar\u0131n\u0131n yaratt\u0131\u011f\u0131 f\u0131rsatlar\u0131 de\u011ferlendirmemiz i\u00e7in d\u00fcnyada genel kabul g\u00f6ren bilim ve teknoloji dilinin bilinmesi \u015fart! D\u00fc\u015f\u00fcn\u00fcn ki sadece ilk\u00f6\u011fretime ba\u015flama ya\u015f\u0131na gelen \u00e7ocu\u011funuz ikinci bir dili \u00e7oktan \u00f6\u011frenmi\u015f; o dili konu\u015fuyor ve konu\u015fulan\u0131 anl\u0131yor olsun&#8230; Bunu g\u00f6rmek sizi ne kadar da mutlu eder, \u00f6yle de\u011fil mi?\u0130\u015fte bu kitap; &#8220;Kendi \u00e7ocuklar\u0131m\u0131za evimizde ikinci bir dil nas\u0131l \u00f6\u011fretebilir&#8221; sorusuna cevap arayanlar i\u00e7in yaz\u0131ld\u0131. Yakla\u015f\u0131k on y\u0131ld\u0131r her kademe e\u011fitim \u00f6\u011fretim kurumunda \u0130ngilizce \u00f6\u011fretmeni olarak g\u00f6rev yapma \u015fans\u0131 buldum. \u0130ngilizce \u00f6\u011frenmeyi okulla s\u0131n\u0131rlamadan, hayat\u0131m\u0131z\u0131n i\u00e7ine d\u00e2hil ederek ve baz\u0131 metotlar kullanarak k\u0131z\u0131m\u0131 \u0130ngilizce-T\u00fcrk\u00e7e \u00e7ift dilli yeti\u015ftirdim. \u015euan alt\u0131 ya\u015f\u0131nda olan k\u0131z\u0131m\u0131n T\u00fcrk\u00e7esi en az ya\u015f\u0131tlar\u0131 kadar ve \u0130ngilizcesi T\u00fcrk\u00e7esinden daha h\u0131zl\u0131.\u00c7ift dilli \u00e7ocuk yeti\u015ftirmek \u00fczerine k\u0131lavuz kitap niteli\u011finde olan bu kitaba;\u2022 \u00c7ift dillili\u011fin akademik altyap\u0131s\u0131,\u2022 Y\u00f6ntemler, teknikler, tavsiyeler\u2022 Anketler, r\u00f6portajlar\u2022 G\u00fcnl\u00fck diyaloglar, oyunlargibi \u00e7ift dillilik s\u00fcrecinde ihtiya\u00e7 duyacaklar\u0131n\u0131z\u0131 toplad\u0131m.A&#8217;dan Z&#8217;ye \u00e7ift dillilik \u00fczerin her \u015feyi bulabilece\u011finiz bu kitap, T\u00fcrkiye&#8217;de bu alanda, k\u0131lavuz niteli\u011finde bas\u0131lan ilk kitapt\u0131r. Zevkle okuman\u0131z\u0131 ve \u00e7ocu\u011funuza verebilece\u011finiz en g\u00fczel hediyelerden biri olan ikinci bir dili erken ya\u015fta \u00e7ocu\u011funuza hediye etmenizi diliyorum.<\/p>\n","protected":false},"excerpt":{"rendered":"<p>Zaman ge\u00e7tik\u00e7e d\u00fcnyan\u0131n k\u00fc\u00e7\u00fck bir k\u00f6y oldu\u011funun fark\u0131na varmaya ba\u015flad\u0131k. \u0130leti\u015fim ve ula\u015f\u0131m ara\u00e7lar\u0131n\u0131n yaratt\u0131\u011f\u0131 f\u0131rsatlar\u0131 de\u011ferlendirmemiz i\u00e7in d\u00fcnyada genel kabul g\u00f6ren bilim ve teknoloji dilinin<span class=\"excerpt-hellip\"> [\u2026]<\/span><\/p>\n","protected":false},"featured_media":0,"template":"","meta":{"_monsterinsights_skip_tracking":false,"_monsterinsights_sitenote_active":false,"_monsterinsights_sitenote_note":"","_monsterinsights_sitenote_category":0},"product_brand":[],"product_cat":[12567,12566],"product_tag":[],"class_list":{"0":"post-771834","1":"product","2":"type-product","3":"status-publish","5":"product_cat-diger-egitim","6":"product_cat-egitim","7":"pa_cilt-ciltsiz","8":"pa_tur-kitap","9":"pa_yayinevi-yediveren-yayinlari","10":"pa_yazar-yalcin-emre-turhal","12":"first","13":"instock","14":"sale","15":"shipping-taxable","16":"purchasable","17":"product-type-simple"},"_links":{"self":[{"href":"https:\/\/roveyayinevi.com.tr\/index.php\/wp-json\/wp\/v2\/product\/771834","targetHints":{"allow":["GET"]}}],"collection":[{"href":"https:\/\/roveyayinevi.com.tr\/index.php\/wp-json\/wp\/v2\/product"}],"about":[{"href":"https:\/\/roveyayinevi.com.tr\/index.php\/wp-json\/wp\/v2\/types\/product"}],"wp:attachment":[{"href":"https:\/\/roveyayinevi.com.tr\/index.php\/wp-json\/wp\/v2\/media?parent=771834"}],"wp:term":[{"taxonomy":"product_brand","embeddable":true,"href":"https:\/\/roveyayinevi.com.tr\/index.php\/wp-json\/wp\/v2\/product_brand?post=771834"},{"taxonomy":"product_cat","embeddable":true,"href":"https:\/\/roveyayinevi.com.tr\/index.php\/wp-json\/wp\/v2\/product_cat?post=771834"},{"taxonomy":"product_tag","embeddable":true,"href":"https:\/\/roveyayinevi.com.tr\/index.php\/wp-json\/wp\/v2\/product_tag?post=771834"}],"curies":[{"name":"wp","href":"https:\/\/api.w.org\/{rel}","templated":true}]}}