{"id":771826,"date":"2025-08-28T15:19:17","date_gmt":"2025-08-28T12:19:17","guid":{"rendered":"https:\/\/roveyayinevi.com.tr\/index.php\/urun\/60-dakikada-guclu-hafiza\/"},"modified":"2026-04-15T03:38:16","modified_gmt":"2026-04-15T00:38:16","slug":"60-dakikada-guclu-hafiza","status":"publish","type":"product","link":"https:\/\/roveyayinevi.com.tr\/index.php\/urun\/60-dakikada-guclu-hafiza\/","title":{"rendered":"60 Dakikada G\u00fc\u00e7l\u00fc Haf\u0131za"},"content":{"rendered":"<p>Sadece 60 dakikan\u0131z\u0131 ay\u0131rarak haf\u0131zan\u0131z\u0131 nas\u0131l daha etkin kullanabilece\u011finizi, bilgiye nas\u0131l h\u0131zl\u0131 vekal\u0131c\u0131 eri\u015fim sa\u011flayabilece\u011finizi ve unutkanl\u0131ktan nas\u0131l kurtulabilece\u011finizi \u00f6\u011freneceksiniz.\u0130ster \u00f6\u011frencilik hayat\u0131n\u0131zda ister i\u015f d\u00fcnyas\u0131nda ister g\u00fcnl\u00fck ya\u015fam\u0131n\u0131zda, haf\u0131zan\u0131z\u0131n g\u00fcc\u00fcn\u00fc bu kitapta ke\u015ffedeceksiniz.<\/p>\n","protected":false},"excerpt":{"rendered":"<p>Sadece 60 dakikan\u0131z\u0131 ay\u0131rarak haf\u0131zan\u0131z\u0131 nas\u0131l daha etkin kullanabilece\u011finizi, bilgiye nas\u0131l h\u0131zl\u0131 vekal\u0131c\u0131 eri\u015fim sa\u011flayabilece\u011finizi ve unutkanl\u0131ktan nas\u0131l kurtulabilece\u011finizi \u00f6\u011freneceksiniz.\u0130ster \u00f6\u011frencilik hayat\u0131n\u0131zda ister i\u015f d\u00fcnyas\u0131nda ister<span class=\"excerpt-hellip\"> [\u2026]<\/span><\/p>\n","protected":false},"featured_media":0,"template":"","meta":{"_monsterinsights_skip_tracking":false,"_monsterinsights_sitenote_active":false,"_monsterinsights_sitenote_note":"","_monsterinsights_sitenote_category":0},"product_brand":[],"product_cat":[12364,12376],"product_tag":[],"class_list":{"0":"post-771826","1":"product","2":"type-product","3":"status-publish","5":"product_cat-genel-konular","6":"product_cat-kisisel-gelisim","7":"pa_cilt-ciltsiz","8":"pa_tur-kitap","9":"pa_yayinevi-yediveren-yayinlari","10":"pa_yazar-kolektif","12":"first","13":"instock","14":"sale","15":"shipping-taxable","16":"purchasable","17":"product-type-simple"},"_links":{"self":[{"href":"https:\/\/roveyayinevi.com.tr\/index.php\/wp-json\/wp\/v2\/product\/771826","targetHints":{"allow":["GET"]}}],"collection":[{"href":"https:\/\/roveyayinevi.com.tr\/index.php\/wp-json\/wp\/v2\/product"}],"about":[{"href":"https:\/\/roveyayinevi.com.tr\/index.php\/wp-json\/wp\/v2\/types\/product"}],"wp:attachment":[{"href":"https:\/\/roveyayinevi.com.tr\/index.php\/wp-json\/wp\/v2\/media?parent=771826"}],"wp:term":[{"taxonomy":"product_brand","embeddable":true,"href":"https:\/\/roveyayinevi.com.tr\/index.php\/wp-json\/wp\/v2\/product_brand?post=771826"},{"taxonomy":"product_cat","embeddable":true,"href":"https:\/\/roveyayinevi.com.tr\/index.php\/wp-json\/wp\/v2\/product_cat?post=771826"},{"taxonomy":"product_tag","embeddable":true,"href":"https:\/\/roveyayinevi.com.tr\/index.php\/wp-json\/wp\/v2\/product_tag?post=771826"}],"curies":[{"name":"wp","href":"https:\/\/api.w.org\/{rel}","templated":true}]}}