{"id":771819,"date":"2025-08-28T15:19:06","date_gmt":"2025-08-28T12:19:06","guid":{"rendered":"https:\/\/roveyayinevi.com.tr\/index.php\/urun\/armageddonun-ayak-sesleri\/"},"modified":"2026-04-15T03:38:15","modified_gmt":"2026-04-15T00:38:15","slug":"armageddonun-ayak-sesleri","status":"publish","type":"product","link":"https:\/\/roveyayinevi.com.tr\/index.php\/urun\/armageddonun-ayak-sesleri\/","title":{"rendered":"Armageddon\u2019un Ayak Sesleri"},"content":{"rendered":"<p>Albert Einstein genel g\u00f6relilik kuram\u0131 u\u0308zerindeki \u00e7al\u0131\u015fmas\u0131n\u0131 1915 y\u0131l\u0131nda tamamlad\u0131ktan sonra \u0130zafiyet Teorisi adl\u0131 kitab\u0131n\u0131 kaleme ald\u0131. S\u0131radan okura hitap eden \u0130zafiyet Teorisi \u00f6zel ve genel g\u00f6relilik kuramlar\u0131 u\u0308zerine \u015fimdiye dek yaz\u0131lm\u0131\u015f en a\u00e7\u0131klay\u0131c\u0131 kitap olma unvan\u0131n\u0131 koruyor. \u00dcnlu\u0308 kitab\u0131n elinizdeki bas\u0131m\u0131 ise Einstein\u2019\u0131n du\u0308\u015fu\u0308ncesinin ve eserinin evrimini gu\u0308nu\u0308mu\u0308z ba\u011flam\u0131nda de\u011ferlendiren yorumlar i\u00e7eriyor. 100 Y\u0131ld\u00f6nu\u0308mu\u0308 Bas\u0131m\u0131, Einstein\u2019\u0131n eserine en son bilimsel geli\u015fmelerin \u0131\u015f\u0131\u011f\u0131 alt\u0131nda g\u00f6z atmak isteyen okur i\u00e7in ideal bir tercih. \u201cEinstein\u2019\u0131n \u00f6zel ve genel g\u00f6relilikle ilgili kitab\u0131n\u0131n bu yeni bas\u0131m\u0131n\u0131 okumak bu\u0308yu\u0308k bir zevk. G\u00f6relilik yu\u0308z y\u0131ld\u0131r kitaplara, k\u00f6\u015fe yaz\u0131lar\u0131na, makalelere konu oldu, ama en iyi a\u00e7\u0131klamay\u0131 yine usta bizzat yap\u0131yor.\u201d \u2212 BRIAN GREENE, Columbia \u00dcniversitesi \u201cBu kitap \u00f6nemli bir tarihsel belge olmakla kalm\u0131yor, ayn\u0131 zamanda Einstein\u2019\u0131n du\u0308\u015fu\u0308nce u\u0308slubunu ve berrakl\u0131\u011f\u0131n\u0131 geni\u015f bir okur kitlesine tan\u0131t\u0131yor.\u201d \u2212 MARTIN REES, Cambridge \u00dcniversitesiKitap Tan\u0131t\u0131m Yaz\u0131s\u0131 : D\u00fcnya, b\u00fct\u00fcn dinlerin kadim kaynaklar\u0131nda \u2018\u2019Son\u2019\u2019 olarak isimlendirilen noktaya do\u011fru s\u00fcr\u00fcklenmektedir. Kadim soylar\u0131n bug\u00fcnk\u00fc varisleri \u2018\u2019YEN\u0130 D\u00dcNYA D\u00dcZEN\u0130 PROJES\u0130\u2019\u2019 kapsam\u0131nda tekrar sahne alm\u0131\u015flard\u0131r. Bizans Hanedanl\u0131\u011f\u0131n\u0131n varisi Konstantin Moskova\u2019da Roma-Slav \u0130mparatorlu\u011fu\u2019nu kurmu\u015f ve hedefini a\u00e7\u0131klam\u0131\u015ft\u0131r: \u0130STANBUL\u2026 Hasan Sabbah\u2019\u0131n torunlar\u0131ndan olan b\u00fcy\u00fck bir i\u015fadam\u0131 ise T\u00fcrkiye\u2019de sekteye u\u011frayan uyu\u015fturucu ticareti sonras\u0131nda \u0130ran\u2019da bir darbe ile y\u00f6netimi ele ge\u00e7irmi\u015ftir. Avrupa Birli\u011fi\u2019nde patlak veren b\u00fcy\u00fck yolsuzluk, r\u00fc\u015fvet ve vergi ka\u00e7\u0131rma skandallar\u0131 y\u00fcz\u00fcnden, Birlik da\u011f\u0131lma a\u015famas\u0131na gelmi\u015ftir. K\u00e2be ve Mescid-i Aksa\u2019ya yap\u0131lan ter\u00f6r sald\u0131r\u0131lar\u0131, Tel Aviv\u2019de patlayan bombalar, Suriye\u2019deki geli\u015fmeler ve Diyarbak\u0131r su \u015febekesine kar\u0131\u015ft\u0131r\u0131lan zehirli bir kimyasal madde\u2026 D\u00fcnya b\u00fcy\u00fck bir kaosun i\u00e7erisine do\u011fmu\u015ftur. Kaosun mimarlar\u0131n\u0131n \u2018\u2019Yeni D\u00fcnya D\u00fczeni\u2019\u2019 olarak form\u00fcle ettikleri kaostan sonraki d\u00fczenin \u00f6n\u00fcndeki hedef ise y\u00fcz y\u0131l \u00f6nceki gibi yine T\u00fcrk Milleti ve Anadolu topraklar\u0131d\u0131r. Kaos mimarlar\u0131n\u0131n hesap edemedikleri bir \u015fey vard\u0131r: T\u00fcrk Milleti\u2019nin i\u00e7indeki Mustafa Kemalleri \u00e7\u0131karabilecek cevher\u2026<\/p>\n","protected":false},"excerpt":{"rendered":"<p>Albert Einstein genel g\u00f6relilik kuram\u0131 u\u0308zerindeki \u00e7al\u0131\u015fmas\u0131n\u0131 1915 y\u0131l\u0131nda tamamlad\u0131ktan sonra \u0130zafiyet Teorisi adl\u0131 kitab\u0131n\u0131 kaleme ald\u0131. S\u0131radan okura hitap eden \u0130zafiyet Teorisi \u00f6zel ve genel<span class=\"excerpt-hellip\"> [\u2026]<\/span><\/p>\n","protected":false},"featured_media":0,"template":"","meta":{"_monsterinsights_skip_tracking":false,"_monsterinsights_sitenote_active":false,"_monsterinsights_sitenote_note":"","_monsterinsights_sitenote_category":0},"product_brand":[],"product_cat":[12291,14777],"product_tag":[],"class_list":{"0":"post-771819","1":"product","2":"type-product","3":"status-publish","5":"product_cat-edebiyat","6":"product_cat-fantastik","7":"pa_cilt-ciltsiz","8":"pa_tur-kitap","9":"pa_yayinevi-eftalya-kitap","10":"pa_yazar-anil-kurt","12":"first","13":"instock","14":"sale","15":"shipping-taxable","16":"purchasable","17":"product-type-simple"},"_links":{"self":[{"href":"https:\/\/roveyayinevi.com.tr\/index.php\/wp-json\/wp\/v2\/product\/771819","targetHints":{"allow":["GET"]}}],"collection":[{"href":"https:\/\/roveyayinevi.com.tr\/index.php\/wp-json\/wp\/v2\/product"}],"about":[{"href":"https:\/\/roveyayinevi.com.tr\/index.php\/wp-json\/wp\/v2\/types\/product"}],"wp:attachment":[{"href":"https:\/\/roveyayinevi.com.tr\/index.php\/wp-json\/wp\/v2\/media?parent=771819"}],"wp:term":[{"taxonomy":"product_brand","embeddable":true,"href":"https:\/\/roveyayinevi.com.tr\/index.php\/wp-json\/wp\/v2\/product_brand?post=771819"},{"taxonomy":"product_cat","embeddable":true,"href":"https:\/\/roveyayinevi.com.tr\/index.php\/wp-json\/wp\/v2\/product_cat?post=771819"},{"taxonomy":"product_tag","embeddable":true,"href":"https:\/\/roveyayinevi.com.tr\/index.php\/wp-json\/wp\/v2\/product_tag?post=771819"}],"curies":[{"name":"wp","href":"https:\/\/api.w.org\/{rel}","templated":true}]}}