{"id":771816,"date":"2025-08-28T15:19:02","date_gmt":"2025-08-28T12:19:02","guid":{"rendered":"https:\/\/roveyayinevi.com.tr\/index.php\/urun\/zamansiz-ajanda\/"},"modified":"2026-04-15T03:38:15","modified_gmt":"2026-04-15T00:38:15","slug":"zamansiz-ajanda","status":"publish","type":"product","link":"https:\/\/roveyayinevi.com.tr\/index.php\/urun\/zamansiz-ajanda\/","title":{"rendered":"Zamans\u0131z Ajanda"},"content":{"rendered":"<p>Sevgili okurum, Zaman her birimiz i\u00e7in farkl\u0131 h\u0131zlarda ilerliyor bazen aylar \u00e7ok h\u0131zl\u0131 ge\u00e7se de baz\u0131 geceler bitmek bilmiyor\u2026 Bug\u00fcn tasarlad\u0131\u011f\u0131m ajanda hangi zaman diliminde olursan ol seninle olacak, mutlu anlar\u0131nda oldu\u011fu gibi mutsuz anlar\u0131nda da sana e\u015flik edecek\u2026 Zaman\u0131n\u0131 nas\u0131l de\u011ferlendirmek istedi\u011fin, bu defteri nelerle doldurmak istedi\u011fin, hangi renklere yer verece\u011fin tamamen senin se\u00e7imlerine ba\u011fl\u0131\u2026 Her neyi se\u00e7ersen se\u00e7 biz hep seninleyiz.<\/p>\n","protected":false},"excerpt":{"rendered":"<p>Sevgili okurum, Zaman her birimiz i\u00e7in farkl\u0131 h\u0131zlarda ilerliyor bazen aylar \u00e7ok h\u0131zl\u0131 ge\u00e7se de baz\u0131 geceler bitmek bilmiyor\u2026 Bug\u00fcn tasarlad\u0131\u011f\u0131m ajanda hangi zaman diliminde olursan<span class=\"excerpt-hellip\"> [\u2026]<\/span><\/p>\n","protected":false},"featured_media":0,"template":"","meta":{"_monsterinsights_skip_tracking":false,"_monsterinsights_sitenote_active":false,"_monsterinsights_sitenote_note":"","_monsterinsights_sitenote_category":0},"product_brand":[],"product_cat":[28265,15563],"product_tag":[],"class_list":{"0":"post-771816","1":"product","2":"type-product","3":"status-publish","5":"product_cat-diger-hobi","6":"product_cat-hobi","7":"pa_cilt-ciltsiz","8":"pa_tur-kitap20","9":"pa_yayinevi-yediveren-yayinlari","10":"pa_yazar-sezen-tatli","12":"first","13":"instock","14":"sale","15":"shipping-taxable","16":"purchasable","17":"product-type-simple"},"_links":{"self":[{"href":"https:\/\/roveyayinevi.com.tr\/index.php\/wp-json\/wp\/v2\/product\/771816","targetHints":{"allow":["GET"]}}],"collection":[{"href":"https:\/\/roveyayinevi.com.tr\/index.php\/wp-json\/wp\/v2\/product"}],"about":[{"href":"https:\/\/roveyayinevi.com.tr\/index.php\/wp-json\/wp\/v2\/types\/product"}],"wp:attachment":[{"href":"https:\/\/roveyayinevi.com.tr\/index.php\/wp-json\/wp\/v2\/media?parent=771816"}],"wp:term":[{"taxonomy":"product_brand","embeddable":true,"href":"https:\/\/roveyayinevi.com.tr\/index.php\/wp-json\/wp\/v2\/product_brand?post=771816"},{"taxonomy":"product_cat","embeddable":true,"href":"https:\/\/roveyayinevi.com.tr\/index.php\/wp-json\/wp\/v2\/product_cat?post=771816"},{"taxonomy":"product_tag","embeddable":true,"href":"https:\/\/roveyayinevi.com.tr\/index.php\/wp-json\/wp\/v2\/product_tag?post=771816"}],"curies":[{"name":"wp","href":"https:\/\/api.w.org\/{rel}","templated":true}]}}