{"id":771795,"date":"2025-08-28T15:18:21","date_gmt":"2025-08-28T12:18:21","guid":{"rendered":"https:\/\/roveyayinevi.com.tr\/index.php\/urun\/nutuk-15\/"},"modified":"2026-04-15T03:38:15","modified_gmt":"2026-04-15T00:38:15","slug":"nutuk-15","status":"publish","type":"product","link":"https:\/\/roveyayinevi.com.tr\/index.php\/urun\/nutuk-15\/","title":{"rendered":"Nutuk"},"content":{"rendered":"<p>Sayg\u0131de\u011fer Efendiler, sizi g\u00fcnlerce i\u015fgal eden uzun ve teferruatl\u0131 nutkum, nihayet ge\u00e7mi\u015fe kar\u0131\u015fm\u0131\u015f bir devrin hik\u00e2yesidir. Bunda milletim i\u00e7in ve gelecekteki evl\u00e2tlar\u0131m\u0131z i\u00e7in dikkat ve uyan\u0131kl\u0131k sa\u011flayabilecek baz\u0131 noktalar\u0131 belirtebilmi\u015f isem kendimi bahtiyar sayaca\u011f\u0131m.Efendiler, bu nutkumla, Milli varl\u0131\u011f\u0131 sona ermi\u015f say\u0131lan b\u00fcy\u00fck bir milletin, istikl\u00e2lini nas\u0131l kazand\u0131\u011f\u0131n\u0131, ilim ve tekni\u011fin en son esaslar\u0131na dayanan Milli ve \u00e7a\u011fda\u015f bir devleti nas\u0131l kurdu\u011funu anlatmaya \u00e7al\u0131\u015ft\u0131m.Bug\u00fcn ula\u015ft\u0131\u011f\u0131m\u0131z sonu\u00e7, as\u0131rlardan beri \u00e7ekilen Milli fel\u00e2ketlerin yaratt\u0131\u011f\u0131 uyan\u0131kl\u0131\u011f\u0131n eseri ve bu aziz vatan\u0131n her k\u00f6\u015fesini sulayan kanlar\u0131n bedelidir.Bu sonucu, T\u00fcrk gen\u00e7li\u011fine emanet ediyorum.<\/p>\n","protected":false},"excerpt":{"rendered":"<p>Sayg\u0131de\u011fer Efendiler, sizi g\u00fcnlerce i\u015fgal eden uzun ve teferruatl\u0131 nutkum, nihayet ge\u00e7mi\u015fe kar\u0131\u015fm\u0131\u015f bir devrin hik\u00e2yesidir. Bunda milletim i\u00e7in ve gelecekteki evl\u00e2tlar\u0131m\u0131z i\u00e7in dikkat ve uyan\u0131kl\u0131k<span class=\"excerpt-hellip\"> [\u2026]<\/span><\/p>\n","protected":false},"featured_media":0,"template":"","meta":{"_monsterinsights_skip_tracking":false,"_monsterinsights_sitenote_active":false,"_monsterinsights_sitenote_note":"","_monsterinsights_sitenote_category":0},"product_brand":[],"product_cat":[12530,12304],"product_tag":[],"class_list":{"0":"post-771795","1":"product","2":"type-product","3":"status-publish","5":"product_cat-mustafa-kemal-ataturk","6":"product_cat-tarih","7":"pa_cilt-ciltsiz","8":"pa_tur-kitap","9":"pa_yayinevi-eftalya-kitap","10":"pa_yazar-mustafa-kemal-ataturk","12":"first","13":"instock","14":"sale","15":"shipping-taxable","16":"purchasable","17":"product-type-simple"},"_links":{"self":[{"href":"https:\/\/roveyayinevi.com.tr\/index.php\/wp-json\/wp\/v2\/product\/771795","targetHints":{"allow":["GET"]}}],"collection":[{"href":"https:\/\/roveyayinevi.com.tr\/index.php\/wp-json\/wp\/v2\/product"}],"about":[{"href":"https:\/\/roveyayinevi.com.tr\/index.php\/wp-json\/wp\/v2\/types\/product"}],"wp:attachment":[{"href":"https:\/\/roveyayinevi.com.tr\/index.php\/wp-json\/wp\/v2\/media?parent=771795"}],"wp:term":[{"taxonomy":"product_brand","embeddable":true,"href":"https:\/\/roveyayinevi.com.tr\/index.php\/wp-json\/wp\/v2\/product_brand?post=771795"},{"taxonomy":"product_cat","embeddable":true,"href":"https:\/\/roveyayinevi.com.tr\/index.php\/wp-json\/wp\/v2\/product_cat?post=771795"},{"taxonomy":"product_tag","embeddable":true,"href":"https:\/\/roveyayinevi.com.tr\/index.php\/wp-json\/wp\/v2\/product_tag?post=771795"}],"curies":[{"name":"wp","href":"https:\/\/api.w.org\/{rel}","templated":true}]}}