{"id":771787,"date":"2025-08-28T15:18:05","date_gmt":"2025-08-28T12:18:05","guid":{"rendered":"https:\/\/roveyayinevi.com.tr\/index.php\/urun\/benim-mutlu-evliligim-5\/"},"modified":"2026-04-15T03:38:15","modified_gmt":"2026-04-15T00:38:15","slug":"benim-mutlu-evliligim-5","status":"publish","type":"product","link":"https:\/\/roveyayinevi.com.tr\/index.php\/urun\/benim-mutlu-evliligim-5\/","title":{"rendered":"Benim Mutlu Evlili\u011fim 5"},"content":{"rendered":"<p>M\u0130YO SA\u0130MOR\u0130, A\u0130LES\u0130NDEN H\u0130\u00c7B\u0130R YETENE\u011e\u0130 M\u0130RAS   ALMAMI\u015e, HERKES\u0130N YOK SAYDI\u011eI B\u0130R\u0130D\u0130R. FAKAT KEND\u0130 A\u0130LES\u0130 G\u0130B\u0130 \u00d6ZEL G\u00dc\u00c7LERE SAH\u0130P KUDOU A\u0130LES\u0130\u2019NE GEL\u0130N ADAYI OLARAK G\u0130DER. \u015eATAFATTAN UZAK, SOYLU B\u0130R A\u0130LEN\u0130N KIZINA BENZEMEYEN M\u0130YO\u2019NUN DURUMUNU G\u00d6REN A\u0130LE RE\u0130S\u0130 K\u0130YOKA KUDOU, ONA \u0130LG\u0130 DUYMAYA BA\u015eLAR.   N\u0130\u015eANLANSALAR DA M\u0130YO, ONA MUSALLAT OLAN K\u00c2BUSLAR Y\u00dcZ\u00dcNDEN ZAYIF D\u00dc\u015eER. ANCAK B\u0130R G\u00dcN, KAR\u015eILARINA ARATA TSURUK\u0130 ADINDA B\u0130R ADAM \u00c7IKAR. BU ADAM, M\u0130YO\u2019NUN ZAYIF D\u00dc\u015eMES\u0130N\u0130N SEBEB\u0130N\u0130N G\u0130ZL\u0130 YETENE\u011e\u0130 OLDU\u011eUNU VE BUNU SADECE ANNES\u0130N\u0130N A\u0130LES\u0130 USUBALARIN \u00c7\u00d6ZEB\u0130LECE\u011e\u0130N\u0130 S\u00d6YLER. DAHA SONRA \u0130SE K\u0130YOKA VE ARATA, M\u0130YO \u0130\u00c7\u0130N B\u0130R D\u00dcELLO YAPAR. LAK\u0130N K\u0130YOKA\u2019NIN YEN\u0130LMES\u0130N\u0130N ARDINDAN M\u0130YO, ARATA\u2019YLA B\u0130RL\u0130KTE USUBA A\u0130LES\u0130\u2019NDE KALIR. B\u0130RL\u0130KTE OLMAK \u0130STED\u0130K\u00c7E B\u0130RB\u0130R\u0130NDEN UZAKLA\u015eAN \u0130K\u0130L\u0130Y\u0130 NELER BEKL\u0130YOR?&#8230;   TAR\u0130H\u0130 KURGU VE EVL\u0130L\u0130K&#8230;   MUC\u0130ZEV\u0130 B\u0130R S\u0130NDRELLA MASALI&#8230; <\/p>\n","protected":false},"excerpt":{"rendered":"<p>M\u0130YO SA\u0130MOR\u0130, A\u0130LES\u0130NDEN H\u0130\u00c7B\u0130R YETENE\u011e\u0130 M\u0130RAS ALMAMI\u015e, HERKES\u0130N YOK SAYDI\u011eI B\u0130R\u0130D\u0130R. FAKAT KEND\u0130 A\u0130LES\u0130 G\u0130B\u0130 \u00d6ZEL G\u00dc\u00c7LERE SAH\u0130P KUDOU A\u0130LES\u0130\u2019NE GEL\u0130N ADAYI OLARAK G\u0130DER. \u015eATAFATTAN UZAK,<span class=\"excerpt-hellip\"> [\u2026]<\/span><\/p>\n","protected":false},"featured_media":0,"template":"","meta":{"_monsterinsights_skip_tracking":false,"_monsterinsights_sitenote_active":false,"_monsterinsights_sitenote_note":"","_monsterinsights_sitenote_category":0},"product_brand":[],"product_cat":[12416,12291],"product_tag":[],"class_list":{"0":"post-771787","1":"product","2":"type-product","3":"status-publish","5":"product_cat-cizgi-roman","6":"product_cat-edebiyat","7":"pa_cilt-ciltsiz","8":"pa_tur-kitap","9":"pa_yayinevi-athica-yayinlari","10":"pa_yazar-akumi-agitogi","12":"first","13":"instock","14":"sale","15":"shipping-taxable","16":"purchasable","17":"product-type-simple"},"_links":{"self":[{"href":"https:\/\/roveyayinevi.com.tr\/index.php\/wp-json\/wp\/v2\/product\/771787","targetHints":{"allow":["GET"]}}],"collection":[{"href":"https:\/\/roveyayinevi.com.tr\/index.php\/wp-json\/wp\/v2\/product"}],"about":[{"href":"https:\/\/roveyayinevi.com.tr\/index.php\/wp-json\/wp\/v2\/types\/product"}],"wp:attachment":[{"href":"https:\/\/roveyayinevi.com.tr\/index.php\/wp-json\/wp\/v2\/media?parent=771787"}],"wp:term":[{"taxonomy":"product_brand","embeddable":true,"href":"https:\/\/roveyayinevi.com.tr\/index.php\/wp-json\/wp\/v2\/product_brand?post=771787"},{"taxonomy":"product_cat","embeddable":true,"href":"https:\/\/roveyayinevi.com.tr\/index.php\/wp-json\/wp\/v2\/product_cat?post=771787"},{"taxonomy":"product_tag","embeddable":true,"href":"https:\/\/roveyayinevi.com.tr\/index.php\/wp-json\/wp\/v2\/product_tag?post=771787"}],"curies":[{"name":"wp","href":"https:\/\/api.w.org\/{rel}","templated":true}]}}

Benim Mutlu Evliliğim 5

<p>MİYO SAİMORİ, AİLESİNDEN HİÇBİR YETENEĞİ MİRAS   ALMAMIŞ, HERKESİN YOK SAYDIĞI BİRİDİR. FAKAT KENDİ AİLESİ GİBİ ÖZEL GÜÇLERE SAHİP KUDOU AİLESİ’NE GELİN ADAYI OLARAK GİDER. ŞATAFATTAN UZAK, SOYLU BİR AİLENİN KIZINA BENZEMEYEN MİYO’NUN DURUMUNU GÖREN AİLE REİSİ KİYOKA KUDOU, ONA İLGİ DUYMAYA BAŞLAR.   NİŞANLANSALAR DA MİYO, ONA MUSALLAT OLAN KÂBUSLAR YÜZÜNDEN ZAYIF DÜŞER. ANCAK BİR GÜN, KARŞILARINA ARATA TSURUKİ ADINDA BİR ADAM ÇIKAR. BU ADAM, MİYO’NUN ZAYIF DÜŞMESİNİN SEBEBİNİN GİZLİ YETENEĞİ OLDUĞUNU VE BUNU SADECE ANNESİNİN AİLESİ USUBALARIN ÇÖZEBİLECEĞİNİ SÖYLER. DAHA SONRA İSE KİYOKA VE ARATA, MİYO İÇİN BİR DÜELLO YAPAR. LAKİN KİYOKA’NIN YENİLMESİNİN ARDINDAN MİYO, ARATA’YLA BİRLİKTE USUBA AİLESİ’NDE KALIR. BİRLİKTE OLMAK İSTEDİKÇE BİRBİRİNDEN UZAKLAŞAN İKİLİYİ NELER BEKLİYOR?&#8230;   TARİHİ KURGU VE EVLİLİK&#8230;   MUCİZEVİ BİR SİNDRELLA MASALI&#8230; </p>

<p>MİYO SAİMORİ, AİLESİNDEN HİÇBİR YETENEĞİ MİRAS ALMAMIŞ, HERKESİN YOK SAYDIĞI BİRİDİR. FAKAT KENDİ AİLESİ GİBİ ÖZEL GÜÇLERE SAHİP KUDOU AİLESİ’NE GELİN ADAYI OLARAK GİDER. ŞATAFATTAN UZAK,<span class="excerpt-hellip"> […]</span></p>
