{"id":771770,"date":"2025-08-28T15:17:34","date_gmt":"2025-08-28T12:17:34","guid":{"rendered":"https:\/\/roveyayinevi.com.tr\/index.php\/urun\/hayalimdeki-aile\/"},"modified":"2026-04-15T03:38:14","modified_gmt":"2026-04-15T00:38:14","slug":"hayalimdeki-aile","status":"publish","type":"product","link":"https:\/\/roveyayinevi.com.tr\/index.php\/urun\/hayalimdeki-aile\/","title":{"rendered":"Hayalimdeki Aile"},"content":{"rendered":"<p>Hayat denilen yolculuk hem \u00e7ok k\u0131sa hem de t\u00fcrl\u00fc sevin\u00e7lere ve h\u00fcz\u00fcnlere gebedir. Sevin\u00e7ler kadar h\u00fcz\u00fcnler de olmal\u0131 ki insan oldu\u011fumuzu hat\u0131rlayal\u0131m. \u0130nsan oldu\u011fumuzu hat\u0131rlad\u0131k\u00e7a tahamm\u00fcl etme ile sabretme aras\u0131ndaki o ince \u00e7izgiyi tutturabilelim. En b\u00fcy\u00fck s\u0131k\u0131nt\u0131lara hamdetmeyi bilerek arkas\u0131ndan gelecek ferahl\u0131klara \u015f\u00fckretmeyi de unutmayal\u0131m.  Aile kale gibidir, insan\u0131n kendini en g\u00fcvende hissetti\u011fi yerdir. Sa\u011flamd\u0131r, s\u0131rt\u0131n\u0131 yaslayabilece\u011fi duvarlarla y\u00fckselir. Zihinsel ve duygusal dayan\u0131kl\u0131l\u0131\u011f\u0131m\u0131z aile ba\u011flar\u0131m\u0131z\u0131n sa\u011flam olu\u015fuyla do\u011fru orant\u0131l\u0131d\u0131r. Bu sayede olumsuz sonu\u00e7lanan her durumla ba\u015fa \u00e7\u0131kabiliriz. \u00c7\u00fcnk\u00fc biliriz, ne olursa olsun bizi ko\u015fulsuz bir \u015fekilde kabul eden ailemiz vard\u0131r. Bu kitap \u201cHayalimdeki Aile\u201dyi kurarken ya\u015fad\u0131\u011f\u0131m t\u00fcrl\u00fc g\u00fczelliklerin ve imtihanlar\u0131n sonucunda ortaya \u00e7\u0131kan en g\u00fczel tohumdur benim i\u00e7in. Topra\u011fa b\u0131rak\u0131r gibi sizlere sunuyorum. Dilerim ye\u015fermesini de birlikte seyredelim ve g\u00f6lgesinde hep birlikte dinlenelim. Sevgilerimle\u2026<\/p>\n","protected":false},"excerpt":{"rendered":"<p>Hayat denilen yolculuk hem \u00e7ok k\u0131sa hem de t\u00fcrl\u00fc sevin\u00e7lere ve h\u00fcz\u00fcnlere gebedir. Sevin\u00e7ler kadar h\u00fcz\u00fcnler de olmal\u0131 ki insan oldu\u011fumuzu hat\u0131rlayal\u0131m. \u0130nsan oldu\u011fumuzu hat\u0131rlad\u0131k\u00e7a tahamm\u00fcl<span class=\"excerpt-hellip\"> [\u2026]<\/span><\/p>\n","protected":false},"featured_media":0,"template":"","meta":{"_monsterinsights_skip_tracking":false,"_monsterinsights_sitenote_active":false,"_monsterinsights_sitenote_note":"","_monsterinsights_sitenote_category":0},"product_brand":[],"product_cat":[12831,12324],"product_tag":[],"class_list":{"0":"post-771770","1":"product","2":"type-product","3":"status-publish","5":"product_cat-aile-ve-cocuk","6":"product_cat-sosyoloji","7":"pa_cilt-ciltsiz","8":"pa_tur-kitap","9":"pa_yayinevi-yediveren-yayinlari","10":"pa_yazar-safiye-aras","12":"first","13":"instock","14":"sale","15":"shipping-taxable","16":"purchasable","17":"product-type-simple"},"_links":{"self":[{"href":"https:\/\/roveyayinevi.com.tr\/index.php\/wp-json\/wp\/v2\/product\/771770","targetHints":{"allow":["GET"]}}],"collection":[{"href":"https:\/\/roveyayinevi.com.tr\/index.php\/wp-json\/wp\/v2\/product"}],"about":[{"href":"https:\/\/roveyayinevi.com.tr\/index.php\/wp-json\/wp\/v2\/types\/product"}],"wp:attachment":[{"href":"https:\/\/roveyayinevi.com.tr\/index.php\/wp-json\/wp\/v2\/media?parent=771770"}],"wp:term":[{"taxonomy":"product_brand","embeddable":true,"href":"https:\/\/roveyayinevi.com.tr\/index.php\/wp-json\/wp\/v2\/product_brand?post=771770"},{"taxonomy":"product_cat","embeddable":true,"href":"https:\/\/roveyayinevi.com.tr\/index.php\/wp-json\/wp\/v2\/product_cat?post=771770"},{"taxonomy":"product_tag","embeddable":true,"href":"https:\/\/roveyayinevi.com.tr\/index.php\/wp-json\/wp\/v2\/product_tag?post=771770"}],"curies":[{"name":"wp","href":"https:\/\/api.w.org\/{rel}","templated":true}]}}