{"id":771752,"date":"2025-08-28T15:16:58","date_gmt":"2025-08-28T12:16:58","guid":{"rendered":"https:\/\/roveyayinevi.com.tr\/index.php\/urun\/masonlarin-gizli-tarihi\/"},"modified":"2026-04-15T03:38:14","modified_gmt":"2026-04-15T00:38:14","slug":"masonlarin-gizli-tarihi","status":"publish","type":"product","link":"https:\/\/roveyayinevi.com.tr\/index.php\/urun\/masonlarin-gizli-tarihi\/","title":{"rendered":"Masonlar\u0131n Gizli Tarihi"},"content":{"rendered":"<p>Masonlar&#8230;S\u0131rlar\u0131n\u0131 korumak pahas\u0131na \u00f6l\u00fcmlere d\u00fc\u011f\u00fcne gider gibi giden gizemli insanlar&#8230; Kimdir bu Masonlar? Birbirlerini kollamay\u0131 gaye edinmi\u015f, elit ki\u015filerden olu\u015fan bir burjuva yap\u0131lanmas\u0131 m\u0131? Yoksa egolar\u0131na yenik d\u00fc\u015ferek kendilerini olduklar\u0131ndan daha g\u00fc\u00e7l\u00fc g\u00f6stermekten keyif alan g\u00fc\u00e7 simsarlar\u0131 m\u0131?Onlar kimilerine g\u00f6re daha iyi bir d\u00fcnya i\u00e7in \u00e7al\u0131\u015fan karde\u015flik \u00f6rg\u00fct\u00fc, kimilerine g\u00f6re ise insanl\u0131\u011f\u0131n y\u00fccelmesini isteyen zeki adamlar toplulu\u011fu&#8230;Kimileri onlar i\u00e7in Siyonist hedefleri ger\u00e7ekle\u015ftirmek ad\u0131na derin d\u00fcnya devletini y\u00f6neten elit kesim, kimileri ise d\u00fcnyay\u0131 kaosa s\u00fcr\u00fckleyerek &#8220;kaostan d\u00fczen&#8221; olu\u015fturmaya \u00e7al\u0131\u015fan \u00e7\u0131karc\u0131 grup olduklar\u0131n\u0131 iddia eder.<\/p>\n","protected":false},"excerpt":{"rendered":"<p>Masonlar&#8230;S\u0131rlar\u0131n\u0131 korumak pahas\u0131na \u00f6l\u00fcmlere d\u00fc\u011f\u00fcne gider gibi giden gizemli insanlar&#8230; Kimdir bu Masonlar? Birbirlerini kollamay\u0131 gaye edinmi\u015f, elit ki\u015filerden olu\u015fan bir burjuva yap\u0131lanmas\u0131 m\u0131? Yoksa egolar\u0131na<span class=\"excerpt-hellip\"> [\u2026]<\/span><\/p>\n","protected":false},"featured_media":0,"template":"","meta":{"_monsterinsights_skip_tracking":false,"_monsterinsights_sitenote_active":false,"_monsterinsights_sitenote_note":"","_monsterinsights_sitenote_category":0},"product_brand":[],"product_cat":[12370,12304],"product_tag":[],"class_list":{"0":"post-771752","1":"product","2":"type-product","3":"status-publish","5":"product_cat-arastirma-inceleme","6":"product_cat-tarih","7":"pa_cilt-ciltsiz","8":"pa_tur-kitap","9":"pa_yayinevi-eftalya-kitap","10":"pa_yazar-kursad-berkkan","12":"first","13":"instock","14":"sale","15":"shipping-taxable","16":"purchasable","17":"product-type-simple"},"_links":{"self":[{"href":"https:\/\/roveyayinevi.com.tr\/index.php\/wp-json\/wp\/v2\/product\/771752","targetHints":{"allow":["GET"]}}],"collection":[{"href":"https:\/\/roveyayinevi.com.tr\/index.php\/wp-json\/wp\/v2\/product"}],"about":[{"href":"https:\/\/roveyayinevi.com.tr\/index.php\/wp-json\/wp\/v2\/types\/product"}],"wp:attachment":[{"href":"https:\/\/roveyayinevi.com.tr\/index.php\/wp-json\/wp\/v2\/media?parent=771752"}],"wp:term":[{"taxonomy":"product_brand","embeddable":true,"href":"https:\/\/roveyayinevi.com.tr\/index.php\/wp-json\/wp\/v2\/product_brand?post=771752"},{"taxonomy":"product_cat","embeddable":true,"href":"https:\/\/roveyayinevi.com.tr\/index.php\/wp-json\/wp\/v2\/product_cat?post=771752"},{"taxonomy":"product_tag","embeddable":true,"href":"https:\/\/roveyayinevi.com.tr\/index.php\/wp-json\/wp\/v2\/product_tag?post=771752"}],"curies":[{"name":"wp","href":"https:\/\/api.w.org\/{rel}","templated":true}]}}