{"id":771751,"date":"2025-08-28T15:16:56","date_gmt":"2025-08-28T12:16:56","guid":{"rendered":"https:\/\/roveyayinevi.com.tr\/index.php\/urun\/duygusal-ozgurlesme\/"},"modified":"2026-04-03T03:29:57","modified_gmt":"2026-04-03T00:29:57","slug":"duygusal-ozgurlesme","status":"publish","type":"product","link":"https:\/\/roveyayinevi.com.tr\/index.php\/urun\/duygusal-ozgurlesme\/","title":{"rendered":"Duygusal \u00d6zg\u00fcrle\u015fme"},"content":{"rendered":"<p>MASALLARI EN G\u00dcZEL ANNELER ANLATIR&#8230; -S\u0130BEL UZUN   Her insan bir masal\u0131n i\u00e7ine do\u011far. Kimi, suskun bir annenin bak\u0131\u015f\u0131nda anlat\u0131lmam\u0131\u015f hik\u00e2yelerle b\u00fcy\u00fcr. Kimi, \u00f6fkeli bir baban\u0131n sessizli\u011finde duyulmam\u0131\u015f dualarla. Kimi, sevilmek u\u011fruna kendi sesinden vazge\u00e7er. Zamanla buna sab\u0131r denir, unutmaya affetmek ad\u0131 verilir, dua etmek susmak san\u0131l\u0131r.   Karanl\u0131ktan Ayd\u0131nl\u0131\u011fa Duygusal \u00d6zg\u00fcrle\u015fme, bast\u0131r\u0131lm\u0131\u015f duygular\u0131n g\u00f6lgesinden vicdan\u0131n ayd\u0131nl\u0131\u011f\u0131na uzanan bir i\u00e7 yolculuktur. Her b\u00f6l\u00fcm susturulan\u0131 konu\u015fturur, y\u00fczle\u015filmekten ka\u00e7\u0131n\u0131lan\u0131 g\u00f6r\u00fcn\u00fcr k\u0131lar. Ahlak\u0131 \u00e7\u0131karla de\u011fil hakla tartar; merhameti g\u00fc\u00e7s\u00fczl\u00fck de\u011fil, y\u00fcksek bilin\u00e7 olarak yeniden tan\u0131mlar. Vicdan\u0131 pusula, kalbi rehber k\u0131lar. \u0130\u00e7indeki 21 g\u00fcnl\u00fck uygulama yolculu\u011fu, ezber de\u011fil deneyim sunar.   Masallar\u0131 en g\u00fczel anneler anlat\u0131r. En \u00e7ok onlar sezgiyle duyar, kalple g\u00f6r\u00fcr. Bu kitap, art\u0131k anlat\u0131lmayan o masal\u0131n sessizli\u011fini bozmak i\u00e7in yaz\u0131ld\u0131. Kalpten do\u011fdu. Kalbe ula\u015fmak ister.   Akl\u0131n\u0131n k\u00fcpesi \u015fu olsun cevherim: Cesaret, yaln\u0131zca eylemle de\u011fil, \u00f6nce kalbin f\u0131s\u0131ldad\u0131\u011f\u0131 do\u011fru yola inanmakla ba\u015flar. <\/p>\n","protected":false},"excerpt":{"rendered":"<p>MASALLARI EN G\u00dcZEL ANNELER ANLATIR&#8230; -S\u0130BEL UZUN Her insan bir masal\u0131n i\u00e7ine do\u011far. Kimi, suskun bir annenin bak\u0131\u015f\u0131nda anlat\u0131lmam\u0131\u015f hik\u00e2yelerle b\u00fcy\u00fcr. Kimi, \u00f6fkeli bir baban\u0131n sessizli\u011finde<span class=\"excerpt-hellip\"> [\u2026]<\/span><\/p>\n","protected":false},"featured_media":0,"template":"","meta":{"_monsterinsights_skip_tracking":false,"_monsterinsights_sitenote_active":false,"_monsterinsights_sitenote_note":"","_monsterinsights_sitenote_category":0},"product_brand":[],"product_cat":[12364,12376],"product_tag":[],"class_list":{"0":"post-771751","1":"product","2":"type-product","3":"status-publish","5":"product_cat-genel-konular","6":"product_cat-kisisel-gelisim","7":"pa_cilt-ciltsiz","8":"pa_tur-kitap","9":"pa_yayinevi-destek-yayinlari","10":"pa_yazar-sibel-uzun","12":"first","13":"instock","14":"sale","15":"shipping-taxable","16":"purchasable","17":"product-type-simple"},"_links":{"self":[{"href":"https:\/\/roveyayinevi.com.tr\/index.php\/wp-json\/wp\/v2\/product\/771751","targetHints":{"allow":["GET"]}}],"collection":[{"href":"https:\/\/roveyayinevi.com.tr\/index.php\/wp-json\/wp\/v2\/product"}],"about":[{"href":"https:\/\/roveyayinevi.com.tr\/index.php\/wp-json\/wp\/v2\/types\/product"}],"wp:attachment":[{"href":"https:\/\/roveyayinevi.com.tr\/index.php\/wp-json\/wp\/v2\/media?parent=771751"}],"wp:term":[{"taxonomy":"product_brand","embeddable":true,"href":"https:\/\/roveyayinevi.com.tr\/index.php\/wp-json\/wp\/v2\/product_brand?post=771751"},{"taxonomy":"product_cat","embeddable":true,"href":"https:\/\/roveyayinevi.com.tr\/index.php\/wp-json\/wp\/v2\/product_cat?post=771751"},{"taxonomy":"product_tag","embeddable":true,"href":"https:\/\/roveyayinevi.com.tr\/index.php\/wp-json\/wp\/v2\/product_tag?post=771751"}],"curies":[{"name":"wp","href":"https:\/\/api.w.org\/{rel}","templated":true}]}}