{"id":771748,"date":"2025-08-28T15:16:50","date_gmt":"2025-08-28T12:16:50","guid":{"rendered":"https:\/\/roveyayinevi.com.tr\/index.php\/urun\/ejderhalar-sehri-1-firtinanin-uyanisi\/"},"modified":"2026-04-13T03:34:16","modified_gmt":"2026-04-13T00:34:16","slug":"ejderhalar-sehri-1-firtinanin-uyanisi","status":"publish","type":"product","link":"https:\/\/roveyayinevi.com.tr\/index.php\/urun\/ejderhalar-sehri-1-firtinanin-uyanisi\/","title":{"rendered":"Ejderhalar \u015eehri 1 &#8211; F\u0131rt\u0131nan\u0131n Uyan\u0131\u015f\u0131"},"content":{"rendered":"<p>EJDERHALAR UYANIYOR!Ailesiyle Amerika\u2019dan Hong Kong\u2019a ta\u015f\u0131nan Grace\u2019in en b\u00fcy\u00fck endi\u015fesi yeni okulunda arkada\u015f edinmektir. Ama okul gezisi s\u0131ras\u0131nda gizemli bir ya\u015fl\u0131 kad\u0131n ona anlamad\u0131\u011f\u0131 bir \u015feyler s\u00f6yleyip ejderha yumurtas\u0131 verince Grace\u2019in \u201cendi\u015felenecekler\u201d s\u0131ralamas\u0131 h\u0131zla de\u011fi\u015fir. \u00c7ok ge\u00e7meden k\u00fc\u00e7\u00fckken babas\u0131n\u0131n anlatt\u0131\u011f\u0131 m\u00fcthi\u015f ejderha masallar\u0131n\u0131n ger\u00e7ek olabilece\u011fini anlar; \u00f6zellikle de yumurta bir gecede \u00e7atlay\u0131p i\u00e7inden minik ejderha \u00e7\u0131kt\u0131\u011f\u0131nda\u2026Grace ejderhan\u0131n g\u00fc\u00e7l\u00fc bir b\u00fcy\u00fc ta\u015f\u0131d\u0131\u011f\u0131n\u0131 ve onu ele ge\u00e7irip kullanmak isteyen k\u00f6t\u00fc ki\u015filer oldu\u011funu fark eder. Art\u0131k ejderhay\u0131 d\u00fc\u015fmanlardan korumak ve t\u00fcm \u015fehri tehlikeye sokan u\u011fursuz komployu ortaya \u00e7\u0131karmak Grace ile yeni arkada\u015flar\u0131na kalm\u0131\u015ft\u0131r. Ve hi\u00e7bir \u015fey tam olarak onun bildi\u011fi gibi de\u011fildir\u2026 Babas\u0131yla ilgili bildikleri bile!Pek \u00e7ok dile \u00e7evrilip b\u00fcy\u00fck sat\u0131\u015f ba\u015far\u0131s\u0131 yakalayan \u00e7ocuk-ilk gen\u00e7lik (10+ ya\u015f) grafik roman serisi Ejderhalar \u015eehri \u015fimdi T\u00fcrk\u00e7ede.\u201cG\u00f6kdelenler aras\u0131nda ejderhalar\u0131n u\u00e7u\u015ftu\u011fu reng\u00e2renk bir macera.\u201d \u2013Kirkus<\/p>\n","protected":false},"excerpt":{"rendered":"<p>EJDERHALAR UYANIYOR!Ailesiyle Amerika\u2019dan Hong Kong\u2019a ta\u015f\u0131nan Grace\u2019in en b\u00fcy\u00fck endi\u015fesi yeni okulunda arkada\u015f edinmektir. Ama okul gezisi s\u0131ras\u0131nda gizemli bir ya\u015fl\u0131 kad\u0131n ona anlamad\u0131\u011f\u0131 bir \u015feyler<span class=\"excerpt-hellip\"> [\u2026]<\/span><\/p>\n","protected":false},"featured_media":0,"template":"","meta":{"_monsterinsights_skip_tracking":false,"_monsterinsights_sitenote_active":false,"_monsterinsights_sitenote_note":"","_monsterinsights_sitenote_category":0},"product_brand":[],"product_cat":[12274,12284],"product_tag":[],"class_list":{"0":"post-771748","1":"product","2":"type-product","3":"status-publish","5":"product_cat-cocuk-ve-genclik-kitaplari","6":"product_cat-hikayeler","7":"pa_cilt-ciltsiz","8":"pa_tur-kitap","9":"pa_yayinevi-domingo-yayinevi","10":"pa_yazar-jaimal-yogis","12":"first","13":"instock","14":"sale","15":"shipping-taxable","16":"purchasable","17":"product-type-simple"},"_links":{"self":[{"href":"https:\/\/roveyayinevi.com.tr\/index.php\/wp-json\/wp\/v2\/product\/771748","targetHints":{"allow":["GET"]}}],"collection":[{"href":"https:\/\/roveyayinevi.com.tr\/index.php\/wp-json\/wp\/v2\/product"}],"about":[{"href":"https:\/\/roveyayinevi.com.tr\/index.php\/wp-json\/wp\/v2\/types\/product"}],"wp:attachment":[{"href":"https:\/\/roveyayinevi.com.tr\/index.php\/wp-json\/wp\/v2\/media?parent=771748"}],"wp:term":[{"taxonomy":"product_brand","embeddable":true,"href":"https:\/\/roveyayinevi.com.tr\/index.php\/wp-json\/wp\/v2\/product_brand?post=771748"},{"taxonomy":"product_cat","embeddable":true,"href":"https:\/\/roveyayinevi.com.tr\/index.php\/wp-json\/wp\/v2\/product_cat?post=771748"},{"taxonomy":"product_tag","embeddable":true,"href":"https:\/\/roveyayinevi.com.tr\/index.php\/wp-json\/wp\/v2\/product_tag?post=771748"}],"curies":[{"name":"wp","href":"https:\/\/api.w.org\/{rel}","templated":true}]}}