{"id":771746,"date":"2025-08-28T15:16:47","date_gmt":"2025-08-28T12:16:47","guid":{"rendered":"https:\/\/roveyayinevi.com.tr\/index.php\/urun\/kendini-kandirma\/"},"modified":"2026-04-12T03:29:28","modified_gmt":"2026-04-12T00:29:28","slug":"kendini-kandirma","status":"publish","type":"product","link":"https:\/\/roveyayinevi.com.tr\/index.php\/urun\/kendini-kandirma\/","title":{"rendered":"Kendini Kand\u0131rma"},"content":{"rendered":"<p>Kabul ve fark\u0131ndal\u0131k yolculu\u011funda, ilk ad\u0131m ger\u00e7e\u011fi g\u00f6rmektir. Kendini Kand\u0131rma, sizi bu yolculu\u011fa \u00e7\u0131karacak ve benli\u011finizi tan\u0131ma, kabul etme ve en iyi halinize ula\u015fma konusunda size rehberlik edecek.Kanma ve kand\u0131rma, \u00e7o\u011fu zaman ger\u00e7eklerle y\u00fczle\u015fmekten daha kolay gelir.Kendinizi bilmek, hayallerinizin ger\u00e7ekle\u015febilecek t\u00fcrden oldu\u011funun g\u00f6stergesidir. D\u00fcr\u00fcst\u00e7e kendine bakmak, ya\u015fan\u0131lan ger\u00e7eklikle hayaller aras\u0131nda dengede kalman\u0131z\u0131 sa\u011flar.\u00dclker Uzun Polat, yeni kitab\u0131nda korkular\u0131n\u0131z\u0131 ve endi\u015felerinizi nas\u0131l tan\u0131y\u0131p kabul edece\u011finizi, kendinize kar\u015f\u0131 d\u00fcr\u00fcst olman\u0131n yollar\u0131n\u0131, ger\u00e7ek benli\u011finizi ke\u015ffetmenin ve bu yolda ad\u0131m atman\u0131n \u00f6nemini, hayat\u0131n sundu\u011fu f\u0131rsatlar\u0131 nas\u0131l de\u011ferlendirece\u011finizi g\u00f6steriyor.Hayat\u0131n\u0131z\u0131 d\u00f6n\u00fc\u015ft\u00fcrmeye haz\u0131rsan\u0131z, ger\u00e7e\u011fi g\u00f6rmeye ve kendinizi kand\u0131rmamaya cesaret edin!\u00d6yleyse kendinle y\u00fczle\u015f ve de\u011fi\u015fime ad\u0131m at!<\/p>\n","protected":false},"excerpt":{"rendered":"<p>Kabul ve fark\u0131ndal\u0131k yolculu\u011funda, ilk ad\u0131m ger\u00e7e\u011fi g\u00f6rmektir. Kendini Kand\u0131rma, sizi bu yolculu\u011fa \u00e7\u0131karacak ve benli\u011finizi tan\u0131ma, kabul etme ve en iyi halinize ula\u015fma konusunda size<span class=\"excerpt-hellip\"> [\u2026]<\/span><\/p>\n","protected":false},"featured_media":0,"template":"","meta":{"_monsterinsights_skip_tracking":false,"_monsterinsights_sitenote_active":false,"_monsterinsights_sitenote_note":"","_monsterinsights_sitenote_category":0},"product_brand":[],"product_cat":[12364,12376],"product_tag":[],"class_list":{"0":"post-771746","1":"product","2":"type-product","3":"status-publish","5":"product_cat-genel-konular","6":"product_cat-kisisel-gelisim","7":"pa_cilt-ciltsiz","8":"pa_tur-kitap","9":"pa_yayinevi-yediveren-yayinlari","10":"pa_yazar-ulker-uzun-polat","12":"first","13":"instock","14":"sale","15":"shipping-taxable","16":"purchasable","17":"product-type-simple"},"_links":{"self":[{"href":"https:\/\/roveyayinevi.com.tr\/index.php\/wp-json\/wp\/v2\/product\/771746","targetHints":{"allow":["GET"]}}],"collection":[{"href":"https:\/\/roveyayinevi.com.tr\/index.php\/wp-json\/wp\/v2\/product"}],"about":[{"href":"https:\/\/roveyayinevi.com.tr\/index.php\/wp-json\/wp\/v2\/types\/product"}],"wp:attachment":[{"href":"https:\/\/roveyayinevi.com.tr\/index.php\/wp-json\/wp\/v2\/media?parent=771746"}],"wp:term":[{"taxonomy":"product_brand","embeddable":true,"href":"https:\/\/roveyayinevi.com.tr\/index.php\/wp-json\/wp\/v2\/product_brand?post=771746"},{"taxonomy":"product_cat","embeddable":true,"href":"https:\/\/roveyayinevi.com.tr\/index.php\/wp-json\/wp\/v2\/product_cat?post=771746"},{"taxonomy":"product_tag","embeddable":true,"href":"https:\/\/roveyayinevi.com.tr\/index.php\/wp-json\/wp\/v2\/product_tag?post=771746"}],"curies":[{"name":"wp","href":"https:\/\/api.w.org\/{rel}","templated":true}]}}