{"id":771745,"date":"2025-08-28T15:16:45","date_gmt":"2025-08-28T12:16:45","guid":{"rendered":"https:\/\/roveyayinevi.com.tr\/index.php\/urun\/sen-kim-oldugunu-zannediyorsun\/"},"modified":"2026-04-15T03:38:14","modified_gmt":"2026-04-15T00:38:14","slug":"sen-kim-oldugunu-zannediyorsun","status":"publish","type":"product","link":"https:\/\/roveyayinevi.com.tr\/index.php\/urun\/sen-kim-oldugunu-zannediyorsun\/","title":{"rendered":"Sen Kim Oldu\u011funu Zannediyorsun"},"content":{"rendered":"<p>Sana bir s\u0131r vereyim\u2026\u015eu anda bu kitab\u0131 elinde tutuyor olman\u0131n, bu sat\u0131rlar\u0131 okuman\u0131n bir nedeni var. Biliyorum, bir\u00e7ok kez duydun, okudun, kar\u015f\u0131na \u00e7\u0131kt\u0131 ve biliyorum art\u0131k bir kli\u015fe oldu ama bir kez de ben hat\u0131rlatay\u0131m: Bu bir tesad\u00fcf de\u011fil, hi\u00e7bir \u015fey tesad\u00fcf de\u011fil!\u015eimdi, zihnin hemen sana bunun bir sat\u0131\u015f takti\u011fi oldu\u011funu f\u0131s\u0131ldad\u0131 ama b\u00f6yle olmad\u0131\u011f\u0131n\u0131 g\u00f6receksin.Yani bununla kar\u015f\u0131la\u015fman gerekti\u011fi i\u00e7in kar\u015f\u0131la\u015ft\u0131n. Okuman gerekti\u011fi i\u00e7in okuyacaks\u0131n. Tabii ki ald\u0131\u011f\u0131n rafa b\u0131rakmakta \u00f6zg\u00fcrs\u00fcn. Ama hayat zaten bundan ibaret de\u011fil midir?Yani se\u00e7imlerden\u2026<\/p>\n","protected":false},"excerpt":{"rendered":"<p>Sana bir s\u0131r vereyim\u2026\u015eu anda bu kitab\u0131 elinde tutuyor olman\u0131n, bu sat\u0131rlar\u0131 okuman\u0131n bir nedeni var. Biliyorum, bir\u00e7ok kez duydun, okudun, kar\u015f\u0131na \u00e7\u0131kt\u0131 ve biliyorum art\u0131k<span class=\"excerpt-hellip\"> [\u2026]<\/span><\/p>\n","protected":false},"featured_media":0,"template":"","meta":{"_monsterinsights_skip_tracking":false,"_monsterinsights_sitenote_active":false,"_monsterinsights_sitenote_note":"","_monsterinsights_sitenote_category":0},"product_brand":[],"product_cat":[12364,12376],"product_tag":[],"class_list":{"0":"post-771745","1":"product","2":"type-product","3":"status-publish","5":"product_cat-genel-konular","6":"product_cat-kisisel-gelisim","7":"pa_cilt-ciltsiz","8":"pa_tur-kitap","9":"pa_yayinevi-yediveren-yayinlari","10":"pa_yazar-suat-guzey","12":"first","13":"instock","14":"sale","15":"shipping-taxable","16":"purchasable","17":"product-type-simple"},"_links":{"self":[{"href":"https:\/\/roveyayinevi.com.tr\/index.php\/wp-json\/wp\/v2\/product\/771745","targetHints":{"allow":["GET"]}}],"collection":[{"href":"https:\/\/roveyayinevi.com.tr\/index.php\/wp-json\/wp\/v2\/product"}],"about":[{"href":"https:\/\/roveyayinevi.com.tr\/index.php\/wp-json\/wp\/v2\/types\/product"}],"wp:attachment":[{"href":"https:\/\/roveyayinevi.com.tr\/index.php\/wp-json\/wp\/v2\/media?parent=771745"}],"wp:term":[{"taxonomy":"product_brand","embeddable":true,"href":"https:\/\/roveyayinevi.com.tr\/index.php\/wp-json\/wp\/v2\/product_brand?post=771745"},{"taxonomy":"product_cat","embeddable":true,"href":"https:\/\/roveyayinevi.com.tr\/index.php\/wp-json\/wp\/v2\/product_cat?post=771745"},{"taxonomy":"product_tag","embeddable":true,"href":"https:\/\/roveyayinevi.com.tr\/index.php\/wp-json\/wp\/v2\/product_tag?post=771745"}],"curies":[{"name":"wp","href":"https:\/\/api.w.org\/{rel}","templated":true}]}}