{"id":771737,"date":"2025-08-28T15:16:29","date_gmt":"2025-08-28T12:16:29","guid":{"rendered":"https:\/\/roveyayinevi.com.tr\/index.php\/urun\/arsen-lupen-kutulu-5-kitap-set\/"},"modified":"2026-04-15T03:38:13","modified_gmt":"2026-04-15T00:38:13","slug":"arsen-lupen-kutulu-5-kitap-set","status":"publish","type":"product","link":"https:\/\/roveyayinevi.com.tr\/index.php\/urun\/arsen-lupen-kutulu-5-kitap-set\/","title":{"rendered":"Arsen L\u00fcpen Kutulu 5 Kitap Set"},"content":{"rendered":"<p>\u2022    Arsen L\u00fcpen-Alt\u0131n \u00dc\u00e7gen \u2022    Arsen L\u00fcpen-Kibar H\u0131rs\u0131z  \u2022    Arsen L\u00fcpen-Saat Tam Sekizde  \u2022    Arsen L\u00fcpen-Ob\u00fcs Patlamas\u0131 \u2022    Arsen L\u00fcpen-Esrarengiz Ev<\/p>\n","protected":false},"excerpt":{"rendered":"<p>\u2022 Arsen L\u00fcpen-Alt\u0131n \u00dc\u00e7gen \u2022 Arsen L\u00fcpen-Kibar H\u0131rs\u0131z \u2022 Arsen L\u00fcpen-Saat Tam Sekizde \u2022 Arsen L\u00fcpen-Ob\u00fcs Patlamas\u0131 \u2022 Arsen L\u00fcpen-Esrarengiz Ev<\/p>\n","protected":false},"featured_media":0,"template":"","meta":{"_monsterinsights_skip_tracking":false,"_monsterinsights_sitenote_active":false,"_monsterinsights_sitenote_note":"","_monsterinsights_sitenote_category":0},"product_brand":[],"product_cat":[12291,17033],"product_tag":[],"class_list":{"0":"post-771737","1":"product","2":"type-product","3":"status-publish","5":"product_cat-edebiyat","6":"product_cat-korku-gerilim","7":"pa_cilt-ciltsiz","8":"pa_tur-kitap","9":"pa_yayinevi-yediveren-yayinlari","10":"pa_yazar-maurice-leblanc","12":"first","13":"instock","14":"sale","15":"shipping-taxable","16":"purchasable","17":"product-type-simple"},"_links":{"self":[{"href":"https:\/\/roveyayinevi.com.tr\/index.php\/wp-json\/wp\/v2\/product\/771737","targetHints":{"allow":["GET"]}}],"collection":[{"href":"https:\/\/roveyayinevi.com.tr\/index.php\/wp-json\/wp\/v2\/product"}],"about":[{"href":"https:\/\/roveyayinevi.com.tr\/index.php\/wp-json\/wp\/v2\/types\/product"}],"wp:attachment":[{"href":"https:\/\/roveyayinevi.com.tr\/index.php\/wp-json\/wp\/v2\/media?parent=771737"}],"wp:term":[{"taxonomy":"product_brand","embeddable":true,"href":"https:\/\/roveyayinevi.com.tr\/index.php\/wp-json\/wp\/v2\/product_brand?post=771737"},{"taxonomy":"product_cat","embeddable":true,"href":"https:\/\/roveyayinevi.com.tr\/index.php\/wp-json\/wp\/v2\/product_cat?post=771737"},{"taxonomy":"product_tag","embeddable":true,"href":"https:\/\/roveyayinevi.com.tr\/index.php\/wp-json\/wp\/v2\/product_tag?post=771737"}],"curies":[{"name":"wp","href":"https:\/\/api.w.org\/{rel}","templated":true}]}}