{"id":771729,"date":"2025-08-28T15:16:14","date_gmt":"2025-08-28T12:16:14","guid":{"rendered":"https:\/\/roveyayinevi.com.tr\/index.php\/urun\/bu-kitap-annelere-cok-iyi-gelecek\/"},"modified":"2026-04-15T03:38:13","modified_gmt":"2026-04-15T00:38:13","slug":"bu-kitap-annelere-cok-iyi-gelecek","status":"publish","type":"product","link":"https:\/\/roveyayinevi.com.tr\/index.php\/urun\/bu-kitap-annelere-cok-iyi-gelecek\/","title":{"rendered":"Bu Kitap Annelere \u00c7ok \u0130yi Gelecek"},"content":{"rendered":"<p>\u0130lk kitap yazmaya ba\u015flad\u0131\u011f\u0131mda demi\u015ftim ki: \u201cBir ki\u015finin fikrini bile de\u011fi\u015ftirirsem o benim en b\u00fcy\u00fck kazanc\u0131m olacak. Bir anne ve baban\u0131n  fikri de\u011fi\u015firse bir \u00e7ocuk de\u011fi\u015fir, bir \u00e7ocuk de\u011fi\u015firse d\u00fcnya de\u011fi\u015fir.\u201d Ben biliyorum bu kitap annelere ve babalara \u00e7ok iyi gelecek. Babalar! Ba\u015fl\u0131\u011f\u0131na bak\u0131p sak\u0131n \u201cbu kitap annelere yaz\u0131lm\u0131\u015f.\u201d demeyin. Mutlaka siz de okuyun! Ve son olarak sizlere diyorum ki: D\u00fcnya bir misafirhaneyse ve biz bir misafir olarak geldiysek d\u00fcnyaya, o zaman misafirli\u011fe gitmenin tad\u0131n\u0131 \u00e7\u0131karal\u0131m.<\/p>\n","protected":false},"excerpt":{"rendered":"<p>\u0130lk kitap yazmaya ba\u015flad\u0131\u011f\u0131mda demi\u015ftim ki: \u201cBir ki\u015finin fikrini bile de\u011fi\u015ftirirsem o benim en b\u00fcy\u00fck kazanc\u0131m olacak. Bir anne ve baban\u0131n fikri de\u011fi\u015firse bir \u00e7ocuk de\u011fi\u015fir,<span class=\"excerpt-hellip\"> [\u2026]<\/span><\/p>\n","protected":false},"featured_media":0,"template":"","meta":{"_monsterinsights_skip_tracking":false,"_monsterinsights_sitenote_active":false,"_monsterinsights_sitenote_note":"","_monsterinsights_sitenote_category":0},"product_brand":[],"product_cat":[17996,12364],"product_tag":[],"class_list":{"0":"post-771729","1":"product","2":"type-product","3":"status-publish","5":"product_cat-ebeveyn-kitaplari","6":"product_cat-genel-konular","7":"pa_cilt-ciltsiz","8":"pa_tur-kitap","9":"pa_yayinevi-yediveren-yayinlari","10":"pa_yazar-dilek-cesur","12":"first","13":"instock","14":"sale","15":"shipping-taxable","16":"purchasable","17":"product-type-simple"},"_links":{"self":[{"href":"https:\/\/roveyayinevi.com.tr\/index.php\/wp-json\/wp\/v2\/product\/771729","targetHints":{"allow":["GET"]}}],"collection":[{"href":"https:\/\/roveyayinevi.com.tr\/index.php\/wp-json\/wp\/v2\/product"}],"about":[{"href":"https:\/\/roveyayinevi.com.tr\/index.php\/wp-json\/wp\/v2\/types\/product"}],"wp:attachment":[{"href":"https:\/\/roveyayinevi.com.tr\/index.php\/wp-json\/wp\/v2\/media?parent=771729"}],"wp:term":[{"taxonomy":"product_brand","embeddable":true,"href":"https:\/\/roveyayinevi.com.tr\/index.php\/wp-json\/wp\/v2\/product_brand?post=771729"},{"taxonomy":"product_cat","embeddable":true,"href":"https:\/\/roveyayinevi.com.tr\/index.php\/wp-json\/wp\/v2\/product_cat?post=771729"},{"taxonomy":"product_tag","embeddable":true,"href":"https:\/\/roveyayinevi.com.tr\/index.php\/wp-json\/wp\/v2\/product_tag?post=771729"}],"curies":[{"name":"wp","href":"https:\/\/api.w.org\/{rel}","templated":true}]}}