{"id":771719,"date":"2025-08-28T15:15:55","date_gmt":"2025-08-28T12:15:55","guid":{"rendered":"https:\/\/roveyayinevi.com.tr\/index.php\/urun\/2025-kehanetlerim\/"},"modified":"2026-04-15T03:38:13","modified_gmt":"2026-04-15T00:38:13","slug":"2025-kehanetlerim","status":"publish","type":"product","link":"https:\/\/roveyayinevi.com.tr\/index.php\/urun\/2025-kehanetlerim\/","title":{"rendered":"2025 Kehanetlerim"},"content":{"rendered":"<p>2025 hangi bur\u00e7lar\u0131n evlilik y\u0131l\u0131 olacak?Kimler evlilikleriyle s\u0131nanacak?2025, hangi bur\u00e7lar i\u00e7in kariyer y\u0131l\u0131, kimler i\u00e7in a\u015fk\u0131 buldu\u011fu y\u0131l olacak?Sat\u00fcrn, zorlu derslerini hangi burca vermeye geliyor?T\u00fcm bu sorular\u0131n cevaplar\u0131 ve daha fazlas\u0131, Astrolog Sezen Tatl\u0131\u2019n\u0131n kalemiyle bu kitapta seni bekliyor!<\/p>\n","protected":false},"excerpt":{"rendered":"<p>2025 hangi bur\u00e7lar\u0131n evlilik y\u0131l\u0131 olacak?Kimler evlilikleriyle s\u0131nanacak?2025, hangi bur\u00e7lar i\u00e7in kariyer y\u0131l\u0131, kimler i\u00e7in a\u015fk\u0131 buldu\u011fu y\u0131l olacak?Sat\u00fcrn, zorlu derslerini hangi burca vermeye geliyor?T\u00fcm bu<span class=\"excerpt-hellip\"> [\u2026]<\/span><\/p>\n","protected":false},"featured_media":0,"template":"","meta":{"_monsterinsights_skip_tracking":false,"_monsterinsights_sitenote_active":false,"_monsterinsights_sitenote_note":"","_monsterinsights_sitenote_category":0},"product_brand":[],"product_cat":[18082,15563],"product_tag":[],"class_list":{"0":"post-771719","1":"product","2":"type-product","3":"status-publish","5":"product_cat-astroloji-fal-ruya","6":"product_cat-hobi","7":"pa_cilt-ciltsiz","8":"pa_tur-kitap","9":"pa_yayinevi-yediveren-yayinlari","10":"pa_yazar-sezen-tatli","12":"first","13":"instock","14":"sale","15":"shipping-taxable","16":"purchasable","17":"product-type-simple"},"_links":{"self":[{"href":"https:\/\/roveyayinevi.com.tr\/index.php\/wp-json\/wp\/v2\/product\/771719","targetHints":{"allow":["GET"]}}],"collection":[{"href":"https:\/\/roveyayinevi.com.tr\/index.php\/wp-json\/wp\/v2\/product"}],"about":[{"href":"https:\/\/roveyayinevi.com.tr\/index.php\/wp-json\/wp\/v2\/types\/product"}],"wp:attachment":[{"href":"https:\/\/roveyayinevi.com.tr\/index.php\/wp-json\/wp\/v2\/media?parent=771719"}],"wp:term":[{"taxonomy":"product_brand","embeddable":true,"href":"https:\/\/roveyayinevi.com.tr\/index.php\/wp-json\/wp\/v2\/product_brand?post=771719"},{"taxonomy":"product_cat","embeddable":true,"href":"https:\/\/roveyayinevi.com.tr\/index.php\/wp-json\/wp\/v2\/product_cat?post=771719"},{"taxonomy":"product_tag","embeddable":true,"href":"https:\/\/roveyayinevi.com.tr\/index.php\/wp-json\/wp\/v2\/product_tag?post=771719"}],"curies":[{"name":"wp","href":"https:\/\/api.w.org\/{rel}","templated":true}]}}