{"id":771717,"date":"2025-08-28T15:15:51","date_gmt":"2025-08-28T12:15:51","guid":{"rendered":"https:\/\/roveyayinevi.com.tr\/index.php\/urun\/affet-sev-yasa\/"},"modified":"2026-04-15T03:38:13","modified_gmt":"2026-04-15T00:38:13","slug":"affet-sev-yasa","status":"publish","type":"product","link":"https:\/\/roveyayinevi.com.tr\/index.php\/urun\/affet-sev-yasa\/","title":{"rendered":"Affet Sev Ya\u015fa"},"content":{"rendered":"<p>Bu a\u00e7\u0131k y\u00fcrekli, i\u00e7ten ve duygusal an\u0131 kitab\u0131, okuyucuya en k\u00f6t\u00fc zamanlarda belirsizlikle ba\u015fa \u00e7\u0131kmak i\u00e7in \u00e7ok ihtiya\u00e7 duyulan dersler ve tavsiyeler sunuyor.  Kitapta Amy Low son odas\u0131nda ya\u015f\u0131yor&#8230; onunla yak\u0131ndan ilgilenen sa\u011fl\u0131k ekibi onun 4. evre metastatik kolon kanseri oldu\u011funu ve bunun tedavisi olmayan bir kanser t\u00fcr\u00fc olup uzun vadede hayatta kalma \u015fans\u0131n\u0131n \u00e7ok d\u00fc\u015f\u00fck oldu\u011fu konusunda net bir d\u00fc\u015f\u00fcnceye sahip. Ancak bu te\u015fhisin ard\u0131ndan mucizevi bir \u015fekilde d\u00f6rt y\u0131l ya\u015fayan Amy Low iki hayat aras\u0131nda kald\u0131\u011f\u0131 bu s\u00fcre\u00e7te hayat\u0131n onu de\u011fi\u015ftirdi\u011fini d\u00fc\u015f\u00fcn\u00fcyor.  Uzun s\u00fcreli travma ve dayan\u0131lmaz keder girdab\u0131nda, kendisine bir bak\u0131\u015f a\u00e7\u0131s\u0131 beliriyor ve hayat\u0131n her \u015feye ra\u011fmen tad\u0131n\u0131 \u00e7\u0131karmak gerekti\u011finden yola \u00e7\u0131karak herkesin yolunu kesen bu t\u00fcr ka\u00e7\u0131n\u0131lmaz kay\u0131p ve kalp k\u0131r\u0131kl\u0131klar\u0131na, ya\u015farken kendisine ve ba\u015fkalar\u0131na kar\u015f\u0131 daha nazik olman\u0131n yolunu g\u00f6steren bir pencereden bak\u0131yor. Sevin\u00e7 ve \u00fcz\u00fcnt\u00fcy\u00fc z\u0131t kutuplar olarak g\u00f6rmek yerine, ikisinin de gizem ve s\u00fcrprizlerle dolu bir uyum i\u00e7inde var oldu\u011funu d\u00fc\u015f\u00fcn\u00fcyor. G\u00fcnleri de ayn\u0131 \u015fekilde sa\u011fl\u0131kl\u0131 ve ba\u015far\u0131l\u0131 ya da hasta ve s\u0131k\u0131nt\u0131l\u0131 olarak g\u00f6rmek yerine hem ba\u015far\u0131lar\u0131 hem de s\u0131k\u0131nt\u0131lar\u0131 ayn\u0131 anda ta\u015f\u0131may\u0131 \u00f6\u011freniyor.  Deneyimlerini Aziz Paul&#8217;un kendi son odas\u0131nda yazd\u0131\u011f\u0131 kelimelere e\u015fleyen Aradaki Cesur Amy Low zafer ve trajedi aras\u0131ndaki o alan\u0131 ke\u015ffetmeyi kendisine yap\u0131lan kutsal bir \u00e7a\u011fr\u0131 olarak g\u00f6rmektedir. Hepimizin mucizelere hayran kalacak bir kalbi, anlams\u0131zl\u0131\u011f\u0131 ve sa\u00e7mal\u0131\u011f\u0131 fark edecek bir hafifli\u011fi ve trajik bir olay onu vurdu\u011funda bile durup ba\u015fkalar\u0131 i\u00e7in empati kuracak bir hayal g\u00fcc\u00fc vard\u0131r. Bazen sadece bir rehbere ihtiya\u00e7 duyar\u0131z.<\/p>\n","protected":false},"excerpt":{"rendered":"<p>Bu a\u00e7\u0131k y\u00fcrekli, i\u00e7ten ve duygusal an\u0131 kitab\u0131, okuyucuya en k\u00f6t\u00fc zamanlarda belirsizlikle ba\u015fa \u00e7\u0131kmak i\u00e7in \u00e7ok ihtiya\u00e7 duyulan dersler ve tavsiyeler sunuyor. Kitapta Amy Low<span class=\"excerpt-hellip\"> [\u2026]<\/span><\/p>\n","protected":false},"featured_media":0,"template":"","meta":{"_monsterinsights_skip_tracking":false,"_monsterinsights_sitenote_active":false,"_monsterinsights_sitenote_note":"","_monsterinsights_sitenote_category":0},"product_brand":[],"product_cat":[12364,12376],"product_tag":[],"class_list":{"0":"post-771717","1":"product","2":"type-product","3":"status-publish","5":"product_cat-genel-konular","6":"product_cat-kisisel-gelisim","7":"pa_cilt-ciltsiz","8":"pa_tur-kitap","9":"pa_yayinevi-yediveren-yayinlari","10":"pa_yazar-amy-low","12":"first","13":"instock","14":"sale","15":"shipping-taxable","16":"purchasable","17":"product-type-simple"},"_links":{"self":[{"href":"https:\/\/roveyayinevi.com.tr\/index.php\/wp-json\/wp\/v2\/product\/771717","targetHints":{"allow":["GET"]}}],"collection":[{"href":"https:\/\/roveyayinevi.com.tr\/index.php\/wp-json\/wp\/v2\/product"}],"about":[{"href":"https:\/\/roveyayinevi.com.tr\/index.php\/wp-json\/wp\/v2\/types\/product"}],"wp:attachment":[{"href":"https:\/\/roveyayinevi.com.tr\/index.php\/wp-json\/wp\/v2\/media?parent=771717"}],"wp:term":[{"taxonomy":"product_brand","embeddable":true,"href":"https:\/\/roveyayinevi.com.tr\/index.php\/wp-json\/wp\/v2\/product_brand?post=771717"},{"taxonomy":"product_cat","embeddable":true,"href":"https:\/\/roveyayinevi.com.tr\/index.php\/wp-json\/wp\/v2\/product_cat?post=771717"},{"taxonomy":"product_tag","embeddable":true,"href":"https:\/\/roveyayinevi.com.tr\/index.php\/wp-json\/wp\/v2\/product_tag?post=771717"}],"curies":[{"name":"wp","href":"https:\/\/api.w.org\/{rel}","templated":true}]}}