{"id":771715,"date":"2025-08-28T15:15:48","date_gmt":"2025-08-28T12:15:48","guid":{"rendered":"https:\/\/roveyayinevi.com.tr\/index.php\/urun\/alfa\/"},"modified":"2026-04-15T03:38:13","modified_gmt":"2026-04-15T00:38:13","slug":"alfa","status":"publish","type":"product","link":"https:\/\/roveyayinevi.com.tr\/index.php\/urun\/alfa\/","title":{"rendered":"Alfa"},"content":{"rendered":"<p>The Happiness Track\u2019in be\u011fenilen yazar\u0131, kendine zarar veren kal\u0131plar\u0131n ve inan\u00e7lar\u0131n ba\u011flar\u0131n\u0131 k\u0131rmak ve daha dolu, daha otantik bir hayat ya\u015famak i\u00e7in cesur ve taze, bilim destekli bir yol haritas\u0131 \u00e7iziyor.\u201cAlfa, y\u0131llard\u0131r okudu\u011fum en etkili kitaplardan biri. Hayat\u0131n\u0131z\u0131 yeniden canland\u0131racak ve d\u00fc\u015f\u00fcnme ve hareket etme \u015feklinizi hemen de\u011fi\u015ftirecek fikirlerle dolu. K\u00fct\u00fcphanemde a\u00e7\u0131k ara en \u00e7ok vurgulanan kitap!\u201d &#8211; Tom Rath, New York Times \u00e7oksatan yazar\u0131Pandemi sonras\u0131 sava\u015f, kutupla\u015fma, ekonomik ve \u00e7evresel zorluklar \u00e7a\u011f\u0131nda bildi\u011fimizi sand\u0131\u011f\u0131m\u0131z pek \u00e7ok \u015feyi sorgulamam\u0131z \u015fa\u015f\u0131rt\u0131c\u0131 m\u0131? Neyin \u00f6nemli oldu\u011funu yeniden de\u011ferlendirmeye ve hayat\u0131m\u0131z\u0131 nas\u0131l ya\u015fad\u0131\u011f\u0131m\u0131z\u0131 yeniden d\u00fc\u015f\u00fcnmeye haz\u0131r\u0131z. Yeni bir bak\u0131\u015f a\u00e7\u0131s\u0131na ihtiyac\u0131m\u0131z var ve \u00fcnl\u00fc psikolog Emma Sepp\u00e4l\u00e4 bize bu bak\u0131\u015f a\u00e7\u0131s\u0131n\u0131 sunuyor. Alfa bu ac\u0131 ve kafa kar\u0131\u015f\u0131kl\u0131\u011f\u0131 \u00e7a\u011f\u0131 i\u00e7in haz\u0131rlanm\u0131\u015f, k\u00f6kten yeni ve ayd\u0131nlat\u0131c\u0131 bir mesaj veriyor. Bu, hayat\u0131m\u0131zda kendimizi y\u0131k\u0131c\u0131 inan\u00e7 ve e\u011filimlere boyun e\u011fdirdi\u011fimiz t\u00fcm alanlara kar\u015f\u0131 bizi uyand\u0131ran bir manifestodur. Ve \u00f6zg\u00fcr, mutlu ve otantik hayatlar ya\u015fayabilmemiz i\u00e7in tam psikolojik egemenli\u011fimizi geri kazanmaya y\u00f6nelik bir yol haritas\u0131. Sepp\u00e4l\u00e4\u2019n\u0131n sesi saf ve d\u00fcr\u00fcst, kahkaha att\u0131racak kadar komik ve derinlemesine d\u00fc\u015f\u00fcnd\u00fcr\u00fcc\u00fc; kendimizden nefret etmenin do\u011fas\u0131ndan ili\u015fkilerin n\u00fcanslar\u0131na kadar \u00e7e\u015fitli konular\u0131 ele alarak bize her alanda kendimizi nas\u0131l \u00f6zg\u00fcrle\u015ftirebilece\u011fimizi g\u00f6steriyor: &#8211; \u00c7al\u0131\u015fma hayat\u0131m\u0131zda ve aile hayat\u0131m\u0131zda.- Fiziksel sa\u011fl\u0131\u011f\u0131m\u0131zda ve duygusal refah\u0131m\u0131zda.- Zihnimizde, ruhumuzda ve benli\u011fimizle olan ba\u011flant\u0131m\u0131zda.Psikolojik veriler, sinirbilim ve deneysel olarak do\u011frulanm\u0131\u015f metodolojilerle desteklenen Alfa bizi ki\u015fisel d\u00f6n\u00fc\u015f\u00fcm yolunda daha \u00f6nce hi\u00e7 cesaret edemedi\u011fimiz kadar ileriye g\u00f6t\u00fcr\u00fcyor ve hayat\u0131 tam potansiyelimizle ya\u015famak i\u00e7in bize ger\u00e7ek \u00f6zg\u00fcrl\u00fc\u011f\u00fc veriyor.<\/p>\n","protected":false},"excerpt":{"rendered":"<p>The Happiness Track\u2019in be\u011fenilen yazar\u0131, kendine zarar veren kal\u0131plar\u0131n ve inan\u00e7lar\u0131n ba\u011flar\u0131n\u0131 k\u0131rmak ve daha dolu, daha otantik bir hayat ya\u015famak i\u00e7in cesur ve taze, bilim<span class=\"excerpt-hellip\"> [\u2026]<\/span><\/p>\n","protected":false},"featured_media":0,"template":"","meta":{"_monsterinsights_skip_tracking":false,"_monsterinsights_sitenote_active":false,"_monsterinsights_sitenote_note":"","_monsterinsights_sitenote_category":0},"product_brand":[],"product_cat":[12364,12376],"product_tag":[],"class_list":{"0":"post-771715","1":"product","2":"type-product","3":"status-publish","5":"product_cat-genel-konular","6":"product_cat-kisisel-gelisim","7":"pa_cilt-ciltsiz","8":"pa_tur-kitap","9":"pa_yayinevi-yediveren-yayinlari","10":"pa_yazar-emma-seppala","12":"first","13":"instock","14":"sale","15":"shipping-taxable","16":"purchasable","17":"product-type-simple"},"_links":{"self":[{"href":"https:\/\/roveyayinevi.com.tr\/index.php\/wp-json\/wp\/v2\/product\/771715","targetHints":{"allow":["GET"]}}],"collection":[{"href":"https:\/\/roveyayinevi.com.tr\/index.php\/wp-json\/wp\/v2\/product"}],"about":[{"href":"https:\/\/roveyayinevi.com.tr\/index.php\/wp-json\/wp\/v2\/types\/product"}],"wp:attachment":[{"href":"https:\/\/roveyayinevi.com.tr\/index.php\/wp-json\/wp\/v2\/media?parent=771715"}],"wp:term":[{"taxonomy":"product_brand","embeddable":true,"href":"https:\/\/roveyayinevi.com.tr\/index.php\/wp-json\/wp\/v2\/product_brand?post=771715"},{"taxonomy":"product_cat","embeddable":true,"href":"https:\/\/roveyayinevi.com.tr\/index.php\/wp-json\/wp\/v2\/product_cat?post=771715"},{"taxonomy":"product_tag","embeddable":true,"href":"https:\/\/roveyayinevi.com.tr\/index.php\/wp-json\/wp\/v2\/product_tag?post=771715"}],"curies":[{"name":"wp","href":"https:\/\/api.w.org\/{rel}","templated":true}]}}