{"id":771712,"date":"2025-08-28T15:15:42","date_gmt":"2025-08-28T12:15:42","guid":{"rendered":"https:\/\/roveyayinevi.com.tr\/index.php\/urun\/60-dakikada-guclu-dikkat\/"},"modified":"2026-04-15T03:38:13","modified_gmt":"2026-04-15T00:38:13","slug":"60-dakikada-guclu-dikkat","status":"publish","type":"product","link":"https:\/\/roveyayinevi.com.tr\/index.php\/urun\/60-dakikada-guclu-dikkat\/","title":{"rendered":"60 Dakikada G\u00fc\u00e7l\u00fc Dikkat"},"content":{"rendered":"<p>Sadece 60 dakikan\u0131z\u0131 ay\u0131rarak dikkat s\u00fcrenizi nas\u0131l uzatabilece\u011finizi, odaklanma becerinizi nas\u0131l geli\u015ftirebilece\u011finizi ve zihinsel berrakl\u0131\u011fa nas\u0131l ula\u015fabilece\u011finizi \u00f6\u011freneceksiniz. G\u00fcnl\u00fck hayat\u0131n karma\u015fas\u0131nda kaybolmadan, i\u015f ve \u00f6zel hayat\u0131n\u0131zda daha verimli ve ba\u015far\u0131l\u0131 olman\u0131n yollar\u0131n\u0131 bu kitapta ke\u015ffedeceksiniz.<\/p>\n","protected":false},"excerpt":{"rendered":"<p>Sadece 60 dakikan\u0131z\u0131 ay\u0131rarak dikkat s\u00fcrenizi nas\u0131l uzatabilece\u011finizi, odaklanma becerinizi nas\u0131l geli\u015ftirebilece\u011finizi ve zihinsel berrakl\u0131\u011fa nas\u0131l ula\u015fabilece\u011finizi \u00f6\u011freneceksiniz. G\u00fcnl\u00fck hayat\u0131n karma\u015fas\u0131nda kaybolmadan, i\u015f ve \u00f6zel hayat\u0131n\u0131zda<span class=\"excerpt-hellip\"> [\u2026]<\/span><\/p>\n","protected":false},"featured_media":0,"template":"","meta":{"_monsterinsights_skip_tracking":false,"_monsterinsights_sitenote_active":false,"_monsterinsights_sitenote_note":"","_monsterinsights_sitenote_category":0},"product_brand":[],"product_cat":[12364,12376],"product_tag":[],"class_list":{"0":"post-771712","1":"product","2":"type-product","3":"status-publish","5":"product_cat-genel-konular","6":"product_cat-kisisel-gelisim","7":"pa_cilt-ciltsiz","8":"pa_tur-kitap","9":"pa_yayinevi-yediveren-yayinlari","10":"pa_yazar-kolektif","12":"first","13":"instock","14":"sale","15":"shipping-taxable","16":"purchasable","17":"product-type-simple"},"_links":{"self":[{"href":"https:\/\/roveyayinevi.com.tr\/index.php\/wp-json\/wp\/v2\/product\/771712","targetHints":{"allow":["GET"]}}],"collection":[{"href":"https:\/\/roveyayinevi.com.tr\/index.php\/wp-json\/wp\/v2\/product"}],"about":[{"href":"https:\/\/roveyayinevi.com.tr\/index.php\/wp-json\/wp\/v2\/types\/product"}],"wp:attachment":[{"href":"https:\/\/roveyayinevi.com.tr\/index.php\/wp-json\/wp\/v2\/media?parent=771712"}],"wp:term":[{"taxonomy":"product_brand","embeddable":true,"href":"https:\/\/roveyayinevi.com.tr\/index.php\/wp-json\/wp\/v2\/product_brand?post=771712"},{"taxonomy":"product_cat","embeddable":true,"href":"https:\/\/roveyayinevi.com.tr\/index.php\/wp-json\/wp\/v2\/product_cat?post=771712"},{"taxonomy":"product_tag","embeddable":true,"href":"https:\/\/roveyayinevi.com.tr\/index.php\/wp-json\/wp\/v2\/product_tag?post=771712"}],"curies":[{"name":"wp","href":"https:\/\/api.w.org\/{rel}","templated":true}]}}