{"id":771710,"date":"2025-08-28T15:15:39","date_gmt":"2025-08-28T12:15:39","guid":{"rendered":"https:\/\/roveyayinevi.com.tr\/index.php\/urun\/60-dakikada-guclu-iletisim\/"},"modified":"2026-04-15T03:38:13","modified_gmt":"2026-04-15T00:38:13","slug":"60-dakikada-guclu-iletisim","status":"publish","type":"product","link":"https:\/\/roveyayinevi.com.tr\/index.php\/urun\/60-dakikada-guclu-iletisim\/","title":{"rendered":"60 Dakikada G\u00fc\u00e7l\u00fc \u0130leti\u015fim"},"content":{"rendered":"<p>Sadece 60 dakikan\u0131z\u0131 ay\u0131rarak ileti\u015fimin temel prensiplerini \u00f6\u011frenecek, her ortamda daha net, etkili ve g\u00fcvenilir bir \u015fekilde nas\u0131l ileti\u015fim kurabilece\u011finizi ke\u015ffedeceksiniz. \u0130ster i\u015f d\u00fcnyas\u0131nda ister sosyal ili\u015fkilerinizde ister g\u00fcnl\u00fck ya\u015fam\u0131n\u0131zda, ileti\u015fim becerilerinizi en \u00fcst d\u00fczeye \u00e7\u0131karman\u0131n yollar\u0131n\u0131 bu kitapta bulacaks\u0131n\u0131z.<\/p>\n","protected":false},"excerpt":{"rendered":"<p>Sadece 60 dakikan\u0131z\u0131 ay\u0131rarak ileti\u015fimin temel prensiplerini \u00f6\u011frenecek, her ortamda daha net, etkili ve g\u00fcvenilir bir \u015fekilde nas\u0131l ileti\u015fim kurabilece\u011finizi ke\u015ffedeceksiniz. \u0130ster i\u015f d\u00fcnyas\u0131nda ister sosyal<span class=\"excerpt-hellip\"> [\u2026]<\/span><\/p>\n","protected":false},"featured_media":0,"template":"","meta":{"_monsterinsights_skip_tracking":false,"_monsterinsights_sitenote_active":false,"_monsterinsights_sitenote_note":"","_monsterinsights_sitenote_category":0},"product_brand":[],"product_cat":[12364,12376],"product_tag":[],"class_list":{"0":"post-771710","1":"product","2":"type-product","3":"status-publish","5":"product_cat-genel-konular","6":"product_cat-kisisel-gelisim","7":"pa_cilt-ciltsiz","8":"pa_tur-kitap","9":"pa_yayinevi-yediveren-yayinlari","10":"pa_yazar-kolektif","12":"first","13":"instock","14":"sale","15":"shipping-taxable","16":"purchasable","17":"product-type-simple"},"_links":{"self":[{"href":"https:\/\/roveyayinevi.com.tr\/index.php\/wp-json\/wp\/v2\/product\/771710","targetHints":{"allow":["GET"]}}],"collection":[{"href":"https:\/\/roveyayinevi.com.tr\/index.php\/wp-json\/wp\/v2\/product"}],"about":[{"href":"https:\/\/roveyayinevi.com.tr\/index.php\/wp-json\/wp\/v2\/types\/product"}],"wp:attachment":[{"href":"https:\/\/roveyayinevi.com.tr\/index.php\/wp-json\/wp\/v2\/media?parent=771710"}],"wp:term":[{"taxonomy":"product_brand","embeddable":true,"href":"https:\/\/roveyayinevi.com.tr\/index.php\/wp-json\/wp\/v2\/product_brand?post=771710"},{"taxonomy":"product_cat","embeddable":true,"href":"https:\/\/roveyayinevi.com.tr\/index.php\/wp-json\/wp\/v2\/product_cat?post=771710"},{"taxonomy":"product_tag","embeddable":true,"href":"https:\/\/roveyayinevi.com.tr\/index.php\/wp-json\/wp\/v2\/product_tag?post=771710"}],"curies":[{"name":"wp","href":"https:\/\/api.w.org\/{rel}","templated":true}]}}