{"id":771704,"date":"2025-08-28T15:15:29","date_gmt":"2025-08-28T12:15:29","guid":{"rendered":"https:\/\/roveyayinevi.com.tr\/index.php\/urun\/ezoterizm-ve-batinilik\/"},"modified":"2026-04-15T03:38:12","modified_gmt":"2026-04-15T00:38:12","slug":"ezoterizm-ve-batinilik","status":"publish","type":"product","link":"https:\/\/roveyayinevi.com.tr\/index.php\/urun\/ezoterizm-ve-batinilik\/","title":{"rendered":"Ezoterizm ve Bat\u0131nilik"},"content":{"rendered":"<p>Bir konudaki derin bilgilerin ve s\u0131rlar\u0131n ehil olmayanlardan gizlenerek, bir \u00fcstat taraf\u0131ndan sadece ehil olanlara inisiyasyon yoluyla \u00f6\u011fretildi\u011fi Ezoterizm, bilinenin aksine bir din veya bir inan\u00e7 sistemi de\u011fildir.Ezoterizm, bilgilerin ve g\u00f6rg\u00fclerin kapal\u0131 bir topluluk i\u00e7inde ve a\u015famal\u0131 olarak verildi\u011fi \u00e7al\u0131\u015fma ve \u00f6\u011freti sistemidir. As\u0131l ger\u00e7eklerin, anlayabilecek yetenek ve bilgide olan ki\u015filere aktar\u0131labilece\u011fi g\u00f6r\u00fc\u015f\u00fc ezoterik sistemin \u00f6z\u00fcd\u00fcr.B\u00e2t\u0131ni d\u00fc\u015f\u00fcnce sistemi ise temelde zahir-bat\u0131n ay\u0131r\u0131m\u0131na dayan\u0131r ve bu ay\u0131r\u0131m\u0131n merkezinde Allah&#8217;\u0131n evrendeki her \u015feyi \u00e7ift y\u00f6nl\u00fc olarak yaratt\u0131\u011f\u0131 kabul\u00fc yer almakta ve buna Kur&#8217;an&#8217;dan &#8220;\u0130bret alas\u0131n\u0131z diye her \u015feyi \u00e7ift \u00e7ift yaratm\u0131\u015f\u0131zd\u0131r&#8221; (Kur&#8217;\u00e2n, Zariyat, 49) ayeti delil g\u00f6sterilmektedir. Varl\u0131k evrenini t\u00fcm\u00fcyle ku\u015fatan bu \u00e7ift boyutluluk, zahir-bat\u0131n \u015feklinde tecelli eder.Bu kitapta, T\u00fcrk\u00e7eye &#8220;i\u00e7rek, i\u00e7te kalan, i\u00e7teki&#8221; olarak \u00e7evrilen, gizli \u00f6\u011freticilik olan bilinen Ezoterizm ve B\u00e2t\u0131nili\u011fin esaslar\u0131n\u0131, s\u0131n\u0131rl\u0131 say\u0131daki m\u00fcride k\u0131sa ve net olarak anlat\u0131ld\u0131\u011f\u0131 \u00f6\u011fretileri a\u00e7\u0131k ve sade \u00fcslupla okuyacaks\u0131n\u0131z.<\/p>\n","protected":false},"excerpt":{"rendered":"<p>Bir konudaki derin bilgilerin ve s\u0131rlar\u0131n ehil olmayanlardan gizlenerek, bir \u00fcstat taraf\u0131ndan sadece ehil olanlara inisiyasyon yoluyla \u00f6\u011fretildi\u011fi Ezoterizm, bilinenin aksine bir din veya bir inan\u00e7<span class=\"excerpt-hellip\"> [\u2026]<\/span><\/p>\n","protected":false},"featured_media":0,"template":"","meta":{"_monsterinsights_skip_tracking":false,"_monsterinsights_sitenote_active":false,"_monsterinsights_sitenote_note":"","_monsterinsights_sitenote_category":0},"product_brand":[],"product_cat":[20351,12388],"product_tag":[],"class_list":{"0":"post-771704","1":"product","2":"type-product","3":"status-publish","5":"product_cat-dusunce","6":"product_cat-felsefe","7":"pa_cilt-ciltsiz","8":"pa_tur-kitap","9":"pa_yayinevi-eftalya-kitap","10":"pa_yazar-kolektif","12":"first","13":"instock","14":"sale","15":"shipping-taxable","16":"purchasable","17":"product-type-simple"},"_links":{"self":[{"href":"https:\/\/roveyayinevi.com.tr\/index.php\/wp-json\/wp\/v2\/product\/771704","targetHints":{"allow":["GET"]}}],"collection":[{"href":"https:\/\/roveyayinevi.com.tr\/index.php\/wp-json\/wp\/v2\/product"}],"about":[{"href":"https:\/\/roveyayinevi.com.tr\/index.php\/wp-json\/wp\/v2\/types\/product"}],"wp:attachment":[{"href":"https:\/\/roveyayinevi.com.tr\/index.php\/wp-json\/wp\/v2\/media?parent=771704"}],"wp:term":[{"taxonomy":"product_brand","embeddable":true,"href":"https:\/\/roveyayinevi.com.tr\/index.php\/wp-json\/wp\/v2\/product_brand?post=771704"},{"taxonomy":"product_cat","embeddable":true,"href":"https:\/\/roveyayinevi.com.tr\/index.php\/wp-json\/wp\/v2\/product_cat?post=771704"},{"taxonomy":"product_tag","embeddable":true,"href":"https:\/\/roveyayinevi.com.tr\/index.php\/wp-json\/wp\/v2\/product_tag?post=771704"}],"curies":[{"name":"wp","href":"https:\/\/api.w.org\/{rel}","templated":true}]}}