{"id":771697,"date":"2025-08-28T15:15:17","date_gmt":"2025-08-28T12:15:17","guid":{"rendered":"https:\/\/roveyayinevi.com.tr\/index.php\/urun\/osman-sungur-yeken-3-kitap-kutulu\/"},"modified":"2026-04-15T03:38:12","modified_gmt":"2026-04-15T00:38:12","slug":"osman-sungur-yeken-3-kitap-kutulu","status":"publish","type":"product","link":"https:\/\/roveyayinevi.com.tr\/index.php\/urun\/osman-sungur-yeken-3-kitap-kutulu\/","title":{"rendered":"Osman Sungur Yeken (3.Kitap Kutulu)"},"content":{"rendered":"<p>Ne g\u00fczel duad\u0131r: \u2018\u2019En hay\u0131rl\u0131 insanlara \u00e7\u0131ks\u0131n gitti\u011fin b\u00fct\u00fcn yollar!\u2019\u2019 Sabret! Allah ge\u00e7iktiriyorsa g\u00fczelle\u015ftiriyordur\u2026 \u00c7ekti\u011fin zahmet g\u00fcn gelir rahmete d\u00f6n\u00fc\u015f\u00fcr. Sabret! \u2022    K\u0131smetse Olur  \u2022    Ya Nasip  \u2022    Hadi \u0130n\u015fallah<\/p>\n","protected":false},"excerpt":{"rendered":"<p>Ne g\u00fczel duad\u0131r: \u2018\u2019En hay\u0131rl\u0131 insanlara \u00e7\u0131ks\u0131n gitti\u011fin b\u00fct\u00fcn yollar!\u2019\u2019 Sabret! Allah ge\u00e7iktiriyorsa g\u00fczelle\u015ftiriyordur\u2026 \u00c7ekti\u011fin zahmet g\u00fcn gelir rahmete d\u00f6n\u00fc\u015f\u00fcr. Sabret! \u2022 K\u0131smetse Olur \u2022 Ya<span class=\"excerpt-hellip\"> [\u2026]<\/span><\/p>\n","protected":false},"featured_media":0,"template":"","meta":{"_monsterinsights_skip_tracking":false,"_monsterinsights_sitenote_active":false,"_monsterinsights_sitenote_note":"","_monsterinsights_sitenote_category":0},"product_brand":[],"product_cat":[12364,12376],"product_tag":[],"class_list":{"0":"post-771697","1":"product","2":"type-product","3":"status-publish","5":"product_cat-genel-konular","6":"product_cat-kisisel-gelisim","7":"pa_cilt-ciltsiz","8":"pa_tur-kitap","9":"pa_yayinevi-yediveren-yayinlari","10":"pa_yazar-osman-sungur-yeken","12":"first","13":"instock","14":"sale","15":"shipping-taxable","16":"purchasable","17":"product-type-simple"},"_links":{"self":[{"href":"https:\/\/roveyayinevi.com.tr\/index.php\/wp-json\/wp\/v2\/product\/771697","targetHints":{"allow":["GET"]}}],"collection":[{"href":"https:\/\/roveyayinevi.com.tr\/index.php\/wp-json\/wp\/v2\/product"}],"about":[{"href":"https:\/\/roveyayinevi.com.tr\/index.php\/wp-json\/wp\/v2\/types\/product"}],"wp:attachment":[{"href":"https:\/\/roveyayinevi.com.tr\/index.php\/wp-json\/wp\/v2\/media?parent=771697"}],"wp:term":[{"taxonomy":"product_brand","embeddable":true,"href":"https:\/\/roveyayinevi.com.tr\/index.php\/wp-json\/wp\/v2\/product_brand?post=771697"},{"taxonomy":"product_cat","embeddable":true,"href":"https:\/\/roveyayinevi.com.tr\/index.php\/wp-json\/wp\/v2\/product_cat?post=771697"},{"taxonomy":"product_tag","embeddable":true,"href":"https:\/\/roveyayinevi.com.tr\/index.php\/wp-json\/wp\/v2\/product_tag?post=771697"}],"curies":[{"name":"wp","href":"https:\/\/api.w.org\/{rel}","templated":true}]}}